{"id":337,"date":"2021-06-29T11:21:33","date_gmt":"2021-06-29T09:21:33","guid":{"rendered":"https:\/\/www.diocese-limoges.fr\/creuse\/?post_type=evenement&#038;p=337"},"modified":"2021-06-29T11:21:33","modified_gmt":"2021-06-29T09:21:33","slug":"pelerinage-notre-dame-des-miracles","status":"publish","type":"evenement","link":"https:\/\/www.diocese-limoges.fr\/creuse\/agenda\/pelerinage-notre-dame-des-miracles\/","title":{"rendered":"P\u00e8lerinage Notre Dame des Miracles"},"content":{"rendered":"\n<p><strong>Rejoignez-nous pour le P\u00e8lerinage de Notre Dame des Miracles le 17 juillet \u00e0 15h \u00e0 Mailhac Sur Benaize<\/strong><\/p>\n\n\n\n<figure class=\"wp-block-image size-large is-resized\"><img loading=\"lazy\" decoding=\"async\" src=\"https:\/\/www.diocese-limoges.fr\/creuse\/wp-content\/uploads\/sites\/3\/2021\/06\/pel-mailhac-2-1024x768.jpg\" alt=\"\" class=\"wp-image-338\" width=\"512\" height=\"384\" srcset=\"https:\/\/www.diocese-limoges.fr\/creuse\/wp-content\/uploads\/sites\/3\/2021\/06\/pel-mailhac-2-1024x768.jpg 1024w, https:\/\/www.diocese-limoges.fr\/creuse\/wp-content\/uploads\/sites\/3\/2021\/06\/pel-mailhac-2-300x225.jpg 300w, https:\/\/www.diocese-limoges.fr\/creuse\/wp-content\/uploads\/sites\/3\/2021\/06\/pel-mailhac-2-768x576.jpg 768w, https:\/\/www.diocese-limoges.fr\/creuse\/wp-content\/uploads\/sites\/3\/2021\/06\/pel-mailhac-2-1536x1152.jpg 1536w, https:\/\/www.diocese-limoges.fr\/creuse\/wp-content\/uploads\/sites\/3\/2021\/06\/pel-mailhac-2.jpg 2048w\" sizes=\"auto, (max-width: 512px) 100vw, 512px\" \/><\/figure>\n","protected":false},"author":43,"featured_media":338,"template":"","meta":{"_acf_changed":false},"class_list":["post-337","evenement","type-evenement","status-publish","has-post-thumbnail","hentry"],"acf":[],"yoast_head":"<!-- This site is optimized with the Yoast SEO plugin v26.4 - https:\/\/yoast.com\/wordpress\/plugins\/seo\/ -->\n<title>P\u00e8lerinage Notre Dame des Miracles - Doyenn\u00e9s de la Creuse<\/title>\n<meta name=\"robots\" content=\"index, follow, max-snippet:-1, max-image-preview:large, max-video-preview:-1\" \/>\n<link rel=\"canonical\" href=\"https:\/\/www.diocese-limoges.fr\/creuse\/agenda\/pelerinage-notre-dame-des-miracles\/\" \/>\n<meta property=\"og:locale\" content=\"fr_FR\" \/>\n<meta property=\"og:type\" content=\"article\" \/>\n<meta property=\"og:title\" content=\"P\u00e8lerinage Notre Dame des Miracles - Doyenn\u00e9s de la Creuse\" \/>\n<meta property=\"og:description\" content=\"Rejoignez-nous pour le P\u00e8lerinage de Notre Dame des Miracles le 17 juillet \u00e0 15h \u00e0 Mailhac Sur Benaize\" \/>\n<meta property=\"og:url\" content=\"https:\/\/www.diocese-limoges.fr\/creuse\/agenda\/pelerinage-notre-dame-des-miracles\/\" \/>\n<meta property=\"og:site_name\" content=\"Doyenn\u00e9s de la Creuse\" \/>\n<meta property=\"og:image\" content=\"https:\/\/www.diocese-limoges.fr\/creuse\/wp-content\/uploads\/sites\/3\/2021\/06\/pel-mailhac-2.jpg\" \/>\n\t<meta property=\"og:image:width\" content=\"2048\" \/>\n\t<meta property=\"og:image:height\" content=\"1536\" \/>\n\t<meta property=\"og:image:type\" content=\"image\/jpeg\" \/>\n<meta name=\"twitter:card\" content=\"summary_large_image\" \/>\n<meta name=\"twitter:label1\" content=\"Dur\u00e9e de lecture estim\u00e9e\" \/>\n\t<meta name=\"twitter:data1\" content=\"1 minute\" \/>\n<script type=\"application\/ld+json\" class=\"yoast-schema-graph\">{\"@context\":\"https:\/\/schema.org\",\"@graph\":[{\"@type\":\"WebPage\",\"@id\":\"https:\/\/www.diocese-limoges.fr\/creuse\/agenda\/pelerinage-notre-dame-des-miracles\/\",\"url\":\"https:\/\/www.diocese-limoges.fr\/creuse\/agenda\/pelerinage-notre-dame-des-miracles\/\",\"name\":\"P\u00e8lerinage Notre Dame des Miracles - Doyenn\u00e9s de la Creuse\",\"isPartOf\":{\"@id\":\"https:\/\/www.diocese-limoges.fr\/creuse\/#website\"},\"primaryImageOfPage\":{\"@id\":\"https:\/\/www.diocese-limoges.fr\/creuse\/agenda\/pelerinage-notre-dame-des-miracles\/#primaryimage\"},\"image\":{\"@id\":\"https:\/\/www.diocese-limoges.fr\/creuse\/agenda\/pelerinage-notre-dame-des-miracles\/#primaryimage\"},\"thumbnailUrl\":\"https:\/\/www.diocese-limoges.fr\/creuse\/wp-content\/uploads\/sites\/3\/2021\/06\/pel-mailhac-2.jpg\",\"datePublished\":\"2021-06-29T09:21:33+00:00\",\"breadcrumb\":{\"@id\":\"https:\/\/www.diocese-limoges.fr\/creuse\/agenda\/pelerinage-notre-dame-des-miracles\/#breadcrumb\"},\"inLanguage\":\"fr-FR\",\"potentialAction\":[{\"@type\":\"ReadAction\",\"target\":[\"https:\/\/www.diocese-limoges.fr\/creuse\/agenda\/pelerinage-notre-dame-des-miracles\/\"]}]},{\"@type\":\"ImageObject\",\"inLanguage\":\"fr-FR\",\"@id\":\"https:\/\/www.diocese-limoges.fr\/creuse\/agenda\/pelerinage-notre-dame-des-miracles\/#primaryimage\",\"url\":\"https:\/\/www.diocese-limoges.fr\/creuse\/wp-content\/uploads\/sites\/3\/2021\/06\/pel-mailhac-2.jpg\",\"contentUrl\":\"https:\/\/www.diocese-limoges.fr\/creuse\/wp-content\/uploads\/sites\/3\/2021\/06\/pel-mailhac-2.jpg\",\"width\":2048,\"height\":1536,\"caption\":\"MINOLTA DIGITAL CAMERA\"},{\"@type\":\"BreadcrumbList\",\"@id\":\"https:\/\/www.diocese-limoges.fr\/creuse\/agenda\/pelerinage-notre-dame-des-miracles\/#breadcrumb\",\"itemListElement\":[{\"@type\":\"ListItem\",\"position\":1,\"name\":\"Accueil\",\"item\":\"https:\/\/www.diocese-limoges.fr\/creuse\/\"},{\"@type\":\"ListItem\",\"position\":2,\"name\":\"P\u00e8lerinage Notre Dame des Miracles\"}]},{\"@type\":\"WebSite\",\"@id\":\"https:\/\/www.diocese-limoges.fr\/creuse\/#website\",\"url\":\"https:\/\/www.diocese-limoges.fr\/creuse\/\",\"name\":\"Doyenn\u00e9s de la Creuse\",\"description\":\"Dioc\u00e8se de Limoges\",\"potentialAction\":[{\"@type\":\"SearchAction\",\"target\":{\"@type\":\"EntryPoint\",\"urlTemplate\":\"https:\/\/www.diocese-limoges.fr\/creuse\/?s={search_term_string}\"},\"query-input\":{\"@type\":\"PropertyValueSpecification\",\"valueRequired\":true,\"valueName\":\"search_term_string\"}}],\"inLanguage\":\"fr-FR\"}]}<\/script>\n<!-- \/ Yoast SEO plugin. -->","yoast_head_json":{"title":"P\u00e8lerinage Notre Dame des Miracles - Doyenn\u00e9s de la Creuse","robots":{"index":"index","follow":"follow","max-snippet":"max-snippet:-1","max-image-preview":"max-image-preview:large","max-video-preview":"max-video-preview:-1"},"canonical":"https:\/\/www.diocese-limoges.fr\/creuse\/agenda\/pelerinage-notre-dame-des-miracles\/","og_locale":"fr_FR","og_type":"article","og_title":"P\u00e8lerinage Notre Dame des Miracles - Doyenn\u00e9s de la Creuse","og_description":"Rejoignez-nous pour le P\u00e8lerinage de Notre Dame des Miracles le 17 juillet \u00e0 15h \u00e0 Mailhac Sur Benaize","og_url":"https:\/\/www.diocese-limoges.fr\/creuse\/agenda\/pelerinage-notre-dame-des-miracles\/","og_site_name":"Doyenn\u00e9s de la Creuse","og_image":[{"width":2048,"height":1536,"url":"https:\/\/www.diocese-limoges.fr\/creuse\/wp-content\/uploads\/sites\/3\/2021\/06\/pel-mailhac-2.jpg","type":"image\/jpeg"}],"twitter_card":"summary_large_image","twitter_misc":{"Dur\u00e9e de lecture estim\u00e9e":"1 minute"},"schema":{"@context":"https:\/\/schema.org","@graph":[{"@type":"WebPage","@id":"https:\/\/www.diocese-limoges.fr\/creuse\/agenda\/pelerinage-notre-dame-des-miracles\/","url":"https:\/\/www.diocese-limoges.fr\/creuse\/agenda\/pelerinage-notre-dame-des-miracles\/","name":"P\u00e8lerinage Notre Dame des Miracles - Doyenn\u00e9s de la Creuse","isPartOf":{"@id":"https:\/\/www.diocese-limoges.fr\/creuse\/#website"},"primaryImageOfPage":{"@id":"https:\/\/www.diocese-limoges.fr\/creuse\/agenda\/pelerinage-notre-dame-des-miracles\/#primaryimage"},"image":{"@id":"https:\/\/www.diocese-limoges.fr\/creuse\/agenda\/pelerinage-notre-dame-des-miracles\/#primaryimage"},"thumbnailUrl":"https:\/\/www.diocese-limoges.fr\/creuse\/wp-content\/uploads\/sites\/3\/2021\/06\/pel-mailhac-2.jpg","datePublished":"2021-06-29T09:21:33+00:00","breadcrumb":{"@id":"https:\/\/www.diocese-limoges.fr\/creuse\/agenda\/pelerinage-notre-dame-des-miracles\/#breadcrumb"},"inLanguage":"fr-FR","potentialAction":[{"@type":"ReadAction","target":["https:\/\/www.diocese-limoges.fr\/creuse\/agenda\/pelerinage-notre-dame-des-miracles\/"]}]},{"@type":"ImageObject","inLanguage":"fr-FR","@id":"https:\/\/www.diocese-limoges.fr\/creuse\/agenda\/pelerinage-notre-dame-des-miracles\/#primaryimage","url":"https:\/\/www.diocese-limoges.fr\/creuse\/wp-content\/uploads\/sites\/3\/2021\/06\/pel-mailhac-2.jpg","contentUrl":"https:\/\/www.diocese-limoges.fr\/creuse\/wp-content\/uploads\/sites\/3\/2021\/06\/pel-mailhac-2.jpg","width":2048,"height":1536,"caption":"MINOLTA DIGITAL CAMERA"},{"@type":"BreadcrumbList","@id":"https:\/\/www.diocese-limoges.fr\/creuse\/agenda\/pelerinage-notre-dame-des-miracles\/#breadcrumb","itemListElement":[{"@type":"ListItem","position":1,"name":"Accueil","item":"https:\/\/www.diocese-limoges.fr\/creuse\/"},{"@type":"ListItem","position":2,"name":"P\u00e8lerinage Notre Dame des Miracles"}]},{"@type":"WebSite","@id":"https:\/\/www.diocese-limoges.fr\/creuse\/#website","url":"https:\/\/www.diocese-limoges.fr\/creuse\/","name":"Doyenn\u00e9s de la Creuse","description":"Dioc\u00e8se de Limoges","potentialAction":[{"@type":"SearchAction","target":{"@type":"EntryPoint","urlTemplate":"https:\/\/www.diocese-limoges.fr\/creuse\/?s={search_term_string}"},"query-input":{"@type":"PropertyValueSpecification","valueRequired":true,"valueName":"search_term_string"}}],"inLanguage":"fr-FR"}]}},"_links":{"self":[{"href":"https:\/\/www.diocese-limoges.fr\/creuse\/wp-json\/wp\/v2\/evenement\/337","targetHints":{"allow":["GET"]}}],"collection":[{"href":"https:\/\/www.diocese-limoges.fr\/creuse\/wp-json\/wp\/v2\/evenement"}],"about":[{"href":"https:\/\/www.diocese-limoges.fr\/creuse\/wp-json\/wp\/v2\/types\/evenement"}],"author":[{"embeddable":true,"href":"https:\/\/www.diocese-limoges.fr\/creuse\/wp-json\/wp\/v2\/users\/43"}],"wp:featuredmedia":[{"embeddable":true,"href":"https:\/\/www.diocese-limoges.fr\/creuse\/wp-json\/wp\/v2\/media\/338"}],"wp:attachment":[{"href":"https:\/\/www.diocese-limoges.fr\/creuse\/wp-json\/wp\/v2\/media?parent=337"}],"curies":[{"name":"wp","href":"https:\/\/api.w.org\/{rel}","templated":true}]}}

Pèlerinage Notre Dame des Miracles

<p><strong>Rejoignez-nous pour le Pèlerinage de Notre Dame des Miracles le 17 juillet à 15h à Mailhac Sur Benaize</strong></p>



<figure class="wp-block-image size-large is-resized"><img loading="lazy" decoding="async" src="https://www.diocese-limoges.fr/creuse/wp-content/uploads/sites/3/2021/06/pel-mailhac-2-1024x768.jpg" alt="" class="wp-image-338" width="512" height="384" srcset="https://www.diocese-limoges.fr/creuse/wp-content/uploads/sites/3/2021/06/pel-mailhac-2-1024x768.jpg 1024w, https://www.diocese-limoges.fr/creuse/wp-content/uploads/sites/3/2021/06/pel-mailhac-2-300x225.jpg 300w, https://www.diocese-limoges.fr/creuse/wp-content/uploads/sites/3/2021/06/pel-mailhac-2-768x576.jpg 768w, https://www.diocese-limoges.fr/creuse/wp-content/uploads/sites/3/2021/06/pel-mailhac-2-1536x1152.jpg 1536w, https://www.diocese-limoges.fr/creuse/wp-content/uploads/sites/3/2021/06/pel-mailhac-2.jpg 2048w" sizes="auto, (max-width: 512px) 100vw, 512px" /></figure>

<!-- This site is optimized with the Yoast SEO plugin v26.4 - https://yoast.com/wordpress/plugins/seo/ -->
<title>Pèlerinage Notre Dame des Miracles - Doyennés de la Creuse</title>
<meta name="robots" content="index, follow, max-snippet:-1, max-image-preview:large, max-video-preview:-1" />
<link rel="canonical" href="https://www.diocese-limoges.fr/creuse/agenda/pelerinage-notre-dame-des-miracles/" />
<meta property="og:locale" content="fr_FR" />
<meta property="og:type" content="article" />
<meta property="og:title" content="Pèlerinage Notre Dame des Miracles - Doyennés de la Creuse" />
<meta property="og:description" content="Rejoignez-nous pour le Pèlerinage de Notre Dame des Miracles le 17 juillet à 15h à Mailhac Sur Benaize" />
<meta property="og:url" content="https://www.diocese-limoges.fr/creuse/agenda/pelerinage-notre-dame-des-miracles/" />
<meta property="og:site_name" content="Doyennés de la Creuse" />
<meta property="og:image" content="https://www.diocese-limoges.fr/creuse/wp-content/uploads/sites/3/2021/06/pel-mailhac-2.jpg" />
	<meta property="og:image:width" content="2048" />
	<meta property="og:image:height" content="1536" />
	<meta property="og:image:type" content="image/jpeg" />
<meta name="twitter:card" content="summary_large_image" />
<meta name="twitter:label1" content="Durée de lecture estimée" />
	<meta name="twitter:data1" content="1 minute" />
<script type="application/ld+json" class="yoast-schema-graph">{"@context":"https://schema.org","@graph":[{"@type":"WebPage","@id":"https://www.diocese-limoges.fr/creuse/agenda/pelerinage-notre-dame-des-miracles/","url":"https://www.diocese-limoges.fr/creuse/agenda/pelerinage-notre-dame-des-miracles/","name":"Pèlerinage Notre Dame des Miracles - Doyennés de la Creuse","isPartOf":{"@id":"https://www.diocese-limoges.fr/creuse/#website"},"primaryImageOfPage":{"@id":"https://www.diocese-limoges.fr/creuse/agenda/pelerinage-notre-dame-des-miracles/#primaryimage"},"image":{"@id":"https://www.diocese-limoges.fr/creuse/agenda/pelerinage-notre-dame-des-miracles/#primaryimage"},"thumbnailUrl":"https://www.diocese-limoges.fr/creuse/wp-content/uploads/sites/3/2021/06/pel-mailhac-2.jpg","datePublished":"2021-06-29T09:21:33+00:00","breadcrumb":{"@id":"https://www.diocese-limoges.fr/creuse/agenda/pelerinage-notre-dame-des-miracles/#breadcrumb"},"inLanguage":"fr-FR","potentialAction":[{"@type":"ReadAction","target":["https://www.diocese-limoges.fr/creuse/agenda/pelerinage-notre-dame-des-miracles/"]}]},{"@type":"ImageObject","inLanguage":"fr-FR","@id":"https://www.diocese-limoges.fr/creuse/agenda/pelerinage-notre-dame-des-miracles/#primaryimage","url":"https://www.diocese-limoges.fr/creuse/wp-content/uploads/sites/3/2021/06/pel-mailhac-2.jpg","contentUrl":"https://www.diocese-limoges.fr/creuse/wp-content/uploads/sites/3/2021/06/pel-mailhac-2.jpg","width":2048,"height":1536,"caption":"MINOLTA DIGITAL CAMERA"},{"@type":"BreadcrumbList","@id":"https://www.diocese-limoges.fr/creuse/agenda/pelerinage-notre-dame-des-miracles/#breadcrumb","itemListElement":[{"@type":"ListItem","position":1,"name":"Accueil","item":"https://www.diocese-limoges.fr/creuse/"},{"@type":"ListItem","position":2,"name":"Pèlerinage Notre Dame des Miracles"}]},{"@type":"WebSite","@id":"https://www.diocese-limoges.fr/creuse/#website","url":"https://www.diocese-limoges.fr/creuse/","name":"Doyennés de la Creuse","description":"Diocèse de Limoges","potentialAction":[{"@type":"SearchAction","target":{"@type":"EntryPoint","urlTemplate":"https://www.diocese-limoges.fr/creuse/?s={search_term_string}"},"query-input":{"@type":"PropertyValueSpecification","valueRequired":true,"valueName":"search_term_string"}}],"inLanguage":"fr-FR"}]}</script>
<!-- / Yoast SEO plugin. -->

Pèlerinage Notre Dame des Miracles - Doyennés de la Creuse

Rejoignez-nous pour le Pèlerinage de Notre Dame des Miracles le 17 juillet à 15h à Mailhac Sur Benaize

Doyennés de la Creuse

Diocèse de Limoges
