{"id":18,"date":"2020-01-16T17:27:41","date_gmt":"2020-01-16T16:27:41","guid":{"rendered":"https:\/\/www.diocese-limoges.fr\/creuse\/?post_type=paroisse&#038;p=18"},"modified":"2020-01-16T17:27:43","modified_gmt":"2020-01-16T16:27:43","slug":"services-et-mouvements-principaux","status":"publish","type":"paroisse","link":"https:\/\/www.diocese-limoges.fr\/creuse\/paroisses\/paroisse-notre-dame-de-haute-marche\/services-et-mouvements-principaux\/","title":{"rendered":"Services et mouvements principaux"},"content":{"rendered":"\n<p><strong>Bapt\u00eames<\/strong><\/p>\n\n\n\n<p>-Inscriptions et d\u00e9marches administratives<\/p>\n\n\n\n<p>-Pr\u00e9paration: r\u00e9union tous les 1ers vendredi du mois au presbyt\u00e8re de Felletin<\/p>\n\n\n\n<p><strong>S\u2019adresser \u00e0 la maison paroissiale de Felletin ( 05 55 66 41 70)<\/strong><\/p>\n\n\n\n<p><strong>Mariages<\/strong><\/p>\n\n\n\n<p>-Inscription et dossier administratif<\/p>\n\n\n\n<p>-Des pr\u00e9parations organis\u00e9es par le doyenn\u00e9<\/p>\n\n\n\n<p><strong>S\u2019adresser au secr\u00e9tariat du doyenn\u00e9 \u00e0 Gouzon ou \u00e0 Elisabeth BLOUIN (05 55 82 84 33)<\/strong><\/p>\n\n\n\n<p><strong>Accompagnement des familles en deuil<\/strong><\/p>\n\n\n\n<p>Vous \u00eates touch\u00e9s par un deuil: faites la d\u00e9marche aupr\u00e8s des pompes fun\u00e8bres qui prendront contact avec la paroisse<\/p>\n\n\n\n<p><strong>Cat\u00e9chisme<\/strong><\/p>\n\n\n\n<p>-Eveil \u00e0 la foi pour les 2 \u00e0 7 ans<\/p>\n\n\n\n<p><strong>S\u2019adresser \u00e0 Anne-C\u00e9line DOUEZY (06 21 18 30 08)<\/strong><\/p>\n\n\n\n<p>-Proposition de la foi pour les jeunes du CE2 au CM2<\/p>\n\n\n\n<p><strong>S\u2019adresser \u00e0 Marie-Annick ROULET (06 28 42 59 85)<\/strong><\/p>\n\n\n\n<p><strong>Aum\u00f4nerie<\/strong><\/p>\n\n\n\n<p>-Proposition de la foi pour les jeunes de la 6\u00e8me \u00e0 la terminale<\/p>\n\n\n\n<p>-Pr\u00e9paration \u00e0 la confirmation des jeunes<\/p>\n\n\n\n<p><strong>S\u2019adresser \u00e0 Sr Emany ASIMBA (06 37 44 21 63)<\/strong><\/p>\n\n\n\n<p><strong>Service \u00e9vang\u00e9lique des malades<\/strong><\/p>\n\n\n\n<p>Aider les personnes souffrantes \u00e0 avoir une place dans la communaut\u00e9 humaine et paroissiale<\/p>\n\n\n\n<p><strong>S\u2019adresser \u00e0 Sr Aline (05 55 66 14 79)<\/strong><\/p>\n\n\n\n<p><strong>Fraternit\u00e9 chr\u00e9tienne des personnes malades et handicap\u00e9es<\/strong><\/p>\n\n\n\n<p>A pour objectif de rejoindre les personnes malades et handicap\u00e9es, jeunes et adultes, l\u00e0 o\u00f9 elles vivent.<\/p>\n\n\n\n<p><strong>S\u2019adresser \u00e0 Pascale MONDON (05 55 66 16 05)<\/strong><\/p>\n\n\n\n<p><strong>Secours catholique<\/strong><\/p>\n\n\n\n<p>Est attentif aux probl\u00e8mes de pauvret\u00e9 et d\u2019exclusion de tous les publics et cherche \u00e0 promouvoir la justice sociale.<\/p>\n\n\n\n<p><strong>S\u2019adresser \u00e0 Jacques MAYNADIE (05 55 66 14 85)<\/strong><\/p>\n","protected":false},"author":1,"featured_media":0,"parent":16,"menu_order":22,"template":"","meta":{"_acf_changed":false},"class_list":["post-18","paroisse","type-paroisse","status-publish","hentry"],"acf":[],"yoast_head":"<!-- This site is optimized with the Yoast SEO plugin v26.4 - https:\/\/yoast.com\/wordpress\/plugins\/seo\/ -->\n<title>Services et mouvements principaux - Doyenn\u00e9s de la Creuse<\/title>\n<meta name=\"robots\" content=\"index, follow, max-snippet:-1, max-image-preview:large, max-video-preview:-1\" \/>\n<link rel=\"canonical\" href=\"https:\/\/www.diocese-limoges.fr\/creuse\/paroisses\/paroisse-notre-dame-de-haute-marche\/services-et-mouvements-principaux\/\" \/>\n<meta property=\"og:locale\" content=\"fr_FR\" \/>\n<meta property=\"og:type\" content=\"article\" \/>\n<meta property=\"og:title\" content=\"Services et mouvements principaux - Doyenn\u00e9s de la Creuse\" \/>\n<meta property=\"og:description\" content=\"Bapt\u00eames -Inscriptions et d\u00e9marches administratives -Pr\u00e9paration: r\u00e9union tous les 1ers vendredi du mois au presbyt\u00e8re de Felletin S\u2019adresser \u00e0 la maison paroissiale de Felletin ( 05 55 66 41 70) Mariages -Inscription et dossier administratif -Des pr\u00e9parations organis\u00e9es par le doyenn\u00e9 S\u2019adresser au secr\u00e9tariat du doyenn\u00e9 \u00e0 Gouzon ou \u00e0 Elisabeth BLOUIN (05 55 82 [&hellip;]\" \/>\n<meta property=\"og:url\" content=\"https:\/\/www.diocese-limoges.fr\/creuse\/paroisses\/paroisse-notre-dame-de-haute-marche\/services-et-mouvements-principaux\/\" \/>\n<meta property=\"og:site_name\" content=\"Doyenn\u00e9s de la Creuse\" \/>\n<meta property=\"article:modified_time\" content=\"2020-01-16T16:27:43+00:00\" \/>\n<meta name=\"twitter:card\" content=\"summary_large_image\" \/>\n<meta name=\"twitter:label1\" content=\"Dur\u00e9e de lecture estim\u00e9e\" \/>\n\t<meta name=\"twitter:data1\" content=\"1 minute\" \/>\n<script type=\"application\/ld+json\" class=\"yoast-schema-graph\">{\"@context\":\"https:\/\/schema.org\",\"@graph\":[{\"@type\":\"WebPage\",\"@id\":\"https:\/\/www.diocese-limoges.fr\/creuse\/paroisses\/paroisse-notre-dame-de-haute-marche\/services-et-mouvements-principaux\/\",\"url\":\"https:\/\/www.diocese-limoges.fr\/creuse\/paroisses\/paroisse-notre-dame-de-haute-marche\/services-et-mouvements-principaux\/\",\"name\":\"Services et mouvements principaux - Doyenn\u00e9s de la Creuse\",\"isPartOf\":{\"@id\":\"https:\/\/www.diocese-limoges.fr\/creuse\/#website\"},\"datePublished\":\"2020-01-16T16:27:41+00:00\",\"dateModified\":\"2020-01-16T16:27:43+00:00\",\"breadcrumb\":{\"@id\":\"https:\/\/www.diocese-limoges.fr\/creuse\/paroisses\/paroisse-notre-dame-de-haute-marche\/services-et-mouvements-principaux\/#breadcrumb\"},\"inLanguage\":\"fr-FR\",\"potentialAction\":[{\"@type\":\"ReadAction\",\"target\":[\"https:\/\/www.diocese-limoges.fr\/creuse\/paroisses\/paroisse-notre-dame-de-haute-marche\/services-et-mouvements-principaux\/\"]}]},{\"@type\":\"BreadcrumbList\",\"@id\":\"https:\/\/www.diocese-limoges.fr\/creuse\/paroisses\/paroisse-notre-dame-de-haute-marche\/services-et-mouvements-principaux\/#breadcrumb\",\"itemListElement\":[{\"@type\":\"ListItem\",\"position\":1,\"name\":\"Accueil\",\"item\":\"https:\/\/www.diocese-limoges.fr\/creuse\/\"},{\"@type\":\"ListItem\",\"position\":2,\"name\":\"Paroisse Notre-Dame-de-Haute-Marche\",\"item\":\"https:\/\/www.diocese-limoges.fr\/creuse\/paroisses\/paroisse-notre-dame-de-haute-marche\/\"},{\"@type\":\"ListItem\",\"position\":3,\"name\":\"Services et mouvements principaux\"}]},{\"@type\":\"WebSite\",\"@id\":\"https:\/\/www.diocese-limoges.fr\/creuse\/#website\",\"url\":\"https:\/\/www.diocese-limoges.fr\/creuse\/\",\"name\":\"Doyenn\u00e9s de la Creuse\",\"description\":\"Dioc\u00e8se de Limoges\",\"potentialAction\":[{\"@type\":\"SearchAction\",\"target\":{\"@type\":\"EntryPoint\",\"urlTemplate\":\"https:\/\/www.diocese-limoges.fr\/creuse\/?s={search_term_string}\"},\"query-input\":{\"@type\":\"PropertyValueSpecification\",\"valueRequired\":true,\"valueName\":\"search_term_string\"}}],\"inLanguage\":\"fr-FR\"}]}<\/script>\n<!-- \/ Yoast SEO plugin. -->","yoast_head_json":{"title":"Services et mouvements principaux - Doyenn\u00e9s de la Creuse","robots":{"index":"index","follow":"follow","max-snippet":"max-snippet:-1","max-image-preview":"max-image-preview:large","max-video-preview":"max-video-preview:-1"},"canonical":"https:\/\/www.diocese-limoges.fr\/creuse\/paroisses\/paroisse-notre-dame-de-haute-marche\/services-et-mouvements-principaux\/","og_locale":"fr_FR","og_type":"article","og_title":"Services et mouvements principaux - Doyenn\u00e9s de la Creuse","og_description":"Bapt\u00eames -Inscriptions et d\u00e9marches administratives -Pr\u00e9paration: r\u00e9union tous les 1ers vendredi du mois au presbyt\u00e8re de Felletin S\u2019adresser \u00e0 la maison paroissiale de Felletin ( 05 55 66 41 70) Mariages -Inscription et dossier administratif -Des pr\u00e9parations organis\u00e9es par le doyenn\u00e9 S\u2019adresser au secr\u00e9tariat du doyenn\u00e9 \u00e0 Gouzon ou \u00e0 Elisabeth BLOUIN (05 55 82 [&hellip;]","og_url":"https:\/\/www.diocese-limoges.fr\/creuse\/paroisses\/paroisse-notre-dame-de-haute-marche\/services-et-mouvements-principaux\/","og_site_name":"Doyenn\u00e9s de la Creuse","article_modified_time":"2020-01-16T16:27:43+00:00","twitter_card":"summary_large_image","twitter_misc":{"Dur\u00e9e de lecture estim\u00e9e":"1 minute"},"schema":{"@context":"https:\/\/schema.org","@graph":[{"@type":"WebPage","@id":"https:\/\/www.diocese-limoges.fr\/creuse\/paroisses\/paroisse-notre-dame-de-haute-marche\/services-et-mouvements-principaux\/","url":"https:\/\/www.diocese-limoges.fr\/creuse\/paroisses\/paroisse-notre-dame-de-haute-marche\/services-et-mouvements-principaux\/","name":"Services et mouvements principaux - Doyenn\u00e9s de la Creuse","isPartOf":{"@id":"https:\/\/www.diocese-limoges.fr\/creuse\/#website"},"datePublished":"2020-01-16T16:27:41+00:00","dateModified":"2020-01-16T16:27:43+00:00","breadcrumb":{"@id":"https:\/\/www.diocese-limoges.fr\/creuse\/paroisses\/paroisse-notre-dame-de-haute-marche\/services-et-mouvements-principaux\/#breadcrumb"},"inLanguage":"fr-FR","potentialAction":[{"@type":"ReadAction","target":["https:\/\/www.diocese-limoges.fr\/creuse\/paroisses\/paroisse-notre-dame-de-haute-marche\/services-et-mouvements-principaux\/"]}]},{"@type":"BreadcrumbList","@id":"https:\/\/www.diocese-limoges.fr\/creuse\/paroisses\/paroisse-notre-dame-de-haute-marche\/services-et-mouvements-principaux\/#breadcrumb","itemListElement":[{"@type":"ListItem","position":1,"name":"Accueil","item":"https:\/\/www.diocese-limoges.fr\/creuse\/"},{"@type":"ListItem","position":2,"name":"Paroisse Notre-Dame-de-Haute-Marche","item":"https:\/\/www.diocese-limoges.fr\/creuse\/paroisses\/paroisse-notre-dame-de-haute-marche\/"},{"@type":"ListItem","position":3,"name":"Services et mouvements principaux"}]},{"@type":"WebSite","@id":"https:\/\/www.diocese-limoges.fr\/creuse\/#website","url":"https:\/\/www.diocese-limoges.fr\/creuse\/","name":"Doyenn\u00e9s de la Creuse","description":"Dioc\u00e8se de Limoges","potentialAction":[{"@type":"SearchAction","target":{"@type":"EntryPoint","urlTemplate":"https:\/\/www.diocese-limoges.fr\/creuse\/?s={search_term_string}"},"query-input":{"@type":"PropertyValueSpecification","valueRequired":true,"valueName":"search_term_string"}}],"inLanguage":"fr-FR"}]}},"_links":{"self":[{"href":"https:\/\/www.diocese-limoges.fr\/creuse\/wp-json\/wp\/v2\/paroisse\/18","targetHints":{"allow":["GET"]}}],"collection":[{"href":"https:\/\/www.diocese-limoges.fr\/creuse\/wp-json\/wp\/v2\/paroisse"}],"about":[{"href":"https:\/\/www.diocese-limoges.fr\/creuse\/wp-json\/wp\/v2\/types\/paroisse"}],"author":[{"embeddable":true,"href":"https:\/\/www.diocese-limoges.fr\/creuse\/wp-json\/wp\/v2\/users\/1"}],"up":[{"embeddable":true,"href":"https:\/\/www.diocese-limoges.fr\/creuse\/wp-json\/wp\/v2\/paroisse\/16"}],"wp:attachment":[{"href":"https:\/\/www.diocese-limoges.fr\/creuse\/wp-json\/wp\/v2\/media?parent=18"}],"curies":[{"name":"wp","href":"https:\/\/api.w.org\/{rel}","templated":true}]}}

<p><strong>Baptêmes</strong></p>



<p>-Inscriptions et démarches administratives</p>



<p>-Préparation: réunion tous les 1ers vendredi du mois au presbytère de Felletin</p>



<p><strong>S’adresser à la maison paroissiale de Felletin ( 05 55 66 41 70)</strong></p>



<p><strong>Mariages</strong></p>



<p>-Inscription et dossier administratif</p>



<p>-Des préparations organisées par le doyenné</p>



<p><strong>S’adresser au secrétariat du doyenné à Gouzon ou à Elisabeth BLOUIN (05 55 82 84 33)</strong></p>



<p><strong>Accompagnement des familles en deuil</strong></p>



<p>Vous êtes touchés par un deuil: faites la démarche auprès des pompes funèbres qui prendront contact avec la paroisse</p>



<p><strong>Catéchisme</strong></p>



<p>-Eveil à la foi pour les 2 à 7 ans</p>



<p><strong>S’adresser à Anne-Céline DOUEZY (06 21 18 30 08)</strong></p>



<p>-Proposition de la foi pour les jeunes du CE2 au CM2</p>



<p><strong>S’adresser à Marie-Annick ROULET (06 28 42 59 85)</strong></p>



<p><strong>Aumônerie</strong></p>



<p>-Proposition de la foi pour les jeunes de la 6ème à la terminale</p>



<p>-Préparation à la confirmation des jeunes</p>



<p><strong>S’adresser à Sr Emany ASIMBA (06 37 44 21 63)</strong></p>



<p><strong>Service évangélique des malades</strong></p>



<p>Aider les personnes souffrantes à avoir une place dans la communauté humaine et paroissiale</p>



<p><strong>S’adresser à Sr Aline (05 55 66 14 79)</strong></p>



<p><strong>Fraternité chrétienne des personnes malades et handicapées</strong></p>



<p>A pour objectif de rejoindre les personnes malades et handicapées, jeunes et adultes, là où elles vivent.</p>



<p><strong>S’adresser à Pascale MONDON (05 55 66 16 05)</strong></p>



<p><strong>Secours catholique</strong></p>



<p>Est attentif aux problèmes de pauvreté et d’exclusion de tous les publics et cherche à promouvoir la justice sociale.</p>



<p><strong>S’adresser à Jacques MAYNADIE (05 55 66 14 85)</strong></p>

<!-- This site is optimized with the Yoast SEO plugin v26.4 - https://yoast.com/wordpress/plugins/seo/ -->
<title>Services et mouvements principaux - Doyennés de la Creuse</title>
<meta name="robots" content="index, follow, max-snippet:-1, max-image-preview:large, max-video-preview:-1" />
<link rel="canonical" href="https://www.diocese-limoges.fr/creuse/paroisses/paroisse-notre-dame-de-haute-marche/services-et-mouvements-principaux/" />
<meta property="og:locale" content="fr_FR" />
<meta property="og:type" content="article" />
<meta property="og:title" content="Services et mouvements principaux - Doyennés de la Creuse" />
<meta property="og:description" content="Baptêmes -Inscriptions et démarches administratives -Préparation: réunion tous les 1ers vendredi du mois au presbytère de Felletin S’adresser à la maison paroissiale de Felletin ( 05 55 66 41 70) Mariages -Inscription et dossier administratif -Des préparations organisées par le doyenné S’adresser au secrétariat du doyenné à Gouzon ou à Elisabeth BLOUIN (05 55 82 [&hellip;]" />
<meta property="og:url" content="https://www.diocese-limoges.fr/creuse/paroisses/paroisse-notre-dame-de-haute-marche/services-et-mouvements-principaux/" />
<meta property="og:site_name" content="Doyennés de la Creuse" />
<meta property="article:modified_time" content="2020-01-16T16:27:43+00:00" />
<meta name="twitter:card" content="summary_large_image" />
<meta name="twitter:label1" content="Durée de lecture estimée" />
	<meta name="twitter:data1" content="1 minute" />
<script type="application/ld+json" class="yoast-schema-graph">{"@context":"https://schema.org","@graph":[{"@type":"WebPage","@id":"https://www.diocese-limoges.fr/creuse/paroisses/paroisse-notre-dame-de-haute-marche/services-et-mouvements-principaux/","url":"https://www.diocese-limoges.fr/creuse/paroisses/paroisse-notre-dame-de-haute-marche/services-et-mouvements-principaux/","name":"Services et mouvements principaux - Doyennés de la Creuse","isPartOf":{"@id":"https://www.diocese-limoges.fr/creuse/#website"},"datePublished":"2020-01-16T16:27:41+00:00","dateModified":"2020-01-16T16:27:43+00:00","breadcrumb":{"@id":"https://www.diocese-limoges.fr/creuse/paroisses/paroisse-notre-dame-de-haute-marche/services-et-mouvements-principaux/#breadcrumb"},"inLanguage":"fr-FR","potentialAction":[{"@type":"ReadAction","target":["https://www.diocese-limoges.fr/creuse/paroisses/paroisse-notre-dame-de-haute-marche/services-et-mouvements-principaux/"]}]},{"@type":"BreadcrumbList","@id":"https://www.diocese-limoges.fr/creuse/paroisses/paroisse-notre-dame-de-haute-marche/services-et-mouvements-principaux/#breadcrumb","itemListElement":[{"@type":"ListItem","position":1,"name":"Accueil","item":"https://www.diocese-limoges.fr/creuse/"},{"@type":"ListItem","position":2,"name":"Paroisse Notre-Dame-de-Haute-Marche","item":"https://www.diocese-limoges.fr/creuse/paroisses/paroisse-notre-dame-de-haute-marche/"},{"@type":"ListItem","position":3,"name":"Services et mouvements principaux"}]},{"@type":"WebSite","@id":"https://www.diocese-limoges.fr/creuse/#website","url":"https://www.diocese-limoges.fr/creuse/","name":"Doyennés de la Creuse","description":"Diocèse de Limoges","potentialAction":[{"@type":"SearchAction","target":{"@type":"EntryPoint","urlTemplate":"https://www.diocese-limoges.fr/creuse/?s={search_term_string}"},"query-input":{"@type":"PropertyValueSpecification","valueRequired":true,"valueName":"search_term_string"}}],"inLanguage":"fr-FR"}]}</script>
<!-- / Yoast SEO plugin. -->

Services et mouvements principaux - Doyennés de la Creuse

Baptêmes -Inscriptions et démarches administratives -Préparation: réunion tous les 1ers vendredi du mois au presbytère de Felletin S’adresser à la maison paroissiale de Felletin ( 05 55 66 41 70) Mariages -Inscription et dossier administratif -Des préparations organisées par le doyenné S’adresser au secrétariat du doyenné à Gouzon ou à Elisabeth BLOUIN (05 55 82 [&hellip;]

Doyennés de la Creuse

Diocèse de Limoges
