{"id":17202,"date":"2020-04-15T23:41:55","date_gmt":"2020-04-15T21:41:55","guid":{"rendered":"https:\/\/www.diocese-limoges.fr\/grand-limoges\/?post_type=paroisse&#038;p=17202"},"modified":"2023-10-05T22:43:52","modified_gmt":"2023-10-05T20:43:52","slug":"notre-paroisse","status":"publish","type":"paroisse","link":"https:\/\/www.diocese-limoges.fr\/grand-limoges\/paroisses\/saint-eloi-des-hauts-de-laurence\/notre-paroisse\/","title":{"rendered":"La vie de notre paroisse : \u00c9quipe pastorale, \u00c9quipes d&rsquo;animation de Relais, Conseil \u00e9conomique&#8230;"},"content":{"rendered":"\n<p>Jean-Michel BONNIN, Cur\u00e9 r\u00e9sidant au presbyt\u00e8re des saints-Anges<\/p>\n\n\n\n<p>Michel LAMY, auxiliaire r\u00e9sidant au presbyt\u00e8re de Couzeix<\/p>\n\n\n\n<p>Charlemagne SAWADOGO, auxiliaire<\/p>\n\n\n\n<p>Vincent JOMIER, auxiliaire<\/p>\n\n\n\n<p>Bienvenu WAPU, auxiliaire<\/p>\n\n\n\n<p>Jean-Pierre BLANCHARD, diacre permanent<\/p>\n","protected":false},"author":10,"featured_media":17214,"parent":60,"menu_order":122,"template":"","meta":{"_acf_changed":false},"class_list":["post-17202","paroisse","type-paroisse","status-publish","has-post-thumbnail","hentry"],"acf":[],"yoast_head":"<!-- This site is optimized with the Yoast SEO plugin v26.4 - https:\/\/yoast.com\/wordpress\/plugins\/seo\/ -->\n<title>La vie de notre paroisse : \u00c9quipe pastorale, \u00c9quipes d&#039;animation de Relais, Conseil \u00e9conomique... - Doyenn\u00e9s du Grand Limoges<\/title>\n<meta name=\"robots\" content=\"index, follow, max-snippet:-1, max-image-preview:large, max-video-preview:-1\" \/>\n<link rel=\"canonical\" href=\"https:\/\/www.diocese-limoges.fr\/grand-limoges\/paroisses\/saint-eloi-des-hauts-de-laurence\/notre-paroisse\/\" \/>\n<meta property=\"og:locale\" content=\"fr_FR\" \/>\n<meta property=\"og:type\" content=\"article\" \/>\n<meta property=\"og:title\" content=\"La vie de notre paroisse : \u00c9quipe pastorale, \u00c9quipes d&#039;animation de Relais, Conseil \u00e9conomique... - Doyenn\u00e9s du Grand Limoges\" \/>\n<meta property=\"og:description\" content=\"Jean-Michel BONNIN, Cur\u00e9 r\u00e9sidant au presbyt\u00e8re des saints-Anges Michel LAMY, auxiliaire r\u00e9sidant au presbyt\u00e8re de Couzeix Charlemagne SAWADOGO, auxiliaire Vincent JOMIER, auxiliaire Bienvenu WAPU, auxiliaire Jean-Pierre BLANCHARD, diacre permanent\" \/>\n<meta property=\"og:url\" content=\"https:\/\/www.diocese-limoges.fr\/grand-limoges\/paroisses\/saint-eloi-des-hauts-de-laurence\/notre-paroisse\/\" \/>\n<meta property=\"og:site_name\" content=\"Doyenn\u00e9s du Grand Limoges\" \/>\n<meta property=\"article:modified_time\" content=\"2023-10-05T20:43:52+00:00\" \/>\n<meta property=\"og:image\" content=\"https:\/\/www.diocese-limoges.fr\/grand-limoges\/wp-content\/uploads\/sites\/2\/2020\/04\/image1-3-e1695334438180.png\" \/>\n\t<meta property=\"og:image:width\" content=\"902\" \/>\n\t<meta property=\"og:image:height\" content=\"326\" \/>\n\t<meta property=\"og:image:type\" content=\"image\/png\" \/>\n<meta name=\"twitter:card\" content=\"summary_large_image\" \/>\n<meta name=\"twitter:label1\" content=\"Dur\u00e9e de lecture estim\u00e9e\" \/>\n\t<meta name=\"twitter:data1\" content=\"1 minute\" \/>\n<script type=\"application\/ld+json\" class=\"yoast-schema-graph\">{\"@context\":\"https:\/\/schema.org\",\"@graph\":[{\"@type\":\"WebPage\",\"@id\":\"https:\/\/www.diocese-limoges.fr\/grand-limoges\/paroisses\/saint-eloi-des-hauts-de-laurence\/notre-paroisse\/\",\"url\":\"https:\/\/www.diocese-limoges.fr\/grand-limoges\/paroisses\/saint-eloi-des-hauts-de-laurence\/notre-paroisse\/\",\"name\":\"La vie de notre paroisse : \u00c9quipe pastorale, \u00c9quipes d'animation de Relais, Conseil \u00e9conomique... - Doyenn\u00e9s du Grand Limoges\",\"isPartOf\":{\"@id\":\"https:\/\/www.diocese-limoges.fr\/grand-limoges\/#website\"},\"primaryImageOfPage\":{\"@id\":\"https:\/\/www.diocese-limoges.fr\/grand-limoges\/paroisses\/saint-eloi-des-hauts-de-laurence\/notre-paroisse\/#primaryimage\"},\"image\":{\"@id\":\"https:\/\/www.diocese-limoges.fr\/grand-limoges\/paroisses\/saint-eloi-des-hauts-de-laurence\/notre-paroisse\/#primaryimage\"},\"thumbnailUrl\":\"https:\/\/www.diocese-limoges.fr\/grand-limoges\/wp-content\/uploads\/sites\/2\/2020\/04\/image1-3-e1695334438180.png\",\"datePublished\":\"2020-04-15T21:41:55+00:00\",\"dateModified\":\"2023-10-05T20:43:52+00:00\",\"breadcrumb\":{\"@id\":\"https:\/\/www.diocese-limoges.fr\/grand-limoges\/paroisses\/saint-eloi-des-hauts-de-laurence\/notre-paroisse\/#breadcrumb\"},\"inLanguage\":\"fr-FR\",\"potentialAction\":[{\"@type\":\"ReadAction\",\"target\":[\"https:\/\/www.diocese-limoges.fr\/grand-limoges\/paroisses\/saint-eloi-des-hauts-de-laurence\/notre-paroisse\/\"]}]},{\"@type\":\"ImageObject\",\"inLanguage\":\"fr-FR\",\"@id\":\"https:\/\/www.diocese-limoges.fr\/grand-limoges\/paroisses\/saint-eloi-des-hauts-de-laurence\/notre-paroisse\/#primaryimage\",\"url\":\"https:\/\/www.diocese-limoges.fr\/grand-limoges\/wp-content\/uploads\/sites\/2\/2020\/04\/image1-3-e1695334438180.png\",\"contentUrl\":\"https:\/\/www.diocese-limoges.fr\/grand-limoges\/wp-content\/uploads\/sites\/2\/2020\/04\/image1-3-e1695334438180.png\",\"width\":902,\"height\":326},{\"@type\":\"BreadcrumbList\",\"@id\":\"https:\/\/www.diocese-limoges.fr\/grand-limoges\/paroisses\/saint-eloi-des-hauts-de-laurence\/notre-paroisse\/#breadcrumb\",\"itemListElement\":[{\"@type\":\"ListItem\",\"position\":1,\"name\":\"Accueil\",\"item\":\"https:\/\/www.diocese-limoges.fr\/grand-limoges\/\"},{\"@type\":\"ListItem\",\"position\":2,\"name\":\"Paroisse Saint-\u00c9loi-des-Hauts-de-l&rsquo;Aurence\",\"item\":\"https:\/\/www.diocese-limoges.fr\/grand-limoges\/paroisses\/saint-eloi-des-hauts-de-laurence\/\"},{\"@type\":\"ListItem\",\"position\":3,\"name\":\"La vie de notre paroisse : \u00c9quipe pastorale, \u00c9quipes d&rsquo;animation de Relais, Conseil \u00e9conomique&#8230;\"}]},{\"@type\":\"WebSite\",\"@id\":\"https:\/\/www.diocese-limoges.fr\/grand-limoges\/#website\",\"url\":\"https:\/\/www.diocese-limoges.fr\/grand-limoges\/\",\"name\":\"Doyenn\u00e9s du Grand Limoges\",\"description\":\"Dioc\u00e8se de Limoges\",\"potentialAction\":[{\"@type\":\"SearchAction\",\"target\":{\"@type\":\"EntryPoint\",\"urlTemplate\":\"https:\/\/www.diocese-limoges.fr\/grand-limoges\/?s={search_term_string}\"},\"query-input\":{\"@type\":\"PropertyValueSpecification\",\"valueRequired\":true,\"valueName\":\"search_term_string\"}}],\"inLanguage\":\"fr-FR\"}]}<\/script>\n<!-- \/ Yoast SEO plugin. -->","yoast_head_json":{"title":"La vie de notre paroisse : \u00c9quipe pastorale, \u00c9quipes d'animation de Relais, Conseil \u00e9conomique... - Doyenn\u00e9s du Grand Limoges","robots":{"index":"index","follow":"follow","max-snippet":"max-snippet:-1","max-image-preview":"max-image-preview:large","max-video-preview":"max-video-preview:-1"},"canonical":"https:\/\/www.diocese-limoges.fr\/grand-limoges\/paroisses\/saint-eloi-des-hauts-de-laurence\/notre-paroisse\/","og_locale":"fr_FR","og_type":"article","og_title":"La vie de notre paroisse : \u00c9quipe pastorale, \u00c9quipes d'animation de Relais, Conseil \u00e9conomique... - Doyenn\u00e9s du Grand Limoges","og_description":"Jean-Michel BONNIN, Cur\u00e9 r\u00e9sidant au presbyt\u00e8re des saints-Anges Michel LAMY, auxiliaire r\u00e9sidant au presbyt\u00e8re de Couzeix Charlemagne SAWADOGO, auxiliaire Vincent JOMIER, auxiliaire Bienvenu WAPU, auxiliaire Jean-Pierre BLANCHARD, diacre permanent","og_url":"https:\/\/www.diocese-limoges.fr\/grand-limoges\/paroisses\/saint-eloi-des-hauts-de-laurence\/notre-paroisse\/","og_site_name":"Doyenn\u00e9s du Grand Limoges","article_modified_time":"2023-10-05T20:43:52+00:00","og_image":[{"width":902,"height":326,"url":"https:\/\/www.diocese-limoges.fr\/grand-limoges\/wp-content\/uploads\/sites\/2\/2020\/04\/image1-3-e1695334438180.png","type":"image\/png"}],"twitter_card":"summary_large_image","twitter_misc":{"Dur\u00e9e de lecture estim\u00e9e":"1 minute"},"schema":{"@context":"https:\/\/schema.org","@graph":[{"@type":"WebPage","@id":"https:\/\/www.diocese-limoges.fr\/grand-limoges\/paroisses\/saint-eloi-des-hauts-de-laurence\/notre-paroisse\/","url":"https:\/\/www.diocese-limoges.fr\/grand-limoges\/paroisses\/saint-eloi-des-hauts-de-laurence\/notre-paroisse\/","name":"La vie de notre paroisse : \u00c9quipe pastorale, \u00c9quipes d'animation de Relais, Conseil \u00e9conomique... - Doyenn\u00e9s du Grand Limoges","isPartOf":{"@id":"https:\/\/www.diocese-limoges.fr\/grand-limoges\/#website"},"primaryImageOfPage":{"@id":"https:\/\/www.diocese-limoges.fr\/grand-limoges\/paroisses\/saint-eloi-des-hauts-de-laurence\/notre-paroisse\/#primaryimage"},"image":{"@id":"https:\/\/www.diocese-limoges.fr\/grand-limoges\/paroisses\/saint-eloi-des-hauts-de-laurence\/notre-paroisse\/#primaryimage"},"thumbnailUrl":"https:\/\/www.diocese-limoges.fr\/grand-limoges\/wp-content\/uploads\/sites\/2\/2020\/04\/image1-3-e1695334438180.png","datePublished":"2020-04-15T21:41:55+00:00","dateModified":"2023-10-05T20:43:52+00:00","breadcrumb":{"@id":"https:\/\/www.diocese-limoges.fr\/grand-limoges\/paroisses\/saint-eloi-des-hauts-de-laurence\/notre-paroisse\/#breadcrumb"},"inLanguage":"fr-FR","potentialAction":[{"@type":"ReadAction","target":["https:\/\/www.diocese-limoges.fr\/grand-limoges\/paroisses\/saint-eloi-des-hauts-de-laurence\/notre-paroisse\/"]}]},{"@type":"ImageObject","inLanguage":"fr-FR","@id":"https:\/\/www.diocese-limoges.fr\/grand-limoges\/paroisses\/saint-eloi-des-hauts-de-laurence\/notre-paroisse\/#primaryimage","url":"https:\/\/www.diocese-limoges.fr\/grand-limoges\/wp-content\/uploads\/sites\/2\/2020\/04\/image1-3-e1695334438180.png","contentUrl":"https:\/\/www.diocese-limoges.fr\/grand-limoges\/wp-content\/uploads\/sites\/2\/2020\/04\/image1-3-e1695334438180.png","width":902,"height":326},{"@type":"BreadcrumbList","@id":"https:\/\/www.diocese-limoges.fr\/grand-limoges\/paroisses\/saint-eloi-des-hauts-de-laurence\/notre-paroisse\/#breadcrumb","itemListElement":[{"@type":"ListItem","position":1,"name":"Accueil","item":"https:\/\/www.diocese-limoges.fr\/grand-limoges\/"},{"@type":"ListItem","position":2,"name":"Paroisse Saint-\u00c9loi-des-Hauts-de-l&rsquo;Aurence","item":"https:\/\/www.diocese-limoges.fr\/grand-limoges\/paroisses\/saint-eloi-des-hauts-de-laurence\/"},{"@type":"ListItem","position":3,"name":"La vie de notre paroisse : \u00c9quipe pastorale, \u00c9quipes d&rsquo;animation de Relais, Conseil \u00e9conomique&#8230;"}]},{"@type":"WebSite","@id":"https:\/\/www.diocese-limoges.fr\/grand-limoges\/#website","url":"https:\/\/www.diocese-limoges.fr\/grand-limoges\/","name":"Doyenn\u00e9s du Grand Limoges","description":"Dioc\u00e8se de Limoges","potentialAction":[{"@type":"SearchAction","target":{"@type":"EntryPoint","urlTemplate":"https:\/\/www.diocese-limoges.fr\/grand-limoges\/?s={search_term_string}"},"query-input":{"@type":"PropertyValueSpecification","valueRequired":true,"valueName":"search_term_string"}}],"inLanguage":"fr-FR"}]}},"_links":{"self":[{"href":"https:\/\/www.diocese-limoges.fr\/grand-limoges\/wp-json\/wp\/v2\/paroisse\/17202","targetHints":{"allow":["GET"]}}],"collection":[{"href":"https:\/\/www.diocese-limoges.fr\/grand-limoges\/wp-json\/wp\/v2\/paroisse"}],"about":[{"href":"https:\/\/www.diocese-limoges.fr\/grand-limoges\/wp-json\/wp\/v2\/types\/paroisse"}],"author":[{"embeddable":true,"href":"https:\/\/www.diocese-limoges.fr\/grand-limoges\/wp-json\/wp\/v2\/users\/10"}],"up":[{"embeddable":true,"href":"https:\/\/www.diocese-limoges.fr\/grand-limoges\/wp-json\/wp\/v2\/paroisse\/60"}],"wp:featuredmedia":[{"embeddable":true,"href":"https:\/\/www.diocese-limoges.fr\/grand-limoges\/wp-json\/wp\/v2\/media\/17214"}],"wp:attachment":[{"href":"https:\/\/www.diocese-limoges.fr\/grand-limoges\/wp-json\/wp\/v2\/media?parent=17202"}],"curies":[{"name":"wp","href":"https:\/\/api.w.org\/{rel}","templated":true}]}}

La vie de notre paroisse : Équipe pastorale, Équipes d&rsquo;animation de Relais, Conseil économique&#8230;

<p>Jean-Michel BONNIN, Curé résidant au presbytère des saints-Anges</p>



<p>Michel LAMY, auxiliaire résidant au presbytère de Couzeix</p>



<p>Charlemagne SAWADOGO, auxiliaire</p>



<p>Vincent JOMIER, auxiliaire</p>



<p>Bienvenu WAPU, auxiliaire</p>



<p>Jean-Pierre BLANCHARD, diacre permanent</p>

<!-- This site is optimized with the Yoast SEO plugin v26.4 - https://yoast.com/wordpress/plugins/seo/ -->
<title>La vie de notre paroisse : Équipe pastorale, Équipes d&#039;animation de Relais, Conseil économique... - Doyennés du Grand Limoges</title>
<meta name="robots" content="index, follow, max-snippet:-1, max-image-preview:large, max-video-preview:-1" />
<link rel="canonical" href="https://www.diocese-limoges.fr/grand-limoges/paroisses/saint-eloi-des-hauts-de-laurence/notre-paroisse/" />
<meta property="og:locale" content="fr_FR" />
<meta property="og:type" content="article" />
<meta property="og:title" content="La vie de notre paroisse : Équipe pastorale, Équipes d&#039;animation de Relais, Conseil économique... - Doyennés du Grand Limoges" />
<meta property="og:description" content="Jean-Michel BONNIN, Curé résidant au presbytère des saints-Anges Michel LAMY, auxiliaire résidant au presbytère de Couzeix Charlemagne SAWADOGO, auxiliaire Vincent JOMIER, auxiliaire Bienvenu WAPU, auxiliaire Jean-Pierre BLANCHARD, diacre permanent" />
<meta property="og:url" content="https://www.diocese-limoges.fr/grand-limoges/paroisses/saint-eloi-des-hauts-de-laurence/notre-paroisse/" />
<meta property="og:site_name" content="Doyennés du Grand Limoges" />
<meta property="article:modified_time" content="2023-10-05T20:43:52+00:00" />
<meta property="og:image" content="https://www.diocese-limoges.fr/grand-limoges/wp-content/uploads/sites/2/2020/04/image1-3-e1695334438180.png" />
	<meta property="og:image:width" content="902" />
	<meta property="og:image:height" content="326" />
	<meta property="og:image:type" content="image/png" />
<meta name="twitter:card" content="summary_large_image" />
<meta name="twitter:label1" content="Durée de lecture estimée" />
	<meta name="twitter:data1" content="1 minute" />
<script type="application/ld+json" class="yoast-schema-graph">{"@context":"https://schema.org","@graph":[{"@type":"WebPage","@id":"https://www.diocese-limoges.fr/grand-limoges/paroisses/saint-eloi-des-hauts-de-laurence/notre-paroisse/","url":"https://www.diocese-limoges.fr/grand-limoges/paroisses/saint-eloi-des-hauts-de-laurence/notre-paroisse/","name":"La vie de notre paroisse : Équipe pastorale, Équipes d'animation de Relais, Conseil économique... - Doyennés du Grand Limoges","isPartOf":{"@id":"https://www.diocese-limoges.fr/grand-limoges/#website"},"primaryImageOfPage":{"@id":"https://www.diocese-limoges.fr/grand-limoges/paroisses/saint-eloi-des-hauts-de-laurence/notre-paroisse/#primaryimage"},"image":{"@id":"https://www.diocese-limoges.fr/grand-limoges/paroisses/saint-eloi-des-hauts-de-laurence/notre-paroisse/#primaryimage"},"thumbnailUrl":"https://www.diocese-limoges.fr/grand-limoges/wp-content/uploads/sites/2/2020/04/image1-3-e1695334438180.png","datePublished":"2020-04-15T21:41:55+00:00","dateModified":"2023-10-05T20:43:52+00:00","breadcrumb":{"@id":"https://www.diocese-limoges.fr/grand-limoges/paroisses/saint-eloi-des-hauts-de-laurence/notre-paroisse/#breadcrumb"},"inLanguage":"fr-FR","potentialAction":[{"@type":"ReadAction","target":["https://www.diocese-limoges.fr/grand-limoges/paroisses/saint-eloi-des-hauts-de-laurence/notre-paroisse/"]}]},{"@type":"ImageObject","inLanguage":"fr-FR","@id":"https://www.diocese-limoges.fr/grand-limoges/paroisses/saint-eloi-des-hauts-de-laurence/notre-paroisse/#primaryimage","url":"https://www.diocese-limoges.fr/grand-limoges/wp-content/uploads/sites/2/2020/04/image1-3-e1695334438180.png","contentUrl":"https://www.diocese-limoges.fr/grand-limoges/wp-content/uploads/sites/2/2020/04/image1-3-e1695334438180.png","width":902,"height":326},{"@type":"BreadcrumbList","@id":"https://www.diocese-limoges.fr/grand-limoges/paroisses/saint-eloi-des-hauts-de-laurence/notre-paroisse/#breadcrumb","itemListElement":[{"@type":"ListItem","position":1,"name":"Accueil","item":"https://www.diocese-limoges.fr/grand-limoges/"},{"@type":"ListItem","position":2,"name":"Paroisse Saint-Éloi-des-Hauts-de-l&rsquo;Aurence","item":"https://www.diocese-limoges.fr/grand-limoges/paroisses/saint-eloi-des-hauts-de-laurence/"},{"@type":"ListItem","position":3,"name":"La vie de notre paroisse : Équipe pastorale, Équipes d&rsquo;animation de Relais, Conseil économique&#8230;"}]},{"@type":"WebSite","@id":"https://www.diocese-limoges.fr/grand-limoges/#website","url":"https://www.diocese-limoges.fr/grand-limoges/","name":"Doyennés du Grand Limoges","description":"Diocèse de Limoges","potentialAction":[{"@type":"SearchAction","target":{"@type":"EntryPoint","urlTemplate":"https://www.diocese-limoges.fr/grand-limoges/?s={search_term_string}"},"query-input":{"@type":"PropertyValueSpecification","valueRequired":true,"valueName":"search_term_string"}}],"inLanguage":"fr-FR"}]}</script>
<!-- / Yoast SEO plugin. -->

La vie de notre paroisse : Équipe pastorale, Équipes d'animation de Relais, Conseil économique... - Doyennés du Grand Limoges

Jean-Michel BONNIN, Curé résidant au presbytère des saints-Anges Michel LAMY, auxiliaire résidant au presbytère de Couzeix Charlemagne SAWADOGO, auxiliaire Vincent JOMIER, auxiliaire Bienvenu WAPU, auxiliaire Jean-Pierre BLANCHARD, diacre permanent

Doyennés du Grand Limoges

Paroisse Saint-Éloi-des-Hauts-de-l&rsquo;Aurence

Diocèse de Limoges
