{"id":17208,"date":"2020-04-16T01:03:56","date_gmt":"2020-04-15T23:03:56","guid":{"rendered":"https:\/\/www.diocese-limoges.fr\/grand-limoges\/?post_type=paroisse&#038;p=17208"},"modified":"2023-09-22T00:23:39","modified_gmt":"2023-09-21T22:23:39","slug":"le-conseil-economique","status":"publish","type":"paroisse","link":"https:\/\/www.diocese-limoges.fr\/grand-limoges\/paroisses\/saint-eloi-des-hauts-de-laurence\/notre-paroisse\/le-conseil-economique\/","title":{"rendered":"Le Conseil \u00e9conomique"},"content":{"rendered":"\n<p>Le Conseil \u00e9conomique, pr\u00e9sid\u00e9 par le Cur\u00e9, est anim\u00e9 par l&rsquo;un de ses membres. Il collecte et g\u00e8re les ressources  de la paroisse et \u00e9tablit le budget selon les orientations choisies. Il veille \u00e0 la bonne gestion du patrimoine. Il d\u00e9veloppe les ressources n\u00e9cessaires \u00e0 la mission pastorale de la paroisse et du dioc\u00e8se. Il cultive l&rsquo;esprit de solidarit\u00e9 entre les communaut\u00e9s et avec les plus pauvres. Repr\u00e9sent\u00e9 au Conseil pastoral, il r\u00e9fl\u00e9chit aux incidences \u00e9conomiques des choix pastoraux.<\/p>\n\n\n\n<p>La dur\u00e9e du mandat est de cinq ans renouvelable. l&rsquo;activit\u00e9 des conseillers est enti\u00e8rement b\u00e9n\u00e9vole.<\/p>\n\n\n\n<p>Le Conseil \u00e9conomique de notre paroisse, pr\u00e9sid\u00e9 par l&rsquo;abb\u00e9 Jean-Michel BONNIN, cur\u00e9 de la paroisse,  est anim\u00e9  par  monsieur Michel PEURICHARD.<\/p>\n\n\n\n<p>Il est compos\u00e9 de Mich\u00e8le BALAIRE et Eliane GIRY (relais Sainte-Th\u00e9r\u00e8se),  Claude GOURSAUD  (relais Couzeix-Chaptelat), Emmanuel TARDIF et  Christiane VIGNERON (relais des Saints-Anges) <\/p>\n\n\n\n<p><\/p>\n","protected":false},"author":10,"featured_media":17209,"parent":17202,"menu_order":131,"template":"","meta":{"_acf_changed":false},"class_list":["post-17208","paroisse","type-paroisse","status-publish","has-post-thumbnail","hentry"],"acf":[],"yoast_head":"<!-- This site is optimized with the Yoast SEO plugin v26.4 - https:\/\/yoast.com\/wordpress\/plugins\/seo\/ -->\n<title>Le Conseil \u00e9conomique - Doyenn\u00e9s du Grand Limoges<\/title>\n<meta name=\"robots\" content=\"index, follow, max-snippet:-1, max-image-preview:large, max-video-preview:-1\" \/>\n<link rel=\"canonical\" href=\"https:\/\/www.diocese-limoges.fr\/grand-limoges\/paroisses\/saint-eloi-des-hauts-de-laurence\/notre-paroisse\/le-conseil-economique\/\" \/>\n<meta property=\"og:locale\" content=\"fr_FR\" \/>\n<meta property=\"og:type\" content=\"article\" \/>\n<meta property=\"og:title\" content=\"Le Conseil \u00e9conomique - Doyenn\u00e9s du Grand Limoges\" \/>\n<meta property=\"og:description\" content=\"Le Conseil \u00e9conomique, pr\u00e9sid\u00e9 par le Cur\u00e9, est anim\u00e9 par l&rsquo;un de ses membres. Il collecte et g\u00e8re les ressources de la paroisse et \u00e9tablit le budget selon les orientations choisies. Il veille \u00e0 la bonne gestion du patrimoine. Il d\u00e9veloppe les ressources n\u00e9cessaires \u00e0 la mission pastorale de la paroisse et du dioc\u00e8se. Il [&hellip;]\" \/>\n<meta property=\"og:url\" content=\"https:\/\/www.diocese-limoges.fr\/grand-limoges\/paroisses\/saint-eloi-des-hauts-de-laurence\/notre-paroisse\/le-conseil-economique\/\" \/>\n<meta property=\"og:site_name\" content=\"Doyenn\u00e9s du Grand Limoges\" \/>\n<meta property=\"article:modified_time\" content=\"2023-09-21T22:23:39+00:00\" \/>\n<meta property=\"og:image\" content=\"https:\/\/www.diocese-limoges.fr\/grand-limoges\/wp-content\/uploads\/sites\/2\/2020\/04\/conseil-economique-copie.png\" \/>\n\t<meta property=\"og:image:width\" content=\"990\" \/>\n\t<meta property=\"og:image:height\" content=\"573\" \/>\n\t<meta property=\"og:image:type\" content=\"image\/png\" \/>\n<meta name=\"twitter:card\" content=\"summary_large_image\" \/>\n<meta name=\"twitter:label1\" content=\"Dur\u00e9e de lecture estim\u00e9e\" \/>\n\t<meta name=\"twitter:data1\" content=\"1 minute\" \/>\n<script type=\"application\/ld+json\" class=\"yoast-schema-graph\">{\"@context\":\"https:\/\/schema.org\",\"@graph\":[{\"@type\":\"WebPage\",\"@id\":\"https:\/\/www.diocese-limoges.fr\/grand-limoges\/paroisses\/saint-eloi-des-hauts-de-laurence\/notre-paroisse\/le-conseil-economique\/\",\"url\":\"https:\/\/www.diocese-limoges.fr\/grand-limoges\/paroisses\/saint-eloi-des-hauts-de-laurence\/notre-paroisse\/le-conseil-economique\/\",\"name\":\"Le Conseil \u00e9conomique - Doyenn\u00e9s du Grand Limoges\",\"isPartOf\":{\"@id\":\"https:\/\/www.diocese-limoges.fr\/grand-limoges\/#website\"},\"primaryImageOfPage\":{\"@id\":\"https:\/\/www.diocese-limoges.fr\/grand-limoges\/paroisses\/saint-eloi-des-hauts-de-laurence\/notre-paroisse\/le-conseil-economique\/#primaryimage\"},\"image\":{\"@id\":\"https:\/\/www.diocese-limoges.fr\/grand-limoges\/paroisses\/saint-eloi-des-hauts-de-laurence\/notre-paroisse\/le-conseil-economique\/#primaryimage\"},\"thumbnailUrl\":\"https:\/\/www.diocese-limoges.fr\/grand-limoges\/wp-content\/uploads\/sites\/2\/2020\/04\/conseil-economique-copie.png\",\"datePublished\":\"2020-04-15T23:03:56+00:00\",\"dateModified\":\"2023-09-21T22:23:39+00:00\",\"breadcrumb\":{\"@id\":\"https:\/\/www.diocese-limoges.fr\/grand-limoges\/paroisses\/saint-eloi-des-hauts-de-laurence\/notre-paroisse\/le-conseil-economique\/#breadcrumb\"},\"inLanguage\":\"fr-FR\",\"potentialAction\":[{\"@type\":\"ReadAction\",\"target\":[\"https:\/\/www.diocese-limoges.fr\/grand-limoges\/paroisses\/saint-eloi-des-hauts-de-laurence\/notre-paroisse\/le-conseil-economique\/\"]}]},{\"@type\":\"ImageObject\",\"inLanguage\":\"fr-FR\",\"@id\":\"https:\/\/www.diocese-limoges.fr\/grand-limoges\/paroisses\/saint-eloi-des-hauts-de-laurence\/notre-paroisse\/le-conseil-economique\/#primaryimage\",\"url\":\"https:\/\/www.diocese-limoges.fr\/grand-limoges\/wp-content\/uploads\/sites\/2\/2020\/04\/conseil-economique-copie.png\",\"contentUrl\":\"https:\/\/www.diocese-limoges.fr\/grand-limoges\/wp-content\/uploads\/sites\/2\/2020\/04\/conseil-economique-copie.png\",\"width\":990,\"height\":573},{\"@type\":\"BreadcrumbList\",\"@id\":\"https:\/\/www.diocese-limoges.fr\/grand-limoges\/paroisses\/saint-eloi-des-hauts-de-laurence\/notre-paroisse\/le-conseil-economique\/#breadcrumb\",\"itemListElement\":[{\"@type\":\"ListItem\",\"position\":1,\"name\":\"Accueil\",\"item\":\"https:\/\/www.diocese-limoges.fr\/grand-limoges\/\"},{\"@type\":\"ListItem\",\"position\":2,\"name\":\"Paroisse Saint-\u00c9loi-des-Hauts-de-l&rsquo;Aurence\",\"item\":\"https:\/\/www.diocese-limoges.fr\/grand-limoges\/paroisses\/saint-eloi-des-hauts-de-laurence\/\"},{\"@type\":\"ListItem\",\"position\":3,\"name\":\"La vie de notre paroisse : \u00c9quipe pastorale, \u00c9quipes d&rsquo;animation de Relais, Conseil \u00e9conomique&#8230;\",\"item\":\"https:\/\/www.diocese-limoges.fr\/grand-limoges\/paroisses\/saint-eloi-des-hauts-de-laurence\/notre-paroisse\/\"},{\"@type\":\"ListItem\",\"position\":4,\"name\":\"Le Conseil \u00e9conomique\"}]},{\"@type\":\"WebSite\",\"@id\":\"https:\/\/www.diocese-limoges.fr\/grand-limoges\/#website\",\"url\":\"https:\/\/www.diocese-limoges.fr\/grand-limoges\/\",\"name\":\"Doyenn\u00e9s du Grand Limoges\",\"description\":\"Dioc\u00e8se de Limoges\",\"potentialAction\":[{\"@type\":\"SearchAction\",\"target\":{\"@type\":\"EntryPoint\",\"urlTemplate\":\"https:\/\/www.diocese-limoges.fr\/grand-limoges\/?s={search_term_string}\"},\"query-input\":{\"@type\":\"PropertyValueSpecification\",\"valueRequired\":true,\"valueName\":\"search_term_string\"}}],\"inLanguage\":\"fr-FR\"}]}<\/script>\n<!-- \/ Yoast SEO plugin. -->","yoast_head_json":{"title":"Le Conseil \u00e9conomique - Doyenn\u00e9s du Grand Limoges","robots":{"index":"index","follow":"follow","max-snippet":"max-snippet:-1","max-image-preview":"max-image-preview:large","max-video-preview":"max-video-preview:-1"},"canonical":"https:\/\/www.diocese-limoges.fr\/grand-limoges\/paroisses\/saint-eloi-des-hauts-de-laurence\/notre-paroisse\/le-conseil-economique\/","og_locale":"fr_FR","og_type":"article","og_title":"Le Conseil \u00e9conomique - Doyenn\u00e9s du Grand Limoges","og_description":"Le Conseil \u00e9conomique, pr\u00e9sid\u00e9 par le Cur\u00e9, est anim\u00e9 par l&rsquo;un de ses membres. Il collecte et g\u00e8re les ressources de la paroisse et \u00e9tablit le budget selon les orientations choisies. Il veille \u00e0 la bonne gestion du patrimoine. Il d\u00e9veloppe les ressources n\u00e9cessaires \u00e0 la mission pastorale de la paroisse et du dioc\u00e8se. Il [&hellip;]","og_url":"https:\/\/www.diocese-limoges.fr\/grand-limoges\/paroisses\/saint-eloi-des-hauts-de-laurence\/notre-paroisse\/le-conseil-economique\/","og_site_name":"Doyenn\u00e9s du Grand Limoges","article_modified_time":"2023-09-21T22:23:39+00:00","og_image":[{"width":990,"height":573,"url":"https:\/\/www.diocese-limoges.fr\/grand-limoges\/wp-content\/uploads\/sites\/2\/2020\/04\/conseil-economique-copie.png","type":"image\/png"}],"twitter_card":"summary_large_image","twitter_misc":{"Dur\u00e9e de lecture estim\u00e9e":"1 minute"},"schema":{"@context":"https:\/\/schema.org","@graph":[{"@type":"WebPage","@id":"https:\/\/www.diocese-limoges.fr\/grand-limoges\/paroisses\/saint-eloi-des-hauts-de-laurence\/notre-paroisse\/le-conseil-economique\/","url":"https:\/\/www.diocese-limoges.fr\/grand-limoges\/paroisses\/saint-eloi-des-hauts-de-laurence\/notre-paroisse\/le-conseil-economique\/","name":"Le Conseil \u00e9conomique - Doyenn\u00e9s du Grand Limoges","isPartOf":{"@id":"https:\/\/www.diocese-limoges.fr\/grand-limoges\/#website"},"primaryImageOfPage":{"@id":"https:\/\/www.diocese-limoges.fr\/grand-limoges\/paroisses\/saint-eloi-des-hauts-de-laurence\/notre-paroisse\/le-conseil-economique\/#primaryimage"},"image":{"@id":"https:\/\/www.diocese-limoges.fr\/grand-limoges\/paroisses\/saint-eloi-des-hauts-de-laurence\/notre-paroisse\/le-conseil-economique\/#primaryimage"},"thumbnailUrl":"https:\/\/www.diocese-limoges.fr\/grand-limoges\/wp-content\/uploads\/sites\/2\/2020\/04\/conseil-economique-copie.png","datePublished":"2020-04-15T23:03:56+00:00","dateModified":"2023-09-21T22:23:39+00:00","breadcrumb":{"@id":"https:\/\/www.diocese-limoges.fr\/grand-limoges\/paroisses\/saint-eloi-des-hauts-de-laurence\/notre-paroisse\/le-conseil-economique\/#breadcrumb"},"inLanguage":"fr-FR","potentialAction":[{"@type":"ReadAction","target":["https:\/\/www.diocese-limoges.fr\/grand-limoges\/paroisses\/saint-eloi-des-hauts-de-laurence\/notre-paroisse\/le-conseil-economique\/"]}]},{"@type":"ImageObject","inLanguage":"fr-FR","@id":"https:\/\/www.diocese-limoges.fr\/grand-limoges\/paroisses\/saint-eloi-des-hauts-de-laurence\/notre-paroisse\/le-conseil-economique\/#primaryimage","url":"https:\/\/www.diocese-limoges.fr\/grand-limoges\/wp-content\/uploads\/sites\/2\/2020\/04\/conseil-economique-copie.png","contentUrl":"https:\/\/www.diocese-limoges.fr\/grand-limoges\/wp-content\/uploads\/sites\/2\/2020\/04\/conseil-economique-copie.png","width":990,"height":573},{"@type":"BreadcrumbList","@id":"https:\/\/www.diocese-limoges.fr\/grand-limoges\/paroisses\/saint-eloi-des-hauts-de-laurence\/notre-paroisse\/le-conseil-economique\/#breadcrumb","itemListElement":[{"@type":"ListItem","position":1,"name":"Accueil","item":"https:\/\/www.diocese-limoges.fr\/grand-limoges\/"},{"@type":"ListItem","position":2,"name":"Paroisse Saint-\u00c9loi-des-Hauts-de-l&rsquo;Aurence","item":"https:\/\/www.diocese-limoges.fr\/grand-limoges\/paroisses\/saint-eloi-des-hauts-de-laurence\/"},{"@type":"ListItem","position":3,"name":"La vie de notre paroisse : \u00c9quipe pastorale, \u00c9quipes d&rsquo;animation de Relais, Conseil \u00e9conomique&#8230;","item":"https:\/\/www.diocese-limoges.fr\/grand-limoges\/paroisses\/saint-eloi-des-hauts-de-laurence\/notre-paroisse\/"},{"@type":"ListItem","position":4,"name":"Le Conseil \u00e9conomique"}]},{"@type":"WebSite","@id":"https:\/\/www.diocese-limoges.fr\/grand-limoges\/#website","url":"https:\/\/www.diocese-limoges.fr\/grand-limoges\/","name":"Doyenn\u00e9s du Grand Limoges","description":"Dioc\u00e8se de Limoges","potentialAction":[{"@type":"SearchAction","target":{"@type":"EntryPoint","urlTemplate":"https:\/\/www.diocese-limoges.fr\/grand-limoges\/?s={search_term_string}"},"query-input":{"@type":"PropertyValueSpecification","valueRequired":true,"valueName":"search_term_string"}}],"inLanguage":"fr-FR"}]}},"_links":{"self":[{"href":"https:\/\/www.diocese-limoges.fr\/grand-limoges\/wp-json\/wp\/v2\/paroisse\/17208","targetHints":{"allow":["GET"]}}],"collection":[{"href":"https:\/\/www.diocese-limoges.fr\/grand-limoges\/wp-json\/wp\/v2\/paroisse"}],"about":[{"href":"https:\/\/www.diocese-limoges.fr\/grand-limoges\/wp-json\/wp\/v2\/types\/paroisse"}],"author":[{"embeddable":true,"href":"https:\/\/www.diocese-limoges.fr\/grand-limoges\/wp-json\/wp\/v2\/users\/10"}],"up":[{"embeddable":true,"href":"https:\/\/www.diocese-limoges.fr\/grand-limoges\/wp-json\/wp\/v2\/paroisse\/17202"}],"wp:featuredmedia":[{"embeddable":true,"href":"https:\/\/www.diocese-limoges.fr\/grand-limoges\/wp-json\/wp\/v2\/media\/17209"}],"wp:attachment":[{"href":"https:\/\/www.diocese-limoges.fr\/grand-limoges\/wp-json\/wp\/v2\/media?parent=17208"}],"curies":[{"name":"wp","href":"https:\/\/api.w.org\/{rel}","templated":true}]}}

Le Conseil économique

<p>Le Conseil économique, présidé par le Curé, est animé par l&rsquo;un de ses membres. Il collecte et gère les ressources  de la paroisse et établit le budget selon les orientations choisies. Il veille à la bonne gestion du patrimoine. Il développe les ressources nécessaires à la mission pastorale de la paroisse et du diocèse. Il cultive l&rsquo;esprit de solidarité entre les communautés et avec les plus pauvres. Représenté au Conseil pastoral, il réfléchit aux incidences économiques des choix pastoraux.</p>



<p>La durée du mandat est de cinq ans renouvelable. l&rsquo;activité des conseillers est entièrement bénévole.</p>



<p>Le Conseil économique de notre paroisse, présidé par l&rsquo;abbé Jean-Michel BONNIN, curé de la paroisse,  est animé  par  monsieur Michel PEURICHARD.</p>



<p>Il est composé de Michèle BALAIRE et Eliane GIRY (relais Sainte-Thérèse),  Claude GOURSAUD  (relais Couzeix-Chaptelat), Emmanuel TARDIF et  Christiane VIGNERON (relais des Saints-Anges) </p>



<p></p>

<!-- This site is optimized with the Yoast SEO plugin v26.4 - https://yoast.com/wordpress/plugins/seo/ -->
<title>Le Conseil économique - Doyennés du Grand Limoges</title>
<meta name="robots" content="index, follow, max-snippet:-1, max-image-preview:large, max-video-preview:-1" />
<link rel="canonical" href="https://www.diocese-limoges.fr/grand-limoges/paroisses/saint-eloi-des-hauts-de-laurence/notre-paroisse/le-conseil-economique/" />
<meta property="og:locale" content="fr_FR" />
<meta property="og:type" content="article" />
<meta property="og:title" content="Le Conseil économique - Doyennés du Grand Limoges" />
<meta property="og:description" content="Le Conseil économique, présidé par le Curé, est animé par l&rsquo;un de ses membres. Il collecte et gère les ressources de la paroisse et établit le budget selon les orientations choisies. Il veille à la bonne gestion du patrimoine. Il développe les ressources nécessaires à la mission pastorale de la paroisse et du diocèse. Il [&hellip;]" />
<meta property="og:url" content="https://www.diocese-limoges.fr/grand-limoges/paroisses/saint-eloi-des-hauts-de-laurence/notre-paroisse/le-conseil-economique/" />
<meta property="og:site_name" content="Doyennés du Grand Limoges" />
<meta property="article:modified_time" content="2023-09-21T22:23:39+00:00" />
<meta property="og:image" content="https://www.diocese-limoges.fr/grand-limoges/wp-content/uploads/sites/2/2020/04/conseil-economique-copie.png" />
	<meta property="og:image:width" content="990" />
	<meta property="og:image:height" content="573" />
	<meta property="og:image:type" content="image/png" />
<meta name="twitter:card" content="summary_large_image" />
<meta name="twitter:label1" content="Durée de lecture estimée" />
	<meta name="twitter:data1" content="1 minute" />
<script type="application/ld+json" class="yoast-schema-graph">{"@context":"https://schema.org","@graph":[{"@type":"WebPage","@id":"https://www.diocese-limoges.fr/grand-limoges/paroisses/saint-eloi-des-hauts-de-laurence/notre-paroisse/le-conseil-economique/","url":"https://www.diocese-limoges.fr/grand-limoges/paroisses/saint-eloi-des-hauts-de-laurence/notre-paroisse/le-conseil-economique/","name":"Le Conseil économique - Doyennés du Grand Limoges","isPartOf":{"@id":"https://www.diocese-limoges.fr/grand-limoges/#website"},"primaryImageOfPage":{"@id":"https://www.diocese-limoges.fr/grand-limoges/paroisses/saint-eloi-des-hauts-de-laurence/notre-paroisse/le-conseil-economique/#primaryimage"},"image":{"@id":"https://www.diocese-limoges.fr/grand-limoges/paroisses/saint-eloi-des-hauts-de-laurence/notre-paroisse/le-conseil-economique/#primaryimage"},"thumbnailUrl":"https://www.diocese-limoges.fr/grand-limoges/wp-content/uploads/sites/2/2020/04/conseil-economique-copie.png","datePublished":"2020-04-15T23:03:56+00:00","dateModified":"2023-09-21T22:23:39+00:00","breadcrumb":{"@id":"https://www.diocese-limoges.fr/grand-limoges/paroisses/saint-eloi-des-hauts-de-laurence/notre-paroisse/le-conseil-economique/#breadcrumb"},"inLanguage":"fr-FR","potentialAction":[{"@type":"ReadAction","target":["https://www.diocese-limoges.fr/grand-limoges/paroisses/saint-eloi-des-hauts-de-laurence/notre-paroisse/le-conseil-economique/"]}]},{"@type":"ImageObject","inLanguage":"fr-FR","@id":"https://www.diocese-limoges.fr/grand-limoges/paroisses/saint-eloi-des-hauts-de-laurence/notre-paroisse/le-conseil-economique/#primaryimage","url":"https://www.diocese-limoges.fr/grand-limoges/wp-content/uploads/sites/2/2020/04/conseil-economique-copie.png","contentUrl":"https://www.diocese-limoges.fr/grand-limoges/wp-content/uploads/sites/2/2020/04/conseil-economique-copie.png","width":990,"height":573},{"@type":"BreadcrumbList","@id":"https://www.diocese-limoges.fr/grand-limoges/paroisses/saint-eloi-des-hauts-de-laurence/notre-paroisse/le-conseil-economique/#breadcrumb","itemListElement":[{"@type":"ListItem","position":1,"name":"Accueil","item":"https://www.diocese-limoges.fr/grand-limoges/"},{"@type":"ListItem","position":2,"name":"Paroisse Saint-Éloi-des-Hauts-de-l&rsquo;Aurence","item":"https://www.diocese-limoges.fr/grand-limoges/paroisses/saint-eloi-des-hauts-de-laurence/"},{"@type":"ListItem","position":3,"name":"La vie de notre paroisse : Équipe pastorale, Équipes d&rsquo;animation de Relais, Conseil économique&#8230;","item":"https://www.diocese-limoges.fr/grand-limoges/paroisses/saint-eloi-des-hauts-de-laurence/notre-paroisse/"},{"@type":"ListItem","position":4,"name":"Le Conseil économique"}]},{"@type":"WebSite","@id":"https://www.diocese-limoges.fr/grand-limoges/#website","url":"https://www.diocese-limoges.fr/grand-limoges/","name":"Doyennés du Grand Limoges","description":"Diocèse de Limoges","potentialAction":[{"@type":"SearchAction","target":{"@type":"EntryPoint","urlTemplate":"https://www.diocese-limoges.fr/grand-limoges/?s={search_term_string}"},"query-input":{"@type":"PropertyValueSpecification","valueRequired":true,"valueName":"search_term_string"}}],"inLanguage":"fr-FR"}]}</script>
<!-- / Yoast SEO plugin. -->

Le Conseil économique - Doyennés du Grand Limoges

Le Conseil économique, présidé par le Curé, est animé par l&rsquo;un de ses membres. Il collecte et gère les ressources de la paroisse et établit le budget selon les orientations choisies. Il veille à la bonne gestion du patrimoine. Il développe les ressources nécessaires à la mission pastorale de la paroisse et du diocèse. Il [&hellip;]

Doyennés du Grand Limoges

Paroisse Saint-Éloi-des-Hauts-de-l&rsquo;Aurence

La vie de notre paroisse : Équipe pastorale, Équipes d&rsquo;animation de Relais, Conseil économique&#8230;

Diocèse de Limoges
