{"id":17419,"date":"2020-12-05T16:41:00","date_gmt":"2020-12-05T15:41:00","guid":{"rendered":"https:\/\/www.diocese-limoges.fr\/grand-limoges\/?post_type=paroisse&#038;p=17419"},"modified":"2026-04-10T18:49:53","modified_gmt":"2026-04-10T16:49:53","slug":"horaires-des-messes","status":"publish","type":"paroisse","link":"https:\/\/www.diocese-limoges.fr\/grand-limoges\/paroisses\/saint-luc\/horaires-des-messes\/","title":{"rendered":"HORAIRES DES MESSES ET DES PERMANENCES"},"content":{"rendered":"\n<p><strong><span class=\"has-inline-color has-vivid-red-color\">ATTENTION<\/span> : Les horaires de messes indiqu\u00e9s sont <span class=\"has-inline-color has-vivid-red-color\">susceptibles de modifications<\/span> en fonction des circonstances du moment<\/strong>.<\/p>\n\n\n\n<p><em><strong>(Les horaires des messes dominicales et des c\u00e9l\u00e9brations de f\u00eates de l&rsquo;Eglise catholique sont \u00e9galement disponibles sur le site <a href=\"https:\/\/messes.info\/horaires\/saint%20luc%2087\">MessesInfo<\/a> en tapant les 3 mots  \u00ab\u00a0saint\u00a0\u00bb \u00ab\u00a0luc\u00a0\u00bb et \u00ab\u00a0<code>87<\/code>\u00a0\u00bb directement sur le site internet ou l&rsquo;application de Messes.info)<\/strong><\/em><mark style=\"background-color:#ffffff\" class=\"has-inline-color has-vivid-red-color\"> <\/mark><\/p>\n\n\n\n<h2 class=\"wp-block-heading has-text-color\" style=\"color:#d31111\">Horaires et lieux des messes dominicales et de semaine pour le mois de Avril 2026<\/h2>\n\n\n\n<p class=\"has-large-font-size\"><\/p>\n\n\n\n<p><span style=\"text-decoration: underline\"><strong><a href=\"https:\/\/www.diocese-limoges.fr\/grand-limoges\/wp-content\/uploads\/sites\/2\/2026\/04\/horaires-et-permanences.pdf\" target=\"_blank\" rel=\"noreferrer noopener\">Cliquer<\/a><a href=\"https:\/\/www.diocese-limoges.fr\/grand-limoges\/wp-content\/uploads\/sites\/2\/2025\/12\/horaires-et-permanences.pdf\" target=\"_blank\" rel=\"noreferrer noopener\"> ici<\/a><\/strong><\/span><\/p>\n\n\n\n<p class=\"has-vivid-red-color has-text-color has-normal-font-size\"><\/p>\n\n\n\n<p><\/p>\n","protected":false},"author":12,"featured_media":18013,"parent":63,"menu_order":45,"template":"","meta":{"_acf_changed":false},"class_list":["post-17419","paroisse","type-paroisse","status-publish","has-post-thumbnail","hentry"],"acf":[],"yoast_head":"<!-- This site is optimized with the Yoast SEO plugin v26.4 - https:\/\/yoast.com\/wordpress\/plugins\/seo\/ -->\n<title>HORAIRES DES MESSES ET DES PERMANENCES - Doyenn\u00e9s du Grand Limoges<\/title>\n<meta name=\"robots\" content=\"index, follow, max-snippet:-1, max-image-preview:large, max-video-preview:-1\" \/>\n<link rel=\"canonical\" href=\"https:\/\/www.diocese-limoges.fr\/grand-limoges\/paroisses\/saint-luc\/horaires-des-messes\/\" \/>\n<meta property=\"og:locale\" content=\"fr_FR\" \/>\n<meta property=\"og:type\" content=\"article\" \/>\n<meta property=\"og:title\" content=\"HORAIRES DES MESSES ET DES PERMANENCES - Doyenn\u00e9s du Grand Limoges\" \/>\n<meta property=\"og:description\" content=\"ATTENTION : Les horaires de messes indiqu\u00e9s sont susceptibles de modifications en fonction des circonstances du moment. (Les horaires des messes dominicales et des c\u00e9l\u00e9brations de f\u00eates de l&rsquo;Eglise catholique sont \u00e9galement disponibles sur le site MessesInfo en tapant les 3 mots \u00ab\u00a0saint\u00a0\u00bb \u00ab\u00a0luc\u00a0\u00bb et \u00ab\u00a087\u00a0\u00bb directement sur le site internet ou l&rsquo;application de Messes.info) [&hellip;]\" \/>\n<meta property=\"og:url\" content=\"https:\/\/www.diocese-limoges.fr\/grand-limoges\/paroisses\/saint-luc\/horaires-des-messes\/\" \/>\n<meta property=\"og:site_name\" content=\"Doyenn\u00e9s du Grand Limoges\" \/>\n<meta property=\"article:modified_time\" content=\"2026-04-10T16:49:53+00:00\" \/>\n<meta property=\"og:image\" content=\"https:\/\/www.diocese-limoges.fr\/grand-limoges\/wp-content\/uploads\/sites\/2\/2020\/10\/horaire-des-messes3-scaled.jpg\" \/>\n\t<meta property=\"og:image:width\" content=\"2560\" \/>\n\t<meta property=\"og:image:height\" content=\"739\" \/>\n\t<meta property=\"og:image:type\" content=\"image\/jpeg\" \/>\n<meta name=\"twitter:card\" content=\"summary_large_image\" \/>\n<meta name=\"twitter:label1\" content=\"Dur\u00e9e de lecture estim\u00e9e\" \/>\n\t<meta name=\"twitter:data1\" content=\"1 minute\" \/>\n<script type=\"application\/ld+json\" class=\"yoast-schema-graph\">{\"@context\":\"https:\/\/schema.org\",\"@graph\":[{\"@type\":\"WebPage\",\"@id\":\"https:\/\/www.diocese-limoges.fr\/grand-limoges\/paroisses\/saint-luc\/horaires-des-messes\/\",\"url\":\"https:\/\/www.diocese-limoges.fr\/grand-limoges\/paroisses\/saint-luc\/horaires-des-messes\/\",\"name\":\"HORAIRES DES MESSES ET DES PERMANENCES - Doyenn\u00e9s du Grand Limoges\",\"isPartOf\":{\"@id\":\"https:\/\/www.diocese-limoges.fr\/grand-limoges\/#website\"},\"primaryImageOfPage\":{\"@id\":\"https:\/\/www.diocese-limoges.fr\/grand-limoges\/paroisses\/saint-luc\/horaires-des-messes\/#primaryimage\"},\"image\":{\"@id\":\"https:\/\/www.diocese-limoges.fr\/grand-limoges\/paroisses\/saint-luc\/horaires-des-messes\/#primaryimage\"},\"thumbnailUrl\":\"https:\/\/www.diocese-limoges.fr\/grand-limoges\/wp-content\/uploads\/sites\/2\/2020\/10\/horaire-des-messes3-scaled.jpg\",\"datePublished\":\"2020-12-05T15:41:00+00:00\",\"dateModified\":\"2026-04-10T16:49:53+00:00\",\"breadcrumb\":{\"@id\":\"https:\/\/www.diocese-limoges.fr\/grand-limoges\/paroisses\/saint-luc\/horaires-des-messes\/#breadcrumb\"},\"inLanguage\":\"fr-FR\",\"potentialAction\":[{\"@type\":\"ReadAction\",\"target\":[\"https:\/\/www.diocese-limoges.fr\/grand-limoges\/paroisses\/saint-luc\/horaires-des-messes\/\"]}]},{\"@type\":\"ImageObject\",\"inLanguage\":\"fr-FR\",\"@id\":\"https:\/\/www.diocese-limoges.fr\/grand-limoges\/paroisses\/saint-luc\/horaires-des-messes\/#primaryimage\",\"url\":\"https:\/\/www.diocese-limoges.fr\/grand-limoges\/wp-content\/uploads\/sites\/2\/2020\/10\/horaire-des-messes3-scaled.jpg\",\"contentUrl\":\"https:\/\/www.diocese-limoges.fr\/grand-limoges\/wp-content\/uploads\/sites\/2\/2020\/10\/horaire-des-messes3-scaled.jpg\",\"width\":2560,\"height\":739},{\"@type\":\"BreadcrumbList\",\"@id\":\"https:\/\/www.diocese-limoges.fr\/grand-limoges\/paroisses\/saint-luc\/horaires-des-messes\/#breadcrumb\",\"itemListElement\":[{\"@type\":\"ListItem\",\"position\":1,\"name\":\"Accueil\",\"item\":\"https:\/\/www.diocese-limoges.fr\/grand-limoges\/\"},{\"@type\":\"ListItem\",\"position\":2,\"name\":\"Paroisse Saint-Luc\",\"item\":\"https:\/\/www.diocese-limoges.fr\/grand-limoges\/paroisses\/saint-luc\/\"},{\"@type\":\"ListItem\",\"position\":3,\"name\":\"HORAIRES DES MESSES ET DES PERMANENCES\"}]},{\"@type\":\"WebSite\",\"@id\":\"https:\/\/www.diocese-limoges.fr\/grand-limoges\/#website\",\"url\":\"https:\/\/www.diocese-limoges.fr\/grand-limoges\/\",\"name\":\"Doyenn\u00e9s du Grand Limoges\",\"description\":\"Dioc\u00e8se de Limoges\",\"potentialAction\":[{\"@type\":\"SearchAction\",\"target\":{\"@type\":\"EntryPoint\",\"urlTemplate\":\"https:\/\/www.diocese-limoges.fr\/grand-limoges\/?s={search_term_string}\"},\"query-input\":{\"@type\":\"PropertyValueSpecification\",\"valueRequired\":true,\"valueName\":\"search_term_string\"}}],\"inLanguage\":\"fr-FR\"}]}<\/script>\n<!-- \/ Yoast SEO plugin. -->","yoast_head_json":{"title":"HORAIRES DES MESSES ET DES PERMANENCES - Doyenn\u00e9s du Grand Limoges","robots":{"index":"index","follow":"follow","max-snippet":"max-snippet:-1","max-image-preview":"max-image-preview:large","max-video-preview":"max-video-preview:-1"},"canonical":"https:\/\/www.diocese-limoges.fr\/grand-limoges\/paroisses\/saint-luc\/horaires-des-messes\/","og_locale":"fr_FR","og_type":"article","og_title":"HORAIRES DES MESSES ET DES PERMANENCES - Doyenn\u00e9s du Grand Limoges","og_description":"ATTENTION : Les horaires de messes indiqu\u00e9s sont susceptibles de modifications en fonction des circonstances du moment. (Les horaires des messes dominicales et des c\u00e9l\u00e9brations de f\u00eates de l&rsquo;Eglise catholique sont \u00e9galement disponibles sur le site MessesInfo en tapant les 3 mots \u00ab\u00a0saint\u00a0\u00bb \u00ab\u00a0luc\u00a0\u00bb et \u00ab\u00a087\u00a0\u00bb directement sur le site internet ou l&rsquo;application de Messes.info) [&hellip;]","og_url":"https:\/\/www.diocese-limoges.fr\/grand-limoges\/paroisses\/saint-luc\/horaires-des-messes\/","og_site_name":"Doyenn\u00e9s du Grand Limoges","article_modified_time":"2026-04-10T16:49:53+00:00","og_image":[{"width":2560,"height":739,"url":"https:\/\/www.diocese-limoges.fr\/grand-limoges\/wp-content\/uploads\/sites\/2\/2020\/10\/horaire-des-messes3-scaled.jpg","type":"image\/jpeg"}],"twitter_card":"summary_large_image","twitter_misc":{"Dur\u00e9e de lecture estim\u00e9e":"1 minute"},"schema":{"@context":"https:\/\/schema.org","@graph":[{"@type":"WebPage","@id":"https:\/\/www.diocese-limoges.fr\/grand-limoges\/paroisses\/saint-luc\/horaires-des-messes\/","url":"https:\/\/www.diocese-limoges.fr\/grand-limoges\/paroisses\/saint-luc\/horaires-des-messes\/","name":"HORAIRES DES MESSES ET DES PERMANENCES - Doyenn\u00e9s du Grand Limoges","isPartOf":{"@id":"https:\/\/www.diocese-limoges.fr\/grand-limoges\/#website"},"primaryImageOfPage":{"@id":"https:\/\/www.diocese-limoges.fr\/grand-limoges\/paroisses\/saint-luc\/horaires-des-messes\/#primaryimage"},"image":{"@id":"https:\/\/www.diocese-limoges.fr\/grand-limoges\/paroisses\/saint-luc\/horaires-des-messes\/#primaryimage"},"thumbnailUrl":"https:\/\/www.diocese-limoges.fr\/grand-limoges\/wp-content\/uploads\/sites\/2\/2020\/10\/horaire-des-messes3-scaled.jpg","datePublished":"2020-12-05T15:41:00+00:00","dateModified":"2026-04-10T16:49:53+00:00","breadcrumb":{"@id":"https:\/\/www.diocese-limoges.fr\/grand-limoges\/paroisses\/saint-luc\/horaires-des-messes\/#breadcrumb"},"inLanguage":"fr-FR","potentialAction":[{"@type":"ReadAction","target":["https:\/\/www.diocese-limoges.fr\/grand-limoges\/paroisses\/saint-luc\/horaires-des-messes\/"]}]},{"@type":"ImageObject","inLanguage":"fr-FR","@id":"https:\/\/www.diocese-limoges.fr\/grand-limoges\/paroisses\/saint-luc\/horaires-des-messes\/#primaryimage","url":"https:\/\/www.diocese-limoges.fr\/grand-limoges\/wp-content\/uploads\/sites\/2\/2020\/10\/horaire-des-messes3-scaled.jpg","contentUrl":"https:\/\/www.diocese-limoges.fr\/grand-limoges\/wp-content\/uploads\/sites\/2\/2020\/10\/horaire-des-messes3-scaled.jpg","width":2560,"height":739},{"@type":"BreadcrumbList","@id":"https:\/\/www.diocese-limoges.fr\/grand-limoges\/paroisses\/saint-luc\/horaires-des-messes\/#breadcrumb","itemListElement":[{"@type":"ListItem","position":1,"name":"Accueil","item":"https:\/\/www.diocese-limoges.fr\/grand-limoges\/"},{"@type":"ListItem","position":2,"name":"Paroisse Saint-Luc","item":"https:\/\/www.diocese-limoges.fr\/grand-limoges\/paroisses\/saint-luc\/"},{"@type":"ListItem","position":3,"name":"HORAIRES DES MESSES ET DES PERMANENCES"}]},{"@type":"WebSite","@id":"https:\/\/www.diocese-limoges.fr\/grand-limoges\/#website","url":"https:\/\/www.diocese-limoges.fr\/grand-limoges\/","name":"Doyenn\u00e9s du Grand Limoges","description":"Dioc\u00e8se de Limoges","potentialAction":[{"@type":"SearchAction","target":{"@type":"EntryPoint","urlTemplate":"https:\/\/www.diocese-limoges.fr\/grand-limoges\/?s={search_term_string}"},"query-input":{"@type":"PropertyValueSpecification","valueRequired":true,"valueName":"search_term_string"}}],"inLanguage":"fr-FR"}]}},"_links":{"self":[{"href":"https:\/\/www.diocese-limoges.fr\/grand-limoges\/wp-json\/wp\/v2\/paroisse\/17419","targetHints":{"allow":["GET"]}}],"collection":[{"href":"https:\/\/www.diocese-limoges.fr\/grand-limoges\/wp-json\/wp\/v2\/paroisse"}],"about":[{"href":"https:\/\/www.diocese-limoges.fr\/grand-limoges\/wp-json\/wp\/v2\/types\/paroisse"}],"author":[{"embeddable":true,"href":"https:\/\/www.diocese-limoges.fr\/grand-limoges\/wp-json\/wp\/v2\/users\/12"}],"up":[{"embeddable":true,"href":"https:\/\/www.diocese-limoges.fr\/grand-limoges\/wp-json\/wp\/v2\/paroisse\/63"}],"wp:featuredmedia":[{"embeddable":true,"href":"https:\/\/www.diocese-limoges.fr\/grand-limoges\/wp-json\/wp\/v2\/media\/18013"}],"wp:attachment":[{"href":"https:\/\/www.diocese-limoges.fr\/grand-limoges\/wp-json\/wp\/v2\/media?parent=17419"}],"curies":[{"name":"wp","href":"https:\/\/api.w.org\/{rel}","templated":true}]}}

<p><strong><span class="has-inline-color has-vivid-red-color">ATTENTION</span> : Les horaires de messes indiqués sont <span class="has-inline-color has-vivid-red-color">susceptibles de modifications</span> en fonction des circonstances du moment</strong>.</p>



<p><em><strong>(Les horaires des messes dominicales et des célébrations de fêtes de l&rsquo;Eglise catholique sont également disponibles sur le site <a href="https://messes.info/horaires/saint%20luc%2087">MessesInfo</a> en tapant les 3 mots  « saint » « luc » et « <code>87</code> » directement sur le site internet ou l&rsquo;application de Messes.info)</strong></em><mark style="background-color:#ffffff" class="has-inline-color has-vivid-red-color"> </mark></p>



<h2 class="wp-block-heading has-text-color" style="color:#d31111">Horaires et lieux des messes dominicales et de semaine pour le mois de Avril 2026</h2>



<p class="has-large-font-size"></p>



<p><span style="text-decoration: underline"><strong><a href="https://www.diocese-limoges.fr/grand-limoges/wp-content/uploads/sites/2/2026/04/horaires-et-permanences.pdf" target="_blank" rel="noreferrer noopener">Cliquer</a><a href="https://www.diocese-limoges.fr/grand-limoges/wp-content/uploads/sites/2/2025/12/horaires-et-permanences.pdf" target="_blank" rel="noreferrer noopener"> ici</a></strong></span></p>



<p class="has-vivid-red-color has-text-color has-normal-font-size"></p>



<p></p>

<!-- This site is optimized with the Yoast SEO plugin v26.4 - https://yoast.com/wordpress/plugins/seo/ -->
<title>HORAIRES DES MESSES ET DES PERMANENCES - Doyennés du Grand Limoges</title>
<meta name="robots" content="index, follow, max-snippet:-1, max-image-preview:large, max-video-preview:-1" />
<link rel="canonical" href="https://www.diocese-limoges.fr/grand-limoges/paroisses/saint-luc/horaires-des-messes/" />
<meta property="og:locale" content="fr_FR" />
<meta property="og:type" content="article" />
<meta property="og:title" content="HORAIRES DES MESSES ET DES PERMANENCES - Doyennés du Grand Limoges" />
<meta property="og:description" content="ATTENTION : Les horaires de messes indiqués sont susceptibles de modifications en fonction des circonstances du moment. (Les horaires des messes dominicales et des célébrations de fêtes de l&rsquo;Eglise catholique sont également disponibles sur le site MessesInfo en tapant les 3 mots « saint » « luc » et « 87 » directement sur le site internet ou l&rsquo;application de Messes.info) [&hellip;]" />
<meta property="og:url" content="https://www.diocese-limoges.fr/grand-limoges/paroisses/saint-luc/horaires-des-messes/" />
<meta property="og:site_name" content="Doyennés du Grand Limoges" />
<meta property="article:modified_time" content="2026-04-10T16:49:53+00:00" />
<meta property="og:image" content="https://www.diocese-limoges.fr/grand-limoges/wp-content/uploads/sites/2/2020/10/horaire-des-messes3-scaled.jpg" />
	<meta property="og:image:width" content="2560" />
	<meta property="og:image:height" content="739" />
	<meta property="og:image:type" content="image/jpeg" />
<meta name="twitter:card" content="summary_large_image" />
<meta name="twitter:label1" content="Durée de lecture estimée" />
	<meta name="twitter:data1" content="1 minute" />
<script type="application/ld+json" class="yoast-schema-graph">{"@context":"https://schema.org","@graph":[{"@type":"WebPage","@id":"https://www.diocese-limoges.fr/grand-limoges/paroisses/saint-luc/horaires-des-messes/","url":"https://www.diocese-limoges.fr/grand-limoges/paroisses/saint-luc/horaires-des-messes/","name":"HORAIRES DES MESSES ET DES PERMANENCES - Doyennés du Grand Limoges","isPartOf":{"@id":"https://www.diocese-limoges.fr/grand-limoges/#website"},"primaryImageOfPage":{"@id":"https://www.diocese-limoges.fr/grand-limoges/paroisses/saint-luc/horaires-des-messes/#primaryimage"},"image":{"@id":"https://www.diocese-limoges.fr/grand-limoges/paroisses/saint-luc/horaires-des-messes/#primaryimage"},"thumbnailUrl":"https://www.diocese-limoges.fr/grand-limoges/wp-content/uploads/sites/2/2020/10/horaire-des-messes3-scaled.jpg","datePublished":"2020-12-05T15:41:00+00:00","dateModified":"2026-04-10T16:49:53+00:00","breadcrumb":{"@id":"https://www.diocese-limoges.fr/grand-limoges/paroisses/saint-luc/horaires-des-messes/#breadcrumb"},"inLanguage":"fr-FR","potentialAction":[{"@type":"ReadAction","target":["https://www.diocese-limoges.fr/grand-limoges/paroisses/saint-luc/horaires-des-messes/"]}]},{"@type":"ImageObject","inLanguage":"fr-FR","@id":"https://www.diocese-limoges.fr/grand-limoges/paroisses/saint-luc/horaires-des-messes/#primaryimage","url":"https://www.diocese-limoges.fr/grand-limoges/wp-content/uploads/sites/2/2020/10/horaire-des-messes3-scaled.jpg","contentUrl":"https://www.diocese-limoges.fr/grand-limoges/wp-content/uploads/sites/2/2020/10/horaire-des-messes3-scaled.jpg","width":2560,"height":739},{"@type":"BreadcrumbList","@id":"https://www.diocese-limoges.fr/grand-limoges/paroisses/saint-luc/horaires-des-messes/#breadcrumb","itemListElement":[{"@type":"ListItem","position":1,"name":"Accueil","item":"https://www.diocese-limoges.fr/grand-limoges/"},{"@type":"ListItem","position":2,"name":"Paroisse Saint-Luc","item":"https://www.diocese-limoges.fr/grand-limoges/paroisses/saint-luc/"},{"@type":"ListItem","position":3,"name":"HORAIRES DES MESSES ET DES PERMANENCES"}]},{"@type":"WebSite","@id":"https://www.diocese-limoges.fr/grand-limoges/#website","url":"https://www.diocese-limoges.fr/grand-limoges/","name":"Doyennés du Grand Limoges","description":"Diocèse de Limoges","potentialAction":[{"@type":"SearchAction","target":{"@type":"EntryPoint","urlTemplate":"https://www.diocese-limoges.fr/grand-limoges/?s={search_term_string}"},"query-input":{"@type":"PropertyValueSpecification","valueRequired":true,"valueName":"search_term_string"}}],"inLanguage":"fr-FR"}]}</script>
<!-- / Yoast SEO plugin. -->

HORAIRES DES MESSES ET DES PERMANENCES - Doyennés du Grand Limoges

ATTENTION : Les horaires de messes indiqués sont susceptibles de modifications en fonction des circonstances du moment. (Les horaires des messes dominicales et des célébrations de fêtes de l&rsquo;Eglise catholique sont également disponibles sur le site MessesInfo en tapant les 3 mots « saint » « luc » et « 87 » directement sur le site internet ou l&rsquo;application de Messes.info) [&hellip;]

Doyennés du Grand Limoges

Diocèse de Limoges
