{"id":17600,"date":"2020-06-03T17:54:04","date_gmt":"2020-06-03T15:54:04","guid":{"rendered":"https:\/\/www.diocese-limoges.fr\/grand-limoges\/?post_type=paroisse&#038;p=17600"},"modified":"2026-03-25T16:04:40","modified_gmt":"2026-03-25T15:04:40","slug":"horaires-des-messes","status":"publish","type":"paroisse","link":"https:\/\/www.diocese-limoges.fr\/grand-limoges\/paroisses\/paroisse-de-la-trinite\/horaires-des-messes\/","title":{"rendered":"Horaires des messes"},"content":{"rendered":"\n<h2 class=\"wp-block-heading has-text-align-center\"><strong><span class=\"has-inline-color has-vivid-cyan-blue-color\">Messes en fin de semaine<\/span><\/strong> <strong><em>(en principe)<\/em><\/strong> <\/h2>\n\n\n\n<p class=\"has-text-align-center\">le 1er et le 3\u00e8me dimanche du mois \u00e0 11h \u00e0 Saint-Paul Saint-Louis<br>le 2\u00e8me et le 4\u00e8me (et le 5\u00e8me) dimanche \u00e0 11h \u00e0 Sainte-Bernadette<\/p>\n\n\n\n<p class=\"has-text-align-center\"><strong>Retrouvez tous les horaires des c\u00e9l\u00e9brations sur<\/strong> <a href=\"https:\/\/messes.info\/\/annuaire\/COMMUNITY:LS\/87\/TRINITE?limit=4\">www.messes.info<\/a><\/p>\n\n\n\n<p class=\"has-medium-font-size\"><br><mark class=\"has-inline-color has-vivid-cyan-blue-color\"><strong>mars 2026<\/strong><\/mark><br><br>dimanche 29 mars &#8211; \u00e9glise Saint-Paul &#8211; Saint-Louis 11h &#8211; Rameaux <br><br><mark class=\"has-inline-color has-vivid-cyan-blue-color\"><strong>avril 2026<\/strong><\/mark><br><br>jeudi 2 avril &#8211; \u00e9glise Sainte-Bernadette 19h &#8211; Jeudi Saint <br>vendredi 3 avril &#8211; \u00e9glise Sainte-Bernadette 19h Office de la Passion <br>samedi 4 avril &#8211; \u00e9glise Saint-Paul &#8211; Saint-Louis 21h &#8211; Vigile Pascale <br>dimanche 5 avril &#8211; \u00e9glise Sainte-Bernadette 11h &#8211; P\u00e2ques <br>dimanche 12 avril &#8211; \u00e9glise Saint-Paul &#8211; Saint-Louis 11h <br>dimanche 19 avril &#8211; \u00e9glise Sainte-Bernadette 11h <br>dimanche 26 avril &#8211; \u00e9glise Sainte-Bernadette 11h <\/p>\n\n\n\n<p><\/p>\n\n\n\n<p class=\"has-medium-font-size\"><mark class=\"has-inline-color has-vivid-cyan-blue-color\"><strong>Messes en semaine<\/strong><\/mark><\/p>\n\n\n\n<p>Tous les mardis \u00e0 18h \u00e0 l&rsquo;\u00e9glise Sainte-Bernadette <br>Tous les jeudis \u00e0 9h \u00e0 l&rsquo;\u00e9glise Saint-Paul-Saint-Louis<\/p>\n\n\n\n<p class=\"has-medium-font-size\"><mark class=\"has-inline-color has-vivid-cyan-blue-color\"><strong>Temps de pri\u00e8re <\/strong><\/mark><\/p>\n\n\n\n<p>Tous les jeudis \u00e0 18h chez les s\u0153urs : Office des v\u00eapres et temps d&rsquo;adoration avec les s\u0153urs vietnamienne <br>Tous les 1er jeudi du mois \u00e0 20h \u00e0 l&rsquo;\u00e9glise Sainte-Bernadette : Adoration avec la communaut\u00e9 africaine<\/p>\n","protected":false},"author":33,"featured_media":19836,"parent":12,"menu_order":96,"template":"","meta":{"_acf_changed":false},"class_list":["post-17600","paroisse","type-paroisse","status-publish","has-post-thumbnail","hentry"],"acf":[],"yoast_head":"<!-- This site is optimized with the Yoast SEO plugin v26.4 - https:\/\/yoast.com\/wordpress\/plugins\/seo\/ -->\n<title>Horaires des messes - Doyenn\u00e9s du Grand Limoges<\/title>\n<meta name=\"robots\" content=\"index, follow, max-snippet:-1, max-image-preview:large, max-video-preview:-1\" \/>\n<link rel=\"canonical\" href=\"https:\/\/www.diocese-limoges.fr\/grand-limoges\/paroisses\/paroisse-de-la-trinite\/horaires-des-messes\/\" \/>\n<meta property=\"og:locale\" content=\"fr_FR\" \/>\n<meta property=\"og:type\" content=\"article\" \/>\n<meta property=\"og:title\" content=\"Horaires des messes - Doyenn\u00e9s du Grand Limoges\" \/>\n<meta property=\"og:description\" content=\"Messes en fin de semaine (en principe) le 1er et le 3\u00e8me dimanche du mois \u00e0 11h \u00e0 Saint-Paul Saint-Louisle 2\u00e8me et le 4\u00e8me (et le 5\u00e8me) dimanche \u00e0 11h \u00e0 Sainte-Bernadette Retrouvez tous les horaires des c\u00e9l\u00e9brations sur www.messes.info mars 2026 dimanche 29 mars &#8211; \u00e9glise Saint-Paul &#8211; Saint-Louis 11h &#8211; Rameaux avril 2026 [&hellip;]\" \/>\n<meta property=\"og:url\" content=\"https:\/\/www.diocese-limoges.fr\/grand-limoges\/paroisses\/paroisse-de-la-trinite\/horaires-des-messes\/\" \/>\n<meta property=\"og:site_name\" content=\"Doyenn\u00e9s du Grand Limoges\" \/>\n<meta property=\"article:modified_time\" content=\"2026-03-25T15:04:40+00:00\" \/>\n<meta property=\"og:image\" content=\"https:\/\/www.diocese-limoges.fr\/grand-limoges\/wp-content\/uploads\/sites\/2\/2020\/06\/eucharistie6.jpg\" \/>\n\t<meta property=\"og:image:width\" content=\"667\" \/>\n\t<meta property=\"og:image:height\" content=\"236\" \/>\n\t<meta property=\"og:image:type\" content=\"image\/jpeg\" \/>\n<meta name=\"twitter:card\" content=\"summary_large_image\" \/>\n<meta name=\"twitter:label1\" content=\"Dur\u00e9e de lecture estim\u00e9e\" \/>\n\t<meta name=\"twitter:data1\" content=\"2 minutes\" \/>\n<script type=\"application\/ld+json\" class=\"yoast-schema-graph\">{\"@context\":\"https:\/\/schema.org\",\"@graph\":[{\"@type\":\"WebPage\",\"@id\":\"https:\/\/www.diocese-limoges.fr\/grand-limoges\/paroisses\/paroisse-de-la-trinite\/horaires-des-messes\/\",\"url\":\"https:\/\/www.diocese-limoges.fr\/grand-limoges\/paroisses\/paroisse-de-la-trinite\/horaires-des-messes\/\",\"name\":\"Horaires des messes - Doyenn\u00e9s du Grand Limoges\",\"isPartOf\":{\"@id\":\"https:\/\/www.diocese-limoges.fr\/grand-limoges\/#website\"},\"primaryImageOfPage\":{\"@id\":\"https:\/\/www.diocese-limoges.fr\/grand-limoges\/paroisses\/paroisse-de-la-trinite\/horaires-des-messes\/#primaryimage\"},\"image\":{\"@id\":\"https:\/\/www.diocese-limoges.fr\/grand-limoges\/paroisses\/paroisse-de-la-trinite\/horaires-des-messes\/#primaryimage\"},\"thumbnailUrl\":\"https:\/\/www.diocese-limoges.fr\/grand-limoges\/wp-content\/uploads\/sites\/2\/2020\/06\/eucharistie6.jpg\",\"datePublished\":\"2020-06-03T15:54:04+00:00\",\"dateModified\":\"2026-03-25T15:04:40+00:00\",\"breadcrumb\":{\"@id\":\"https:\/\/www.diocese-limoges.fr\/grand-limoges\/paroisses\/paroisse-de-la-trinite\/horaires-des-messes\/#breadcrumb\"},\"inLanguage\":\"fr-FR\",\"potentialAction\":[{\"@type\":\"ReadAction\",\"target\":[\"https:\/\/www.diocese-limoges.fr\/grand-limoges\/paroisses\/paroisse-de-la-trinite\/horaires-des-messes\/\"]}]},{\"@type\":\"ImageObject\",\"inLanguage\":\"fr-FR\",\"@id\":\"https:\/\/www.diocese-limoges.fr\/grand-limoges\/paroisses\/paroisse-de-la-trinite\/horaires-des-messes\/#primaryimage\",\"url\":\"https:\/\/www.diocese-limoges.fr\/grand-limoges\/wp-content\/uploads\/sites\/2\/2020\/06\/eucharistie6.jpg\",\"contentUrl\":\"https:\/\/www.diocese-limoges.fr\/grand-limoges\/wp-content\/uploads\/sites\/2\/2020\/06\/eucharistie6.jpg\",\"width\":667,\"height\":236},{\"@type\":\"BreadcrumbList\",\"@id\":\"https:\/\/www.diocese-limoges.fr\/grand-limoges\/paroisses\/paroisse-de-la-trinite\/horaires-des-messes\/#breadcrumb\",\"itemListElement\":[{\"@type\":\"ListItem\",\"position\":1,\"name\":\"Accueil\",\"item\":\"https:\/\/www.diocese-limoges.fr\/grand-limoges\/\"},{\"@type\":\"ListItem\",\"position\":2,\"name\":\"Paroisse de la Trinit\u00e9\",\"item\":\"https:\/\/www.diocese-limoges.fr\/grand-limoges\/paroisses\/paroisse-de-la-trinite\/\"},{\"@type\":\"ListItem\",\"position\":3,\"name\":\"Horaires des messes\"}]},{\"@type\":\"WebSite\",\"@id\":\"https:\/\/www.diocese-limoges.fr\/grand-limoges\/#website\",\"url\":\"https:\/\/www.diocese-limoges.fr\/grand-limoges\/\",\"name\":\"Doyenn\u00e9s du Grand Limoges\",\"description\":\"Dioc\u00e8se de Limoges\",\"potentialAction\":[{\"@type\":\"SearchAction\",\"target\":{\"@type\":\"EntryPoint\",\"urlTemplate\":\"https:\/\/www.diocese-limoges.fr\/grand-limoges\/?s={search_term_string}\"},\"query-input\":{\"@type\":\"PropertyValueSpecification\",\"valueRequired\":true,\"valueName\":\"search_term_string\"}}],\"inLanguage\":\"fr-FR\"}]}<\/script>\n<!-- \/ Yoast SEO plugin. -->","yoast_head_json":{"title":"Horaires des messes - Doyenn\u00e9s du Grand Limoges","robots":{"index":"index","follow":"follow","max-snippet":"max-snippet:-1","max-image-preview":"max-image-preview:large","max-video-preview":"max-video-preview:-1"},"canonical":"https:\/\/www.diocese-limoges.fr\/grand-limoges\/paroisses\/paroisse-de-la-trinite\/horaires-des-messes\/","og_locale":"fr_FR","og_type":"article","og_title":"Horaires des messes - Doyenn\u00e9s du Grand Limoges","og_description":"Messes en fin de semaine (en principe) le 1er et le 3\u00e8me dimanche du mois \u00e0 11h \u00e0 Saint-Paul Saint-Louisle 2\u00e8me et le 4\u00e8me (et le 5\u00e8me) dimanche \u00e0 11h \u00e0 Sainte-Bernadette Retrouvez tous les horaires des c\u00e9l\u00e9brations sur www.messes.info mars 2026 dimanche 29 mars &#8211; \u00e9glise Saint-Paul &#8211; Saint-Louis 11h &#8211; Rameaux avril 2026 [&hellip;]","og_url":"https:\/\/www.diocese-limoges.fr\/grand-limoges\/paroisses\/paroisse-de-la-trinite\/horaires-des-messes\/","og_site_name":"Doyenn\u00e9s du Grand Limoges","article_modified_time":"2026-03-25T15:04:40+00:00","og_image":[{"width":667,"height":236,"url":"https:\/\/www.diocese-limoges.fr\/grand-limoges\/wp-content\/uploads\/sites\/2\/2020\/06\/eucharistie6.jpg","type":"image\/jpeg"}],"twitter_card":"summary_large_image","twitter_misc":{"Dur\u00e9e de lecture estim\u00e9e":"2 minutes"},"schema":{"@context":"https:\/\/schema.org","@graph":[{"@type":"WebPage","@id":"https:\/\/www.diocese-limoges.fr\/grand-limoges\/paroisses\/paroisse-de-la-trinite\/horaires-des-messes\/","url":"https:\/\/www.diocese-limoges.fr\/grand-limoges\/paroisses\/paroisse-de-la-trinite\/horaires-des-messes\/","name":"Horaires des messes - Doyenn\u00e9s du Grand Limoges","isPartOf":{"@id":"https:\/\/www.diocese-limoges.fr\/grand-limoges\/#website"},"primaryImageOfPage":{"@id":"https:\/\/www.diocese-limoges.fr\/grand-limoges\/paroisses\/paroisse-de-la-trinite\/horaires-des-messes\/#primaryimage"},"image":{"@id":"https:\/\/www.diocese-limoges.fr\/grand-limoges\/paroisses\/paroisse-de-la-trinite\/horaires-des-messes\/#primaryimage"},"thumbnailUrl":"https:\/\/www.diocese-limoges.fr\/grand-limoges\/wp-content\/uploads\/sites\/2\/2020\/06\/eucharistie6.jpg","datePublished":"2020-06-03T15:54:04+00:00","dateModified":"2026-03-25T15:04:40+00:00","breadcrumb":{"@id":"https:\/\/www.diocese-limoges.fr\/grand-limoges\/paroisses\/paroisse-de-la-trinite\/horaires-des-messes\/#breadcrumb"},"inLanguage":"fr-FR","potentialAction":[{"@type":"ReadAction","target":["https:\/\/www.diocese-limoges.fr\/grand-limoges\/paroisses\/paroisse-de-la-trinite\/horaires-des-messes\/"]}]},{"@type":"ImageObject","inLanguage":"fr-FR","@id":"https:\/\/www.diocese-limoges.fr\/grand-limoges\/paroisses\/paroisse-de-la-trinite\/horaires-des-messes\/#primaryimage","url":"https:\/\/www.diocese-limoges.fr\/grand-limoges\/wp-content\/uploads\/sites\/2\/2020\/06\/eucharistie6.jpg","contentUrl":"https:\/\/www.diocese-limoges.fr\/grand-limoges\/wp-content\/uploads\/sites\/2\/2020\/06\/eucharistie6.jpg","width":667,"height":236},{"@type":"BreadcrumbList","@id":"https:\/\/www.diocese-limoges.fr\/grand-limoges\/paroisses\/paroisse-de-la-trinite\/horaires-des-messes\/#breadcrumb","itemListElement":[{"@type":"ListItem","position":1,"name":"Accueil","item":"https:\/\/www.diocese-limoges.fr\/grand-limoges\/"},{"@type":"ListItem","position":2,"name":"Paroisse de la Trinit\u00e9","item":"https:\/\/www.diocese-limoges.fr\/grand-limoges\/paroisses\/paroisse-de-la-trinite\/"},{"@type":"ListItem","position":3,"name":"Horaires des messes"}]},{"@type":"WebSite","@id":"https:\/\/www.diocese-limoges.fr\/grand-limoges\/#website","url":"https:\/\/www.diocese-limoges.fr\/grand-limoges\/","name":"Doyenn\u00e9s du Grand Limoges","description":"Dioc\u00e8se de Limoges","potentialAction":[{"@type":"SearchAction","target":{"@type":"EntryPoint","urlTemplate":"https:\/\/www.diocese-limoges.fr\/grand-limoges\/?s={search_term_string}"},"query-input":{"@type":"PropertyValueSpecification","valueRequired":true,"valueName":"search_term_string"}}],"inLanguage":"fr-FR"}]}},"_links":{"self":[{"href":"https:\/\/www.diocese-limoges.fr\/grand-limoges\/wp-json\/wp\/v2\/paroisse\/17600","targetHints":{"allow":["GET"]}}],"collection":[{"href":"https:\/\/www.diocese-limoges.fr\/grand-limoges\/wp-json\/wp\/v2\/paroisse"}],"about":[{"href":"https:\/\/www.diocese-limoges.fr\/grand-limoges\/wp-json\/wp\/v2\/types\/paroisse"}],"author":[{"embeddable":true,"href":"https:\/\/www.diocese-limoges.fr\/grand-limoges\/wp-json\/wp\/v2\/users\/33"}],"up":[{"embeddable":true,"href":"https:\/\/www.diocese-limoges.fr\/grand-limoges\/wp-json\/wp\/v2\/paroisse\/12"}],"wp:featuredmedia":[{"embeddable":true,"href":"https:\/\/www.diocese-limoges.fr\/grand-limoges\/wp-json\/wp\/v2\/media\/19836"}],"wp:attachment":[{"href":"https:\/\/www.diocese-limoges.fr\/grand-limoges\/wp-json\/wp\/v2\/media?parent=17600"}],"curies":[{"name":"wp","href":"https:\/\/api.w.org\/{rel}","templated":true}]}}

<h2 class="wp-block-heading has-text-align-center"><strong><span class="has-inline-color has-vivid-cyan-blue-color">Messes en fin de semaine</span></strong> <strong><em>(en principe)</em></strong> </h2>



<p class="has-text-align-center">le 1er et le 3ème dimanche du mois à 11h à Saint-Paul Saint-Louis<br>le 2ème et le 4ème (et le 5ème) dimanche à 11h à Sainte-Bernadette</p>



<p class="has-text-align-center"><strong>Retrouvez tous les horaires des célébrations sur</strong> <a href="https://messes.info//annuaire/COMMUNITY:LS/87/TRINITE?limit=4">www.messes.info</a></p>



<p class="has-medium-font-size"><br><mark class="has-inline-color has-vivid-cyan-blue-color"><strong>mars 2026</strong></mark><br><br>dimanche 29 mars &#8211; église Saint-Paul &#8211; Saint-Louis 11h &#8211; Rameaux <br><br><mark class="has-inline-color has-vivid-cyan-blue-color"><strong>avril 2026</strong></mark><br><br>jeudi 2 avril &#8211; église Sainte-Bernadette 19h &#8211; Jeudi Saint <br>vendredi 3 avril &#8211; église Sainte-Bernadette 19h Office de la Passion <br>samedi 4 avril &#8211; église Saint-Paul &#8211; Saint-Louis 21h &#8211; Vigile Pascale <br>dimanche 5 avril &#8211; église Sainte-Bernadette 11h &#8211; Pâques <br>dimanche 12 avril &#8211; église Saint-Paul &#8211; Saint-Louis 11h <br>dimanche 19 avril &#8211; église Sainte-Bernadette 11h <br>dimanche 26 avril &#8211; église Sainte-Bernadette 11h </p>



<p></p>



<p class="has-medium-font-size"><mark class="has-inline-color has-vivid-cyan-blue-color"><strong>Messes en semaine</strong></mark></p>



<p>Tous les mardis à 18h à l&rsquo;église Sainte-Bernadette <br>Tous les jeudis à 9h à l&rsquo;église Saint-Paul-Saint-Louis</p>



<p class="has-medium-font-size"><mark class="has-inline-color has-vivid-cyan-blue-color"><strong>Temps de prière </strong></mark></p>



<p>Tous les jeudis à 18h chez les sœurs : Office des vêpres et temps d&rsquo;adoration avec les sœurs vietnamienne <br>Tous les 1er jeudi du mois à 20h à l&rsquo;église Sainte-Bernadette : Adoration avec la communauté africaine</p>

<!-- This site is optimized with the Yoast SEO plugin v26.4 - https://yoast.com/wordpress/plugins/seo/ -->
<title>Horaires des messes - Doyennés du Grand Limoges</title>
<meta name="robots" content="index, follow, max-snippet:-1, max-image-preview:large, max-video-preview:-1" />
<link rel="canonical" href="https://www.diocese-limoges.fr/grand-limoges/paroisses/paroisse-de-la-trinite/horaires-des-messes/" />
<meta property="og:locale" content="fr_FR" />
<meta property="og:type" content="article" />
<meta property="og:title" content="Horaires des messes - Doyennés du Grand Limoges" />
<meta property="og:description" content="Messes en fin de semaine (en principe) le 1er et le 3ème dimanche du mois à 11h à Saint-Paul Saint-Louisle 2ème et le 4ème (et le 5ème) dimanche à 11h à Sainte-Bernadette Retrouvez tous les horaires des célébrations sur www.messes.info mars 2026 dimanche 29 mars &#8211; église Saint-Paul &#8211; Saint-Louis 11h &#8211; Rameaux avril 2026 [&hellip;]" />
<meta property="og:url" content="https://www.diocese-limoges.fr/grand-limoges/paroisses/paroisse-de-la-trinite/horaires-des-messes/" />
<meta property="og:site_name" content="Doyennés du Grand Limoges" />
<meta property="article:modified_time" content="2026-03-25T15:04:40+00:00" />
<meta property="og:image" content="https://www.diocese-limoges.fr/grand-limoges/wp-content/uploads/sites/2/2020/06/eucharistie6.jpg" />
	<meta property="og:image:width" content="667" />
	<meta property="og:image:height" content="236" />
	<meta property="og:image:type" content="image/jpeg" />
<meta name="twitter:card" content="summary_large_image" />
<meta name="twitter:label1" content="Durée de lecture estimée" />
	<meta name="twitter:data1" content="2 minutes" />
<script type="application/ld+json" class="yoast-schema-graph">{"@context":"https://schema.org","@graph":[{"@type":"WebPage","@id":"https://www.diocese-limoges.fr/grand-limoges/paroisses/paroisse-de-la-trinite/horaires-des-messes/","url":"https://www.diocese-limoges.fr/grand-limoges/paroisses/paroisse-de-la-trinite/horaires-des-messes/","name":"Horaires des messes - Doyennés du Grand Limoges","isPartOf":{"@id":"https://www.diocese-limoges.fr/grand-limoges/#website"},"primaryImageOfPage":{"@id":"https://www.diocese-limoges.fr/grand-limoges/paroisses/paroisse-de-la-trinite/horaires-des-messes/#primaryimage"},"image":{"@id":"https://www.diocese-limoges.fr/grand-limoges/paroisses/paroisse-de-la-trinite/horaires-des-messes/#primaryimage"},"thumbnailUrl":"https://www.diocese-limoges.fr/grand-limoges/wp-content/uploads/sites/2/2020/06/eucharistie6.jpg","datePublished":"2020-06-03T15:54:04+00:00","dateModified":"2026-03-25T15:04:40+00:00","breadcrumb":{"@id":"https://www.diocese-limoges.fr/grand-limoges/paroisses/paroisse-de-la-trinite/horaires-des-messes/#breadcrumb"},"inLanguage":"fr-FR","potentialAction":[{"@type":"ReadAction","target":["https://www.diocese-limoges.fr/grand-limoges/paroisses/paroisse-de-la-trinite/horaires-des-messes/"]}]},{"@type":"ImageObject","inLanguage":"fr-FR","@id":"https://www.diocese-limoges.fr/grand-limoges/paroisses/paroisse-de-la-trinite/horaires-des-messes/#primaryimage","url":"https://www.diocese-limoges.fr/grand-limoges/wp-content/uploads/sites/2/2020/06/eucharistie6.jpg","contentUrl":"https://www.diocese-limoges.fr/grand-limoges/wp-content/uploads/sites/2/2020/06/eucharistie6.jpg","width":667,"height":236},{"@type":"BreadcrumbList","@id":"https://www.diocese-limoges.fr/grand-limoges/paroisses/paroisse-de-la-trinite/horaires-des-messes/#breadcrumb","itemListElement":[{"@type":"ListItem","position":1,"name":"Accueil","item":"https://www.diocese-limoges.fr/grand-limoges/"},{"@type":"ListItem","position":2,"name":"Paroisse de la Trinité","item":"https://www.diocese-limoges.fr/grand-limoges/paroisses/paroisse-de-la-trinite/"},{"@type":"ListItem","position":3,"name":"Horaires des messes"}]},{"@type":"WebSite","@id":"https://www.diocese-limoges.fr/grand-limoges/#website","url":"https://www.diocese-limoges.fr/grand-limoges/","name":"Doyennés du Grand Limoges","description":"Diocèse de Limoges","potentialAction":[{"@type":"SearchAction","target":{"@type":"EntryPoint","urlTemplate":"https://www.diocese-limoges.fr/grand-limoges/?s={search_term_string}"},"query-input":{"@type":"PropertyValueSpecification","valueRequired":true,"valueName":"search_term_string"}}],"inLanguage":"fr-FR"}]}</script>
<!-- / Yoast SEO plugin. -->

Horaires des messes - Doyennés du Grand Limoges

Messes en fin de semaine (en principe) le 1er et le 3ème dimanche du mois à 11h à Saint-Paul Saint-Louisle 2ème et le 4ème (et le 5ème) dimanche à 11h à Sainte-Bernadette Retrouvez tous les horaires des célébrations sur www.messes.info mars 2026 dimanche 29 mars &#8211; église Saint-Paul &#8211; Saint-Louis 11h &#8211; Rameaux avril 2026 [&hellip;]

Doyennés du Grand Limoges

Paroisse de la Trinité

Diocèse de Limoges
