{"id":17605,"date":"2020-06-03T17:57:57","date_gmt":"2020-06-03T15:57:57","guid":{"rendered":"https:\/\/www.diocese-limoges.fr\/grand-limoges\/?post_type=paroisse&#038;p=17605"},"modified":"2025-12-31T11:29:46","modified_gmt":"2025-12-31T10:29:46","slug":"catechese","status":"publish","type":"paroisse","link":"https:\/\/www.diocese-limoges.fr\/grand-limoges\/paroisses\/paroisse-de-la-trinite\/catechese\/","title":{"rendered":"Cat\u00e9ch\u00e8se"},"content":{"rendered":"\n<p><br><\/p>\n\n\n\n<p><strong><span class=\"has-inline-color has-vivid-red-color\">Eveil \u00e0 la Foi<\/span><\/strong><\/p>\n\n\n\n<p>Sur notre paroisse les enfants se retrouve 5 fois par an le samedi apr\u00e8s-midi de 15h30 \u00e0 17h.<br>  Samedi 11 octobre 2025 <br> Samedi 6 d\u00e9cembre 2025  <br> Samedi 7 mars 2026  <br> Samedi 25 avril 2026 <br> Samedi 20 juin 2026<\/p>\n\n\n\n<p>Contact : Gwendoline HUBER 06 10 49 63 08<br>               St\u00e9phanie RENAUD-DELANNOY : 06 76 99 67 58<\/p>\n\n\n\n<p><strong><span class=\"has-inline-color has-vivid-red-color\">Cat\u00e9chisme <\/span><\/strong><\/p>\n\n\n\n<p>Sur notre paroisse les enfants vivent d\u2019une mani\u00e8re regroup\u00e9e les deux temps : messe et cat\u00e9.<br>et ils se retrouvent tous les 15 jours le dimanche matin de 9h30 \u00e0 12h. <br><br>Les inscriptions pour l&rsquo;ann\u00e9e 2025-2026 sont possible tout au long de l&rsquo;ann\u00e9e.<\/p>\n\n\n\n<p>Contact : Gwendoline HUBER 06 10 49 63 08<\/p>\n\n\n\n<p><strong><span class=\"has-inline-color has-vivid-red-color\">Aum\u00f4nerie 6\u00e8me<\/span><\/strong><\/p>\n\n\n\n<p class=\"has-text-color\" style=\"color:#1a523d\">Contact : Sylvie Perrot-Massicot  : 06 86 40 16 27 <\/p>\n\n\n\n<p><strong><span class=\"has-inline-color has-vivid-red-color\">Aum\u00f4nerie 5\u00e8me 4\u00e8me 3\u00e8me<\/span><\/strong><\/p>\n\n\n\n<p class=\"has-text-color\" style=\"color:#1a523d\">Contact : <\/p>\n\n\n\n<p class=\"has-text-color\" style=\"color:#1a523d\">St\u00e9phanie RENAUD-DELANNOY : 06 76 99 67 58<br>Jean-Pierre PRAUD : 06 62 78 56 22<\/p>\n\n\n\n<p><\/p>\n\n\n\n<p class=\"has-black-color has-text-color\"><br><br><\/p>\n\n\n\n\n\n<p><\/p>\n","protected":false},"author":33,"featured_media":19832,"parent":12,"menu_order":97,"template":"","meta":{"_acf_changed":false},"class_list":["post-17605","paroisse","type-paroisse","status-publish","has-post-thumbnail","hentry"],"acf":[],"yoast_head":"<!-- This site is optimized with the Yoast SEO plugin v26.4 - https:\/\/yoast.com\/wordpress\/plugins\/seo\/ -->\n<title>Cat\u00e9ch\u00e8se - Doyenn\u00e9s du Grand Limoges<\/title>\n<meta name=\"robots\" content=\"index, follow, max-snippet:-1, max-image-preview:large, max-video-preview:-1\" \/>\n<link rel=\"canonical\" href=\"https:\/\/www.diocese-limoges.fr\/grand-limoges\/paroisses\/paroisse-de-la-trinite\/catechese\/\" \/>\n<meta property=\"og:locale\" content=\"fr_FR\" \/>\n<meta property=\"og:type\" content=\"article\" \/>\n<meta property=\"og:title\" content=\"Cat\u00e9ch\u00e8se - Doyenn\u00e9s du Grand Limoges\" \/>\n<meta property=\"og:description\" content=\"Eveil \u00e0 la Foi Sur notre paroisse les enfants se retrouve 5 fois par an le samedi apr\u00e8s-midi de 15h30 \u00e0 17h. Samedi 11 octobre 2025 Samedi 6 d\u00e9cembre 2025 Samedi 7 mars 2026 Samedi 25 avril 2026 Samedi 20 juin 2026 Contact : Gwendoline HUBER 06 10 49 63 08 St\u00e9phanie RENAUD-DELANNOY : 06 [&hellip;]\" \/>\n<meta property=\"og:url\" content=\"https:\/\/www.diocese-limoges.fr\/grand-limoges\/paroisses\/paroisse-de-la-trinite\/catechese\/\" \/>\n<meta property=\"og:site_name\" content=\"Doyenn\u00e9s du Grand Limoges\" \/>\n<meta property=\"article:modified_time\" content=\"2025-12-31T10:29:46+00:00\" \/>\n<meta property=\"og:image\" content=\"https:\/\/www.diocese-limoges.fr\/grand-limoges\/wp-content\/uploads\/sites\/2\/2020\/06\/kt4-scaled.jpg\" \/>\n\t<meta property=\"og:image:width\" content=\"2560\" \/>\n\t<meta property=\"og:image:height\" content=\"605\" \/>\n\t<meta property=\"og:image:type\" content=\"image\/jpeg\" \/>\n<meta name=\"twitter:card\" content=\"summary_large_image\" \/>\n<meta name=\"twitter:label1\" content=\"Dur\u00e9e de lecture estim\u00e9e\" \/>\n\t<meta name=\"twitter:data1\" content=\"1 minute\" \/>\n<script type=\"application\/ld+json\" class=\"yoast-schema-graph\">{\"@context\":\"https:\/\/schema.org\",\"@graph\":[{\"@type\":\"WebPage\",\"@id\":\"https:\/\/www.diocese-limoges.fr\/grand-limoges\/paroisses\/paroisse-de-la-trinite\/catechese\/\",\"url\":\"https:\/\/www.diocese-limoges.fr\/grand-limoges\/paroisses\/paroisse-de-la-trinite\/catechese\/\",\"name\":\"Cat\u00e9ch\u00e8se - Doyenn\u00e9s du Grand Limoges\",\"isPartOf\":{\"@id\":\"https:\/\/www.diocese-limoges.fr\/grand-limoges\/#website\"},\"primaryImageOfPage\":{\"@id\":\"https:\/\/www.diocese-limoges.fr\/grand-limoges\/paroisses\/paroisse-de-la-trinite\/catechese\/#primaryimage\"},\"image\":{\"@id\":\"https:\/\/www.diocese-limoges.fr\/grand-limoges\/paroisses\/paroisse-de-la-trinite\/catechese\/#primaryimage\"},\"thumbnailUrl\":\"https:\/\/www.diocese-limoges.fr\/grand-limoges\/wp-content\/uploads\/sites\/2\/2020\/06\/kt4-scaled.jpg\",\"datePublished\":\"2020-06-03T15:57:57+00:00\",\"dateModified\":\"2025-12-31T10:29:46+00:00\",\"breadcrumb\":{\"@id\":\"https:\/\/www.diocese-limoges.fr\/grand-limoges\/paroisses\/paroisse-de-la-trinite\/catechese\/#breadcrumb\"},\"inLanguage\":\"fr-FR\",\"potentialAction\":[{\"@type\":\"ReadAction\",\"target\":[\"https:\/\/www.diocese-limoges.fr\/grand-limoges\/paroisses\/paroisse-de-la-trinite\/catechese\/\"]}]},{\"@type\":\"ImageObject\",\"inLanguage\":\"fr-FR\",\"@id\":\"https:\/\/www.diocese-limoges.fr\/grand-limoges\/paroisses\/paroisse-de-la-trinite\/catechese\/#primaryimage\",\"url\":\"https:\/\/www.diocese-limoges.fr\/grand-limoges\/wp-content\/uploads\/sites\/2\/2020\/06\/kt4-scaled.jpg\",\"contentUrl\":\"https:\/\/www.diocese-limoges.fr\/grand-limoges\/wp-content\/uploads\/sites\/2\/2020\/06\/kt4-scaled.jpg\",\"width\":2560,\"height\":605},{\"@type\":\"BreadcrumbList\",\"@id\":\"https:\/\/www.diocese-limoges.fr\/grand-limoges\/paroisses\/paroisse-de-la-trinite\/catechese\/#breadcrumb\",\"itemListElement\":[{\"@type\":\"ListItem\",\"position\":1,\"name\":\"Accueil\",\"item\":\"https:\/\/www.diocese-limoges.fr\/grand-limoges\/\"},{\"@type\":\"ListItem\",\"position\":2,\"name\":\"Paroisse de la Trinit\u00e9\",\"item\":\"https:\/\/www.diocese-limoges.fr\/grand-limoges\/paroisses\/paroisse-de-la-trinite\/\"},{\"@type\":\"ListItem\",\"position\":3,\"name\":\"Cat\u00e9ch\u00e8se\"}]},{\"@type\":\"WebSite\",\"@id\":\"https:\/\/www.diocese-limoges.fr\/grand-limoges\/#website\",\"url\":\"https:\/\/www.diocese-limoges.fr\/grand-limoges\/\",\"name\":\"Doyenn\u00e9s du Grand Limoges\",\"description\":\"Dioc\u00e8se de Limoges\",\"potentialAction\":[{\"@type\":\"SearchAction\",\"target\":{\"@type\":\"EntryPoint\",\"urlTemplate\":\"https:\/\/www.diocese-limoges.fr\/grand-limoges\/?s={search_term_string}\"},\"query-input\":{\"@type\":\"PropertyValueSpecification\",\"valueRequired\":true,\"valueName\":\"search_term_string\"}}],\"inLanguage\":\"fr-FR\"}]}<\/script>\n<!-- \/ Yoast SEO plugin. -->","yoast_head_json":{"title":"Cat\u00e9ch\u00e8se - Doyenn\u00e9s du Grand Limoges","robots":{"index":"index","follow":"follow","max-snippet":"max-snippet:-1","max-image-preview":"max-image-preview:large","max-video-preview":"max-video-preview:-1"},"canonical":"https:\/\/www.diocese-limoges.fr\/grand-limoges\/paroisses\/paroisse-de-la-trinite\/catechese\/","og_locale":"fr_FR","og_type":"article","og_title":"Cat\u00e9ch\u00e8se - Doyenn\u00e9s du Grand Limoges","og_description":"Eveil \u00e0 la Foi Sur notre paroisse les enfants se retrouve 5 fois par an le samedi apr\u00e8s-midi de 15h30 \u00e0 17h. Samedi 11 octobre 2025 Samedi 6 d\u00e9cembre 2025 Samedi 7 mars 2026 Samedi 25 avril 2026 Samedi 20 juin 2026 Contact : Gwendoline HUBER 06 10 49 63 08 St\u00e9phanie RENAUD-DELANNOY : 06 [&hellip;]","og_url":"https:\/\/www.diocese-limoges.fr\/grand-limoges\/paroisses\/paroisse-de-la-trinite\/catechese\/","og_site_name":"Doyenn\u00e9s du Grand Limoges","article_modified_time":"2025-12-31T10:29:46+00:00","og_image":[{"width":2560,"height":605,"url":"https:\/\/www.diocese-limoges.fr\/grand-limoges\/wp-content\/uploads\/sites\/2\/2020\/06\/kt4-scaled.jpg","type":"image\/jpeg"}],"twitter_card":"summary_large_image","twitter_misc":{"Dur\u00e9e de lecture estim\u00e9e":"1 minute"},"schema":{"@context":"https:\/\/schema.org","@graph":[{"@type":"WebPage","@id":"https:\/\/www.diocese-limoges.fr\/grand-limoges\/paroisses\/paroisse-de-la-trinite\/catechese\/","url":"https:\/\/www.diocese-limoges.fr\/grand-limoges\/paroisses\/paroisse-de-la-trinite\/catechese\/","name":"Cat\u00e9ch\u00e8se - Doyenn\u00e9s du Grand Limoges","isPartOf":{"@id":"https:\/\/www.diocese-limoges.fr\/grand-limoges\/#website"},"primaryImageOfPage":{"@id":"https:\/\/www.diocese-limoges.fr\/grand-limoges\/paroisses\/paroisse-de-la-trinite\/catechese\/#primaryimage"},"image":{"@id":"https:\/\/www.diocese-limoges.fr\/grand-limoges\/paroisses\/paroisse-de-la-trinite\/catechese\/#primaryimage"},"thumbnailUrl":"https:\/\/www.diocese-limoges.fr\/grand-limoges\/wp-content\/uploads\/sites\/2\/2020\/06\/kt4-scaled.jpg","datePublished":"2020-06-03T15:57:57+00:00","dateModified":"2025-12-31T10:29:46+00:00","breadcrumb":{"@id":"https:\/\/www.diocese-limoges.fr\/grand-limoges\/paroisses\/paroisse-de-la-trinite\/catechese\/#breadcrumb"},"inLanguage":"fr-FR","potentialAction":[{"@type":"ReadAction","target":["https:\/\/www.diocese-limoges.fr\/grand-limoges\/paroisses\/paroisse-de-la-trinite\/catechese\/"]}]},{"@type":"ImageObject","inLanguage":"fr-FR","@id":"https:\/\/www.diocese-limoges.fr\/grand-limoges\/paroisses\/paroisse-de-la-trinite\/catechese\/#primaryimage","url":"https:\/\/www.diocese-limoges.fr\/grand-limoges\/wp-content\/uploads\/sites\/2\/2020\/06\/kt4-scaled.jpg","contentUrl":"https:\/\/www.diocese-limoges.fr\/grand-limoges\/wp-content\/uploads\/sites\/2\/2020\/06\/kt4-scaled.jpg","width":2560,"height":605},{"@type":"BreadcrumbList","@id":"https:\/\/www.diocese-limoges.fr\/grand-limoges\/paroisses\/paroisse-de-la-trinite\/catechese\/#breadcrumb","itemListElement":[{"@type":"ListItem","position":1,"name":"Accueil","item":"https:\/\/www.diocese-limoges.fr\/grand-limoges\/"},{"@type":"ListItem","position":2,"name":"Paroisse de la Trinit\u00e9","item":"https:\/\/www.diocese-limoges.fr\/grand-limoges\/paroisses\/paroisse-de-la-trinite\/"},{"@type":"ListItem","position":3,"name":"Cat\u00e9ch\u00e8se"}]},{"@type":"WebSite","@id":"https:\/\/www.diocese-limoges.fr\/grand-limoges\/#website","url":"https:\/\/www.diocese-limoges.fr\/grand-limoges\/","name":"Doyenn\u00e9s du Grand Limoges","description":"Dioc\u00e8se de Limoges","potentialAction":[{"@type":"SearchAction","target":{"@type":"EntryPoint","urlTemplate":"https:\/\/www.diocese-limoges.fr\/grand-limoges\/?s={search_term_string}"},"query-input":{"@type":"PropertyValueSpecification","valueRequired":true,"valueName":"search_term_string"}}],"inLanguage":"fr-FR"}]}},"_links":{"self":[{"href":"https:\/\/www.diocese-limoges.fr\/grand-limoges\/wp-json\/wp\/v2\/paroisse\/17605","targetHints":{"allow":["GET"]}}],"collection":[{"href":"https:\/\/www.diocese-limoges.fr\/grand-limoges\/wp-json\/wp\/v2\/paroisse"}],"about":[{"href":"https:\/\/www.diocese-limoges.fr\/grand-limoges\/wp-json\/wp\/v2\/types\/paroisse"}],"author":[{"embeddable":true,"href":"https:\/\/www.diocese-limoges.fr\/grand-limoges\/wp-json\/wp\/v2\/users\/33"}],"up":[{"embeddable":true,"href":"https:\/\/www.diocese-limoges.fr\/grand-limoges\/wp-json\/wp\/v2\/paroisse\/12"}],"wp:featuredmedia":[{"embeddable":true,"href":"https:\/\/www.diocese-limoges.fr\/grand-limoges\/wp-json\/wp\/v2\/media\/19832"}],"wp:attachment":[{"href":"https:\/\/www.diocese-limoges.fr\/grand-limoges\/wp-json\/wp\/v2\/media?parent=17605"}],"curies":[{"name":"wp","href":"https:\/\/api.w.org\/{rel}","templated":true}]}}

Catéchèse

<p><br></p>



<p><strong><span class="has-inline-color has-vivid-red-color">Eveil à la Foi</span></strong></p>



<p>Sur notre paroisse les enfants se retrouve 5 fois par an le samedi après-midi de 15h30 à 17h.<br>  Samedi 11 octobre 2025 <br> Samedi 6 décembre 2025  <br> Samedi 7 mars 2026  <br> Samedi 25 avril 2026 <br> Samedi 20 juin 2026</p>



<p>Contact : Gwendoline HUBER 06 10 49 63 08<br>               Stéphanie RENAUD-DELANNOY : 06 76 99 67 58</p>



<p><strong><span class="has-inline-color has-vivid-red-color">Catéchisme </span></strong></p>



<p>Sur notre paroisse les enfants vivent d’une manière regroupée les deux temps : messe et caté.<br>et ils se retrouvent tous les 15 jours le dimanche matin de 9h30 à 12h. <br><br>Les inscriptions pour l&rsquo;année 2025-2026 sont possible tout au long de l&rsquo;année.</p>



<p>Contact : Gwendoline HUBER 06 10 49 63 08</p>



<p><strong><span class="has-inline-color has-vivid-red-color">Aumônerie 6ème</span></strong></p>



<p class="has-text-color" style="color:#1a523d">Contact : Sylvie Perrot-Massicot  : 06 86 40 16 27 </p>



<p><strong><span class="has-inline-color has-vivid-red-color">Aumônerie 5ème 4ème 3ème</span></strong></p>



<p class="has-text-color" style="color:#1a523d">Contact : </p>



<p class="has-text-color" style="color:#1a523d">Stéphanie RENAUD-DELANNOY : 06 76 99 67 58<br>Jean-Pierre PRAUD : 06 62 78 56 22</p>



<p></p>



<p class="has-black-color has-text-color"><br><br></p>





<p></p>

<!-- This site is optimized with the Yoast SEO plugin v26.4 - https://yoast.com/wordpress/plugins/seo/ -->
<title>Catéchèse - Doyennés du Grand Limoges</title>
<meta name="robots" content="index, follow, max-snippet:-1, max-image-preview:large, max-video-preview:-1" />
<link rel="canonical" href="https://www.diocese-limoges.fr/grand-limoges/paroisses/paroisse-de-la-trinite/catechese/" />
<meta property="og:locale" content="fr_FR" />
<meta property="og:type" content="article" />
<meta property="og:title" content="Catéchèse - Doyennés du Grand Limoges" />
<meta property="og:description" content="Eveil à la Foi Sur notre paroisse les enfants se retrouve 5 fois par an le samedi après-midi de 15h30 à 17h. Samedi 11 octobre 2025 Samedi 6 décembre 2025 Samedi 7 mars 2026 Samedi 25 avril 2026 Samedi 20 juin 2026 Contact : Gwendoline HUBER 06 10 49 63 08 Stéphanie RENAUD-DELANNOY : 06 [&hellip;]" />
<meta property="og:url" content="https://www.diocese-limoges.fr/grand-limoges/paroisses/paroisse-de-la-trinite/catechese/" />
<meta property="og:site_name" content="Doyennés du Grand Limoges" />
<meta property="article:modified_time" content="2025-12-31T10:29:46+00:00" />
<meta property="og:image" content="https://www.diocese-limoges.fr/grand-limoges/wp-content/uploads/sites/2/2020/06/kt4-scaled.jpg" />
	<meta property="og:image:width" content="2560" />
	<meta property="og:image:height" content="605" />
	<meta property="og:image:type" content="image/jpeg" />
<meta name="twitter:card" content="summary_large_image" />
<meta name="twitter:label1" content="Durée de lecture estimée" />
	<meta name="twitter:data1" content="1 minute" />
<script type="application/ld+json" class="yoast-schema-graph">{"@context":"https://schema.org","@graph":[{"@type":"WebPage","@id":"https://www.diocese-limoges.fr/grand-limoges/paroisses/paroisse-de-la-trinite/catechese/","url":"https://www.diocese-limoges.fr/grand-limoges/paroisses/paroisse-de-la-trinite/catechese/","name":"Catéchèse - Doyennés du Grand Limoges","isPartOf":{"@id":"https://www.diocese-limoges.fr/grand-limoges/#website"},"primaryImageOfPage":{"@id":"https://www.diocese-limoges.fr/grand-limoges/paroisses/paroisse-de-la-trinite/catechese/#primaryimage"},"image":{"@id":"https://www.diocese-limoges.fr/grand-limoges/paroisses/paroisse-de-la-trinite/catechese/#primaryimage"},"thumbnailUrl":"https://www.diocese-limoges.fr/grand-limoges/wp-content/uploads/sites/2/2020/06/kt4-scaled.jpg","datePublished":"2020-06-03T15:57:57+00:00","dateModified":"2025-12-31T10:29:46+00:00","breadcrumb":{"@id":"https://www.diocese-limoges.fr/grand-limoges/paroisses/paroisse-de-la-trinite/catechese/#breadcrumb"},"inLanguage":"fr-FR","potentialAction":[{"@type":"ReadAction","target":["https://www.diocese-limoges.fr/grand-limoges/paroisses/paroisse-de-la-trinite/catechese/"]}]},{"@type":"ImageObject","inLanguage":"fr-FR","@id":"https://www.diocese-limoges.fr/grand-limoges/paroisses/paroisse-de-la-trinite/catechese/#primaryimage","url":"https://www.diocese-limoges.fr/grand-limoges/wp-content/uploads/sites/2/2020/06/kt4-scaled.jpg","contentUrl":"https://www.diocese-limoges.fr/grand-limoges/wp-content/uploads/sites/2/2020/06/kt4-scaled.jpg","width":2560,"height":605},{"@type":"BreadcrumbList","@id":"https://www.diocese-limoges.fr/grand-limoges/paroisses/paroisse-de-la-trinite/catechese/#breadcrumb","itemListElement":[{"@type":"ListItem","position":1,"name":"Accueil","item":"https://www.diocese-limoges.fr/grand-limoges/"},{"@type":"ListItem","position":2,"name":"Paroisse de la Trinité","item":"https://www.diocese-limoges.fr/grand-limoges/paroisses/paroisse-de-la-trinite/"},{"@type":"ListItem","position":3,"name":"Catéchèse"}]},{"@type":"WebSite","@id":"https://www.diocese-limoges.fr/grand-limoges/#website","url":"https://www.diocese-limoges.fr/grand-limoges/","name":"Doyennés du Grand Limoges","description":"Diocèse de Limoges","potentialAction":[{"@type":"SearchAction","target":{"@type":"EntryPoint","urlTemplate":"https://www.diocese-limoges.fr/grand-limoges/?s={search_term_string}"},"query-input":{"@type":"PropertyValueSpecification","valueRequired":true,"valueName":"search_term_string"}}],"inLanguage":"fr-FR"}]}</script>
<!-- / Yoast SEO plugin. -->

Catéchèse - Doyennés du Grand Limoges

Eveil à la Foi Sur notre paroisse les enfants se retrouve 5 fois par an le samedi après-midi de 15h30 à 17h. Samedi 11 octobre 2025 Samedi 6 décembre 2025 Samedi 7 mars 2026 Samedi 25 avril 2026 Samedi 20 juin 2026 Contact : Gwendoline HUBER 06 10 49 63 08 Stéphanie RENAUD-DELANNOY : 06 [&hellip;]

Doyennés du Grand Limoges

Paroisse de la Trinité

Diocèse de Limoges
