{"id":18233,"date":"2020-11-09T20:41:10","date_gmt":"2020-11-09T19:41:10","guid":{"rendered":"https:\/\/www.diocese-limoges.fr\/grand-limoges\/?post_type=paroisse&#038;p=18233"},"modified":"2025-10-30T00:03:26","modified_gmt":"2025-10-29T23:03:26","slug":"catechisme","status":"publish","type":"paroisse","link":"https:\/\/www.diocese-limoges.fr\/grand-limoges\/paroisses\/saint-eloi-des-hauts-de-laurence\/catechisme\/","title":{"rendered":"Cat\u00e9ch\u00e8se"},"content":{"rendered":"\n<p class=\"has-vivid-cyan-blue-color has-text-color has-medium-font-size\">La cat\u00e9ch\u00e8se est propos\u00e9e \u00e0 tous les enfants, baptis\u00e9s ou non, \u00e0 partir de 7 ans et jusqu&rsquo;au CM2<\/p>\n\n\n\n<div class=\"wp-block-columns is-layout-flex wp-container-core-columns-is-layout-28f84493 wp-block-columns-is-layout-flex\">\n<div class=\"wp-block-column is-layout-flow wp-block-column-is-layout-flow\" style=\"flex-basis:33.33%\"><div class=\"wp-block-image\">\n<figure class=\"aligncenter size-medium is-resized\"><img loading=\"lazy\" decoding=\"async\" width=\"260\" height=\"300\" src=\"https:\/\/www.diocese-limoges.fr\/grand-limoges\/wp-content\/uploads\/sites\/2\/2023\/08\/catejpg-260x300.jpg\" alt=\"\" class=\"wp-image-21977\" style=\"width:201px;height:232px\" srcset=\"https:\/\/www.diocese-limoges.fr\/grand-limoges\/wp-content\/uploads\/sites\/2\/2023\/08\/catejpg-260x300.jpg 260w, https:\/\/www.diocese-limoges.fr\/grand-limoges\/wp-content\/uploads\/sites\/2\/2023\/08\/catejpg.jpg 308w\" sizes=\"auto, (max-width: 260px) 100vw, 260px\" \/><\/figure><\/div><\/div>\n\n\n\n<div class=\"wp-block-column is-layout-flow wp-block-column-is-layout-flow\" style=\"flex-basis:66.66%\">\n<p><a>Le Cat\u00e9 se r\u00e9invente \u00e0 St \u00c9loi !&nbsp;<\/a><\/p>\n\n\n\n<p>Cette ann\u00e9e, les enfants du CE1 au CM2 se r\u00e9uniront un dimanche matin par mois \u00e0 Ste Th\u00e9r\u00e8se. Chaque rassemblement d\u00e9marrera \u00e0 9 h sur le parvis de l&rsquo;\u00e9glise. Nous vivrons la messe ensemble avec la communaut\u00e9. S&rsquo;en suivra un temps de rassemblement commun avec tous les enfants et leur famille. Enfin, chaque groupe vivra une cat\u00e9ch\u00e8se adapt\u00e9e qui se terminera \u00e0 12h. Date de la rentr\u00e9e du cat\u00e9 : le 21 septembre.&nbsp;<\/p>\n\n\n\n<p><\/p>\n<\/div>\n<\/div>\n","protected":false},"author":10,"featured_media":21949,"parent":60,"menu_order":30,"template":"","meta":{"_acf_changed":false},"class_list":["post-18233","paroisse","type-paroisse","status-publish","has-post-thumbnail","hentry"],"acf":[],"yoast_head":"<!-- This site is optimized with the Yoast SEO plugin v26.4 - https:\/\/yoast.com\/wordpress\/plugins\/seo\/ -->\n<title>Cat\u00e9ch\u00e8se - Doyenn\u00e9s du Grand Limoges<\/title>\n<meta name=\"robots\" content=\"index, follow, max-snippet:-1, max-image-preview:large, max-video-preview:-1\" \/>\n<link rel=\"canonical\" href=\"https:\/\/www.diocese-limoges.fr\/grand-limoges\/paroisses\/saint-eloi-des-hauts-de-laurence\/catechisme\/\" \/>\n<meta property=\"og:locale\" content=\"fr_FR\" \/>\n<meta property=\"og:type\" content=\"article\" \/>\n<meta property=\"og:title\" content=\"Cat\u00e9ch\u00e8se - Doyenn\u00e9s du Grand Limoges\" \/>\n<meta property=\"og:description\" content=\"La cat\u00e9ch\u00e8se est propos\u00e9e \u00e0 tous les enfants, baptis\u00e9s ou non, \u00e0 partir de 7 ans et jusqu&rsquo;au CM2 Le Cat\u00e9 se r\u00e9invente \u00e0 St \u00c9loi !&nbsp; Cette ann\u00e9e, les enfants du CE1 au CM2 se r\u00e9uniront un dimanche matin par mois \u00e0 Ste Th\u00e9r\u00e8se. Chaque rassemblement d\u00e9marrera \u00e0 9 h sur le parvis de [&hellip;]\" \/>\n<meta property=\"og:url\" content=\"https:\/\/www.diocese-limoges.fr\/grand-limoges\/paroisses\/saint-eloi-des-hauts-de-laurence\/catechisme\/\" \/>\n<meta property=\"og:site_name\" content=\"Doyenn\u00e9s du Grand Limoges\" \/>\n<meta property=\"article:modified_time\" content=\"2025-10-29T23:03:26+00:00\" \/>\n<meta property=\"og:image\" content=\"https:\/\/www.diocese-limoges.fr\/grand-limoges\/wp-content\/uploads\/sites\/2\/2023\/07\/ose-le-cate--scaled.jpg\" \/>\n\t<meta property=\"og:image:width\" content=\"2560\" \/>\n\t<meta property=\"og:image:height\" content=\"1347\" \/>\n\t<meta property=\"og:image:type\" content=\"image\/jpeg\" \/>\n<meta name=\"twitter:card\" content=\"summary_large_image\" \/>\n<meta name=\"twitter:label1\" content=\"Dur\u00e9e de lecture estim\u00e9e\" \/>\n\t<meta name=\"twitter:data1\" content=\"1 minute\" \/>\n<script type=\"application\/ld+json\" class=\"yoast-schema-graph\">{\"@context\":\"https:\/\/schema.org\",\"@graph\":[{\"@type\":\"WebPage\",\"@id\":\"https:\/\/www.diocese-limoges.fr\/grand-limoges\/paroisses\/saint-eloi-des-hauts-de-laurence\/catechisme\/\",\"url\":\"https:\/\/www.diocese-limoges.fr\/grand-limoges\/paroisses\/saint-eloi-des-hauts-de-laurence\/catechisme\/\",\"name\":\"Cat\u00e9ch\u00e8se - Doyenn\u00e9s du Grand Limoges\",\"isPartOf\":{\"@id\":\"https:\/\/www.diocese-limoges.fr\/grand-limoges\/#website\"},\"primaryImageOfPage\":{\"@id\":\"https:\/\/www.diocese-limoges.fr\/grand-limoges\/paroisses\/saint-eloi-des-hauts-de-laurence\/catechisme\/#primaryimage\"},\"image\":{\"@id\":\"https:\/\/www.diocese-limoges.fr\/grand-limoges\/paroisses\/saint-eloi-des-hauts-de-laurence\/catechisme\/#primaryimage\"},\"thumbnailUrl\":\"https:\/\/www.diocese-limoges.fr\/grand-limoges\/wp-content\/uploads\/sites\/2\/2023\/07\/ose-le-cate--scaled.jpg\",\"datePublished\":\"2020-11-09T19:41:10+00:00\",\"dateModified\":\"2025-10-29T23:03:26+00:00\",\"breadcrumb\":{\"@id\":\"https:\/\/www.diocese-limoges.fr\/grand-limoges\/paroisses\/saint-eloi-des-hauts-de-laurence\/catechisme\/#breadcrumb\"},\"inLanguage\":\"fr-FR\",\"potentialAction\":[{\"@type\":\"ReadAction\",\"target\":[\"https:\/\/www.diocese-limoges.fr\/grand-limoges\/paroisses\/saint-eloi-des-hauts-de-laurence\/catechisme\/\"]}]},{\"@type\":\"ImageObject\",\"inLanguage\":\"fr-FR\",\"@id\":\"https:\/\/www.diocese-limoges.fr\/grand-limoges\/paroisses\/saint-eloi-des-hauts-de-laurence\/catechisme\/#primaryimage\",\"url\":\"https:\/\/www.diocese-limoges.fr\/grand-limoges\/wp-content\/uploads\/sites\/2\/2023\/07\/ose-le-cate--scaled.jpg\",\"contentUrl\":\"https:\/\/www.diocese-limoges.fr\/grand-limoges\/wp-content\/uploads\/sites\/2\/2023\/07\/ose-le-cate--scaled.jpg\",\"width\":2560,\"height\":1347},{\"@type\":\"BreadcrumbList\",\"@id\":\"https:\/\/www.diocese-limoges.fr\/grand-limoges\/paroisses\/saint-eloi-des-hauts-de-laurence\/catechisme\/#breadcrumb\",\"itemListElement\":[{\"@type\":\"ListItem\",\"position\":1,\"name\":\"Accueil\",\"item\":\"https:\/\/www.diocese-limoges.fr\/grand-limoges\/\"},{\"@type\":\"ListItem\",\"position\":2,\"name\":\"Paroisse Saint-\u00c9loi-des-Hauts-de-l&rsquo;Aurence\",\"item\":\"https:\/\/www.diocese-limoges.fr\/grand-limoges\/paroisses\/saint-eloi-des-hauts-de-laurence\/\"},{\"@type\":\"ListItem\",\"position\":3,\"name\":\"Cat\u00e9ch\u00e8se\"}]},{\"@type\":\"WebSite\",\"@id\":\"https:\/\/www.diocese-limoges.fr\/grand-limoges\/#website\",\"url\":\"https:\/\/www.diocese-limoges.fr\/grand-limoges\/\",\"name\":\"Doyenn\u00e9s du Grand Limoges\",\"description\":\"Dioc\u00e8se de Limoges\",\"potentialAction\":[{\"@type\":\"SearchAction\",\"target\":{\"@type\":\"EntryPoint\",\"urlTemplate\":\"https:\/\/www.diocese-limoges.fr\/grand-limoges\/?s={search_term_string}\"},\"query-input\":{\"@type\":\"PropertyValueSpecification\",\"valueRequired\":true,\"valueName\":\"search_term_string\"}}],\"inLanguage\":\"fr-FR\"}]}<\/script>\n<!-- \/ Yoast SEO plugin. -->","yoast_head_json":{"title":"Cat\u00e9ch\u00e8se - Doyenn\u00e9s du Grand Limoges","robots":{"index":"index","follow":"follow","max-snippet":"max-snippet:-1","max-image-preview":"max-image-preview:large","max-video-preview":"max-video-preview:-1"},"canonical":"https:\/\/www.diocese-limoges.fr\/grand-limoges\/paroisses\/saint-eloi-des-hauts-de-laurence\/catechisme\/","og_locale":"fr_FR","og_type":"article","og_title":"Cat\u00e9ch\u00e8se - Doyenn\u00e9s du Grand Limoges","og_description":"La cat\u00e9ch\u00e8se est propos\u00e9e \u00e0 tous les enfants, baptis\u00e9s ou non, \u00e0 partir de 7 ans et jusqu&rsquo;au CM2 Le Cat\u00e9 se r\u00e9invente \u00e0 St \u00c9loi !&nbsp; Cette ann\u00e9e, les enfants du CE1 au CM2 se r\u00e9uniront un dimanche matin par mois \u00e0 Ste Th\u00e9r\u00e8se. Chaque rassemblement d\u00e9marrera \u00e0 9 h sur le parvis de [&hellip;]","og_url":"https:\/\/www.diocese-limoges.fr\/grand-limoges\/paroisses\/saint-eloi-des-hauts-de-laurence\/catechisme\/","og_site_name":"Doyenn\u00e9s du Grand Limoges","article_modified_time":"2025-10-29T23:03:26+00:00","og_image":[{"width":2560,"height":1347,"url":"https:\/\/www.diocese-limoges.fr\/grand-limoges\/wp-content\/uploads\/sites\/2\/2023\/07\/ose-le-cate--scaled.jpg","type":"image\/jpeg"}],"twitter_card":"summary_large_image","twitter_misc":{"Dur\u00e9e de lecture estim\u00e9e":"1 minute"},"schema":{"@context":"https:\/\/schema.org","@graph":[{"@type":"WebPage","@id":"https:\/\/www.diocese-limoges.fr\/grand-limoges\/paroisses\/saint-eloi-des-hauts-de-laurence\/catechisme\/","url":"https:\/\/www.diocese-limoges.fr\/grand-limoges\/paroisses\/saint-eloi-des-hauts-de-laurence\/catechisme\/","name":"Cat\u00e9ch\u00e8se - Doyenn\u00e9s du Grand Limoges","isPartOf":{"@id":"https:\/\/www.diocese-limoges.fr\/grand-limoges\/#website"},"primaryImageOfPage":{"@id":"https:\/\/www.diocese-limoges.fr\/grand-limoges\/paroisses\/saint-eloi-des-hauts-de-laurence\/catechisme\/#primaryimage"},"image":{"@id":"https:\/\/www.diocese-limoges.fr\/grand-limoges\/paroisses\/saint-eloi-des-hauts-de-laurence\/catechisme\/#primaryimage"},"thumbnailUrl":"https:\/\/www.diocese-limoges.fr\/grand-limoges\/wp-content\/uploads\/sites\/2\/2023\/07\/ose-le-cate--scaled.jpg","datePublished":"2020-11-09T19:41:10+00:00","dateModified":"2025-10-29T23:03:26+00:00","breadcrumb":{"@id":"https:\/\/www.diocese-limoges.fr\/grand-limoges\/paroisses\/saint-eloi-des-hauts-de-laurence\/catechisme\/#breadcrumb"},"inLanguage":"fr-FR","potentialAction":[{"@type":"ReadAction","target":["https:\/\/www.diocese-limoges.fr\/grand-limoges\/paroisses\/saint-eloi-des-hauts-de-laurence\/catechisme\/"]}]},{"@type":"ImageObject","inLanguage":"fr-FR","@id":"https:\/\/www.diocese-limoges.fr\/grand-limoges\/paroisses\/saint-eloi-des-hauts-de-laurence\/catechisme\/#primaryimage","url":"https:\/\/www.diocese-limoges.fr\/grand-limoges\/wp-content\/uploads\/sites\/2\/2023\/07\/ose-le-cate--scaled.jpg","contentUrl":"https:\/\/www.diocese-limoges.fr\/grand-limoges\/wp-content\/uploads\/sites\/2\/2023\/07\/ose-le-cate--scaled.jpg","width":2560,"height":1347},{"@type":"BreadcrumbList","@id":"https:\/\/www.diocese-limoges.fr\/grand-limoges\/paroisses\/saint-eloi-des-hauts-de-laurence\/catechisme\/#breadcrumb","itemListElement":[{"@type":"ListItem","position":1,"name":"Accueil","item":"https:\/\/www.diocese-limoges.fr\/grand-limoges\/"},{"@type":"ListItem","position":2,"name":"Paroisse Saint-\u00c9loi-des-Hauts-de-l&rsquo;Aurence","item":"https:\/\/www.diocese-limoges.fr\/grand-limoges\/paroisses\/saint-eloi-des-hauts-de-laurence\/"},{"@type":"ListItem","position":3,"name":"Cat\u00e9ch\u00e8se"}]},{"@type":"WebSite","@id":"https:\/\/www.diocese-limoges.fr\/grand-limoges\/#website","url":"https:\/\/www.diocese-limoges.fr\/grand-limoges\/","name":"Doyenn\u00e9s du Grand Limoges","description":"Dioc\u00e8se de Limoges","potentialAction":[{"@type":"SearchAction","target":{"@type":"EntryPoint","urlTemplate":"https:\/\/www.diocese-limoges.fr\/grand-limoges\/?s={search_term_string}"},"query-input":{"@type":"PropertyValueSpecification","valueRequired":true,"valueName":"search_term_string"}}],"inLanguage":"fr-FR"}]}},"_links":{"self":[{"href":"https:\/\/www.diocese-limoges.fr\/grand-limoges\/wp-json\/wp\/v2\/paroisse\/18233","targetHints":{"allow":["GET"]}}],"collection":[{"href":"https:\/\/www.diocese-limoges.fr\/grand-limoges\/wp-json\/wp\/v2\/paroisse"}],"about":[{"href":"https:\/\/www.diocese-limoges.fr\/grand-limoges\/wp-json\/wp\/v2\/types\/paroisse"}],"author":[{"embeddable":true,"href":"https:\/\/www.diocese-limoges.fr\/grand-limoges\/wp-json\/wp\/v2\/users\/10"}],"up":[{"embeddable":true,"href":"https:\/\/www.diocese-limoges.fr\/grand-limoges\/wp-json\/wp\/v2\/paroisse\/60"}],"wp:featuredmedia":[{"embeddable":true,"href":"https:\/\/www.diocese-limoges.fr\/grand-limoges\/wp-json\/wp\/v2\/media\/21949"}],"wp:attachment":[{"href":"https:\/\/www.diocese-limoges.fr\/grand-limoges\/wp-json\/wp\/v2\/media?parent=18233"}],"curies":[{"name":"wp","href":"https:\/\/api.w.org\/{rel}","templated":true}]}}

Catéchèse

<p class="has-vivid-cyan-blue-color has-text-color has-medium-font-size">La catéchèse est proposée à tous les enfants, baptisés ou non, à partir de 7 ans et jusqu&rsquo;au CM2</p>



<div class="wp-block-columns is-layout-flex wp-container-core-columns-is-layout-28f84493 wp-block-columns-is-layout-flex">
<div class="wp-block-column is-layout-flow wp-block-column-is-layout-flow" style="flex-basis:33.33%"><div class="wp-block-image">
<figure class="aligncenter size-medium is-resized"><img loading="lazy" decoding="async" width="260" height="300" src="https://www.diocese-limoges.fr/grand-limoges/wp-content/uploads/sites/2/2023/08/catejpg-260x300.jpg" alt="" class="wp-image-21977" style="width:201px;height:232px" srcset="https://www.diocese-limoges.fr/grand-limoges/wp-content/uploads/sites/2/2023/08/catejpg-260x300.jpg 260w, https://www.diocese-limoges.fr/grand-limoges/wp-content/uploads/sites/2/2023/08/catejpg.jpg 308w" sizes="auto, (max-width: 260px) 100vw, 260px" /></figure></div></div>



<div class="wp-block-column is-layout-flow wp-block-column-is-layout-flow" style="flex-basis:66.66%">
<p><a>Le Caté se réinvente à St Éloi !&nbsp;</a></p>



<p>Cette année, les enfants du CE1 au CM2 se réuniront un dimanche matin par mois à Ste Thérèse. Chaque rassemblement démarrera à 9 h sur le parvis de l&rsquo;église. Nous vivrons la messe ensemble avec la communauté. S&rsquo;en suivra un temps de rassemblement commun avec tous les enfants et leur famille. Enfin, chaque groupe vivra une catéchèse adaptée qui se terminera à 12h. Date de la rentrée du caté : le 21 septembre.&nbsp;</p>



<p></p>
</div>
</div>

<!-- This site is optimized with the Yoast SEO plugin v26.4 - https://yoast.com/wordpress/plugins/seo/ -->
<title>Catéchèse - Doyennés du Grand Limoges</title>
<meta name="robots" content="index, follow, max-snippet:-1, max-image-preview:large, max-video-preview:-1" />
<link rel="canonical" href="https://www.diocese-limoges.fr/grand-limoges/paroisses/saint-eloi-des-hauts-de-laurence/catechisme/" />
<meta property="og:locale" content="fr_FR" />
<meta property="og:type" content="article" />
<meta property="og:title" content="Catéchèse - Doyennés du Grand Limoges" />
<meta property="og:description" content="La catéchèse est proposée à tous les enfants, baptisés ou non, à partir de 7 ans et jusqu&rsquo;au CM2 Le Caté se réinvente à St Éloi !&nbsp; Cette année, les enfants du CE1 au CM2 se réuniront un dimanche matin par mois à Ste Thérèse. Chaque rassemblement démarrera à 9 h sur le parvis de [&hellip;]" />
<meta property="og:url" content="https://www.diocese-limoges.fr/grand-limoges/paroisses/saint-eloi-des-hauts-de-laurence/catechisme/" />
<meta property="og:site_name" content="Doyennés du Grand Limoges" />
<meta property="article:modified_time" content="2025-10-29T23:03:26+00:00" />
<meta property="og:image" content="https://www.diocese-limoges.fr/grand-limoges/wp-content/uploads/sites/2/2023/07/ose-le-cate--scaled.jpg" />
	<meta property="og:image:width" content="2560" />
	<meta property="og:image:height" content="1347" />
	<meta property="og:image:type" content="image/jpeg" />
<meta name="twitter:card" content="summary_large_image" />
<meta name="twitter:label1" content="Durée de lecture estimée" />
	<meta name="twitter:data1" content="1 minute" />
<script type="application/ld+json" class="yoast-schema-graph">{"@context":"https://schema.org","@graph":[{"@type":"WebPage","@id":"https://www.diocese-limoges.fr/grand-limoges/paroisses/saint-eloi-des-hauts-de-laurence/catechisme/","url":"https://www.diocese-limoges.fr/grand-limoges/paroisses/saint-eloi-des-hauts-de-laurence/catechisme/","name":"Catéchèse - Doyennés du Grand Limoges","isPartOf":{"@id":"https://www.diocese-limoges.fr/grand-limoges/#website"},"primaryImageOfPage":{"@id":"https://www.diocese-limoges.fr/grand-limoges/paroisses/saint-eloi-des-hauts-de-laurence/catechisme/#primaryimage"},"image":{"@id":"https://www.diocese-limoges.fr/grand-limoges/paroisses/saint-eloi-des-hauts-de-laurence/catechisme/#primaryimage"},"thumbnailUrl":"https://www.diocese-limoges.fr/grand-limoges/wp-content/uploads/sites/2/2023/07/ose-le-cate--scaled.jpg","datePublished":"2020-11-09T19:41:10+00:00","dateModified":"2025-10-29T23:03:26+00:00","breadcrumb":{"@id":"https://www.diocese-limoges.fr/grand-limoges/paroisses/saint-eloi-des-hauts-de-laurence/catechisme/#breadcrumb"},"inLanguage":"fr-FR","potentialAction":[{"@type":"ReadAction","target":["https://www.diocese-limoges.fr/grand-limoges/paroisses/saint-eloi-des-hauts-de-laurence/catechisme/"]}]},{"@type":"ImageObject","inLanguage":"fr-FR","@id":"https://www.diocese-limoges.fr/grand-limoges/paroisses/saint-eloi-des-hauts-de-laurence/catechisme/#primaryimage","url":"https://www.diocese-limoges.fr/grand-limoges/wp-content/uploads/sites/2/2023/07/ose-le-cate--scaled.jpg","contentUrl":"https://www.diocese-limoges.fr/grand-limoges/wp-content/uploads/sites/2/2023/07/ose-le-cate--scaled.jpg","width":2560,"height":1347},{"@type":"BreadcrumbList","@id":"https://www.diocese-limoges.fr/grand-limoges/paroisses/saint-eloi-des-hauts-de-laurence/catechisme/#breadcrumb","itemListElement":[{"@type":"ListItem","position":1,"name":"Accueil","item":"https://www.diocese-limoges.fr/grand-limoges/"},{"@type":"ListItem","position":2,"name":"Paroisse Saint-Éloi-des-Hauts-de-l&rsquo;Aurence","item":"https://www.diocese-limoges.fr/grand-limoges/paroisses/saint-eloi-des-hauts-de-laurence/"},{"@type":"ListItem","position":3,"name":"Catéchèse"}]},{"@type":"WebSite","@id":"https://www.diocese-limoges.fr/grand-limoges/#website","url":"https://www.diocese-limoges.fr/grand-limoges/","name":"Doyennés du Grand Limoges","description":"Diocèse de Limoges","potentialAction":[{"@type":"SearchAction","target":{"@type":"EntryPoint","urlTemplate":"https://www.diocese-limoges.fr/grand-limoges/?s={search_term_string}"},"query-input":{"@type":"PropertyValueSpecification","valueRequired":true,"valueName":"search_term_string"}}],"inLanguage":"fr-FR"}]}</script>
<!-- / Yoast SEO plugin. -->

Catéchèse - Doyennés du Grand Limoges

La catéchèse est proposée à tous les enfants, baptisés ou non, à partir de 7 ans et jusqu&rsquo;au CM2 Le Caté se réinvente à St Éloi !&nbsp; Cette année, les enfants du CE1 au CM2 se réuniront un dimanche matin par mois à Ste Thérèse. Chaque rassemblement démarrera à 9 h sur le parvis de [&hellip;]

Doyennés du Grand Limoges

Paroisse Saint-Éloi-des-Hauts-de-l&rsquo;Aurence

Diocèse de Limoges
