{"id":18593,"date":"2020-12-30T17:51:48","date_gmt":"2020-12-30T16:51:48","guid":{"rendered":"https:\/\/www.diocese-limoges.fr\/grand-limoges\/?post_type=paroisse&#038;p=18593"},"modified":"2021-11-03T16:03:57","modified_gmt":"2021-11-03T15:03:57","slug":"je-parraine-un-enfant","status":"publish","type":"paroisse","link":"https:\/\/www.diocese-limoges.fr\/grand-limoges\/paroisses\/paroisse-de-la-trinite\/je-parraine-un-enfant\/","title":{"rendered":"Je parraine un enfant !"},"content":{"rendered":"\n<p>La paroisse de la Trinit\u00e9 est jumel\u00e9e avec la paroisse Charles de Foucauld \u00e0 Sabc\u00e9 au Burkina Faso.<\/p>\n\n\n\n<p>Les \u00e9quipes de jumelage de nos deux paroisses, avec le soutien de l&rsquo;association Mil&rsquo;Ami collaborent \u00e0 une action de parrainage afin d&rsquo;aider les jeunes de Sabc\u00e9 \u00e0 \u00eatre scolaris\u00e9s dans de bonnes conditions.<\/p>\n\n\n\n<p>Vous souhaitez soutenir cette action, t\u00e9l\u00e9chargez le coupon r\u00e9ponse :<br><\/p>\n\n\n\n<div class=\"wp-block-file\"><a href=\"https:\/\/www.diocese-limoges.fr\/grand-limoges\/wp-content\/uploads\/sites\/2\/2020\/12\/202101-je-parraine-un-enfant.pdf\">202101-je-parraine-un-enfant<\/a><a href=\"https:\/\/www.diocese-limoges.fr\/grand-limoges\/wp-content\/uploads\/sites\/2\/2020\/12\/202101-je-parraine-un-enfant.pdf\" class=\"wp-block-file__button\" download>T\u00e9l\u00e9charger<\/a><\/div>\n\n\n\n<p><strong>Merci pour votre soutien. <\/strong><br><\/p>\n","protected":false},"author":33,"featured_media":19828,"parent":12,"menu_order":112,"template":"","meta":{"_acf_changed":false},"class_list":["post-18593","paroisse","type-paroisse","status-publish","has-post-thumbnail","hentry"],"acf":[],"yoast_head":"<!-- This site is optimized with the Yoast SEO plugin v26.4 - https:\/\/yoast.com\/wordpress\/plugins\/seo\/ -->\n<title>Je parraine un enfant ! - Doyenn\u00e9s du Grand Limoges<\/title>\n<meta name=\"robots\" content=\"index, follow, max-snippet:-1, max-image-preview:large, max-video-preview:-1\" \/>\n<link rel=\"canonical\" href=\"https:\/\/www.diocese-limoges.fr\/grand-limoges\/paroisses\/paroisse-de-la-trinite\/je-parraine-un-enfant\/\" \/>\n<meta property=\"og:locale\" content=\"fr_FR\" \/>\n<meta property=\"og:type\" content=\"article\" \/>\n<meta property=\"og:title\" content=\"Je parraine un enfant ! - Doyenn\u00e9s du Grand Limoges\" \/>\n<meta property=\"og:description\" content=\"La paroisse de la Trinit\u00e9 est jumel\u00e9e avec la paroisse Charles de Foucauld \u00e0 Sabc\u00e9 au Burkina Faso. Les \u00e9quipes de jumelage de nos deux paroisses, avec le soutien de l&rsquo;association Mil&rsquo;Ami collaborent \u00e0 une action de parrainage afin d&rsquo;aider les jeunes de Sabc\u00e9 \u00e0 \u00eatre scolaris\u00e9s dans de bonnes conditions. Vous souhaitez soutenir cette [&hellip;]\" \/>\n<meta property=\"og:url\" content=\"https:\/\/www.diocese-limoges.fr\/grand-limoges\/paroisses\/paroisse-de-la-trinite\/je-parraine-un-enfant\/\" \/>\n<meta property=\"og:site_name\" content=\"Doyenn\u00e9s du Grand Limoges\" \/>\n<meta property=\"article:modified_time\" content=\"2021-11-03T15:03:57+00:00\" \/>\n<meta property=\"og:image\" content=\"https:\/\/www.diocese-limoges.fr\/grand-limoges\/wp-content\/uploads\/sites\/2\/2020\/12\/1-je-parraine-un-enfant.jpg\" \/>\n\t<meta property=\"og:image:width\" content=\"1134\" \/>\n\t<meta property=\"og:image:height\" content=\"439\" \/>\n\t<meta property=\"og:image:type\" content=\"image\/jpeg\" \/>\n<meta name=\"twitter:card\" content=\"summary_large_image\" \/>\n<meta name=\"twitter:label1\" content=\"Dur\u00e9e de lecture estim\u00e9e\" \/>\n\t<meta name=\"twitter:data1\" content=\"1 minute\" \/>\n<script type=\"application\/ld+json\" class=\"yoast-schema-graph\">{\"@context\":\"https:\/\/schema.org\",\"@graph\":[{\"@type\":\"WebPage\",\"@id\":\"https:\/\/www.diocese-limoges.fr\/grand-limoges\/paroisses\/paroisse-de-la-trinite\/je-parraine-un-enfant\/\",\"url\":\"https:\/\/www.diocese-limoges.fr\/grand-limoges\/paroisses\/paroisse-de-la-trinite\/je-parraine-un-enfant\/\",\"name\":\"Je parraine un enfant ! - Doyenn\u00e9s du Grand Limoges\",\"isPartOf\":{\"@id\":\"https:\/\/www.diocese-limoges.fr\/grand-limoges\/#website\"},\"primaryImageOfPage\":{\"@id\":\"https:\/\/www.diocese-limoges.fr\/grand-limoges\/paroisses\/paroisse-de-la-trinite\/je-parraine-un-enfant\/#primaryimage\"},\"image\":{\"@id\":\"https:\/\/www.diocese-limoges.fr\/grand-limoges\/paroisses\/paroisse-de-la-trinite\/je-parraine-un-enfant\/#primaryimage\"},\"thumbnailUrl\":\"https:\/\/www.diocese-limoges.fr\/grand-limoges\/wp-content\/uploads\/sites\/2\/2020\/12\/1-je-parraine-un-enfant.jpg\",\"datePublished\":\"2020-12-30T16:51:48+00:00\",\"dateModified\":\"2021-11-03T15:03:57+00:00\",\"breadcrumb\":{\"@id\":\"https:\/\/www.diocese-limoges.fr\/grand-limoges\/paroisses\/paroisse-de-la-trinite\/je-parraine-un-enfant\/#breadcrumb\"},\"inLanguage\":\"fr-FR\",\"potentialAction\":[{\"@type\":\"ReadAction\",\"target\":[\"https:\/\/www.diocese-limoges.fr\/grand-limoges\/paroisses\/paroisse-de-la-trinite\/je-parraine-un-enfant\/\"]}]},{\"@type\":\"ImageObject\",\"inLanguage\":\"fr-FR\",\"@id\":\"https:\/\/www.diocese-limoges.fr\/grand-limoges\/paroisses\/paroisse-de-la-trinite\/je-parraine-un-enfant\/#primaryimage\",\"url\":\"https:\/\/www.diocese-limoges.fr\/grand-limoges\/wp-content\/uploads\/sites\/2\/2020\/12\/1-je-parraine-un-enfant.jpg\",\"contentUrl\":\"https:\/\/www.diocese-limoges.fr\/grand-limoges\/wp-content\/uploads\/sites\/2\/2020\/12\/1-je-parraine-un-enfant.jpg\",\"width\":1134,\"height\":439},{\"@type\":\"BreadcrumbList\",\"@id\":\"https:\/\/www.diocese-limoges.fr\/grand-limoges\/paroisses\/paroisse-de-la-trinite\/je-parraine-un-enfant\/#breadcrumb\",\"itemListElement\":[{\"@type\":\"ListItem\",\"position\":1,\"name\":\"Accueil\",\"item\":\"https:\/\/www.diocese-limoges.fr\/grand-limoges\/\"},{\"@type\":\"ListItem\",\"position\":2,\"name\":\"Paroisse de la Trinit\u00e9\",\"item\":\"https:\/\/www.diocese-limoges.fr\/grand-limoges\/paroisses\/paroisse-de-la-trinite\/\"},{\"@type\":\"ListItem\",\"position\":3,\"name\":\"Je parraine un enfant !\"}]},{\"@type\":\"WebSite\",\"@id\":\"https:\/\/www.diocese-limoges.fr\/grand-limoges\/#website\",\"url\":\"https:\/\/www.diocese-limoges.fr\/grand-limoges\/\",\"name\":\"Doyenn\u00e9s du Grand Limoges\",\"description\":\"Dioc\u00e8se de Limoges\",\"potentialAction\":[{\"@type\":\"SearchAction\",\"target\":{\"@type\":\"EntryPoint\",\"urlTemplate\":\"https:\/\/www.diocese-limoges.fr\/grand-limoges\/?s={search_term_string}\"},\"query-input\":{\"@type\":\"PropertyValueSpecification\",\"valueRequired\":true,\"valueName\":\"search_term_string\"}}],\"inLanguage\":\"fr-FR\"}]}<\/script>\n<!-- \/ Yoast SEO plugin. -->","yoast_head_json":{"title":"Je parraine un enfant ! - Doyenn\u00e9s du Grand Limoges","robots":{"index":"index","follow":"follow","max-snippet":"max-snippet:-1","max-image-preview":"max-image-preview:large","max-video-preview":"max-video-preview:-1"},"canonical":"https:\/\/www.diocese-limoges.fr\/grand-limoges\/paroisses\/paroisse-de-la-trinite\/je-parraine-un-enfant\/","og_locale":"fr_FR","og_type":"article","og_title":"Je parraine un enfant ! - Doyenn\u00e9s du Grand Limoges","og_description":"La paroisse de la Trinit\u00e9 est jumel\u00e9e avec la paroisse Charles de Foucauld \u00e0 Sabc\u00e9 au Burkina Faso. Les \u00e9quipes de jumelage de nos deux paroisses, avec le soutien de l&rsquo;association Mil&rsquo;Ami collaborent \u00e0 une action de parrainage afin d&rsquo;aider les jeunes de Sabc\u00e9 \u00e0 \u00eatre scolaris\u00e9s dans de bonnes conditions. Vous souhaitez soutenir cette [&hellip;]","og_url":"https:\/\/www.diocese-limoges.fr\/grand-limoges\/paroisses\/paroisse-de-la-trinite\/je-parraine-un-enfant\/","og_site_name":"Doyenn\u00e9s du Grand Limoges","article_modified_time":"2021-11-03T15:03:57+00:00","og_image":[{"width":1134,"height":439,"url":"https:\/\/www.diocese-limoges.fr\/grand-limoges\/wp-content\/uploads\/sites\/2\/2020\/12\/1-je-parraine-un-enfant.jpg","type":"image\/jpeg"}],"twitter_card":"summary_large_image","twitter_misc":{"Dur\u00e9e de lecture estim\u00e9e":"1 minute"},"schema":{"@context":"https:\/\/schema.org","@graph":[{"@type":"WebPage","@id":"https:\/\/www.diocese-limoges.fr\/grand-limoges\/paroisses\/paroisse-de-la-trinite\/je-parraine-un-enfant\/","url":"https:\/\/www.diocese-limoges.fr\/grand-limoges\/paroisses\/paroisse-de-la-trinite\/je-parraine-un-enfant\/","name":"Je parraine un enfant ! - Doyenn\u00e9s du Grand Limoges","isPartOf":{"@id":"https:\/\/www.diocese-limoges.fr\/grand-limoges\/#website"},"primaryImageOfPage":{"@id":"https:\/\/www.diocese-limoges.fr\/grand-limoges\/paroisses\/paroisse-de-la-trinite\/je-parraine-un-enfant\/#primaryimage"},"image":{"@id":"https:\/\/www.diocese-limoges.fr\/grand-limoges\/paroisses\/paroisse-de-la-trinite\/je-parraine-un-enfant\/#primaryimage"},"thumbnailUrl":"https:\/\/www.diocese-limoges.fr\/grand-limoges\/wp-content\/uploads\/sites\/2\/2020\/12\/1-je-parraine-un-enfant.jpg","datePublished":"2020-12-30T16:51:48+00:00","dateModified":"2021-11-03T15:03:57+00:00","breadcrumb":{"@id":"https:\/\/www.diocese-limoges.fr\/grand-limoges\/paroisses\/paroisse-de-la-trinite\/je-parraine-un-enfant\/#breadcrumb"},"inLanguage":"fr-FR","potentialAction":[{"@type":"ReadAction","target":["https:\/\/www.diocese-limoges.fr\/grand-limoges\/paroisses\/paroisse-de-la-trinite\/je-parraine-un-enfant\/"]}]},{"@type":"ImageObject","inLanguage":"fr-FR","@id":"https:\/\/www.diocese-limoges.fr\/grand-limoges\/paroisses\/paroisse-de-la-trinite\/je-parraine-un-enfant\/#primaryimage","url":"https:\/\/www.diocese-limoges.fr\/grand-limoges\/wp-content\/uploads\/sites\/2\/2020\/12\/1-je-parraine-un-enfant.jpg","contentUrl":"https:\/\/www.diocese-limoges.fr\/grand-limoges\/wp-content\/uploads\/sites\/2\/2020\/12\/1-je-parraine-un-enfant.jpg","width":1134,"height":439},{"@type":"BreadcrumbList","@id":"https:\/\/www.diocese-limoges.fr\/grand-limoges\/paroisses\/paroisse-de-la-trinite\/je-parraine-un-enfant\/#breadcrumb","itemListElement":[{"@type":"ListItem","position":1,"name":"Accueil","item":"https:\/\/www.diocese-limoges.fr\/grand-limoges\/"},{"@type":"ListItem","position":2,"name":"Paroisse de la Trinit\u00e9","item":"https:\/\/www.diocese-limoges.fr\/grand-limoges\/paroisses\/paroisse-de-la-trinite\/"},{"@type":"ListItem","position":3,"name":"Je parraine un enfant !"}]},{"@type":"WebSite","@id":"https:\/\/www.diocese-limoges.fr\/grand-limoges\/#website","url":"https:\/\/www.diocese-limoges.fr\/grand-limoges\/","name":"Doyenn\u00e9s du Grand Limoges","description":"Dioc\u00e8se de Limoges","potentialAction":[{"@type":"SearchAction","target":{"@type":"EntryPoint","urlTemplate":"https:\/\/www.diocese-limoges.fr\/grand-limoges\/?s={search_term_string}"},"query-input":{"@type":"PropertyValueSpecification","valueRequired":true,"valueName":"search_term_string"}}],"inLanguage":"fr-FR"}]}},"_links":{"self":[{"href":"https:\/\/www.diocese-limoges.fr\/grand-limoges\/wp-json\/wp\/v2\/paroisse\/18593","targetHints":{"allow":["GET"]}}],"collection":[{"href":"https:\/\/www.diocese-limoges.fr\/grand-limoges\/wp-json\/wp\/v2\/paroisse"}],"about":[{"href":"https:\/\/www.diocese-limoges.fr\/grand-limoges\/wp-json\/wp\/v2\/types\/paroisse"}],"author":[{"embeddable":true,"href":"https:\/\/www.diocese-limoges.fr\/grand-limoges\/wp-json\/wp\/v2\/users\/33"}],"up":[{"embeddable":true,"href":"https:\/\/www.diocese-limoges.fr\/grand-limoges\/wp-json\/wp\/v2\/paroisse\/12"}],"wp:featuredmedia":[{"embeddable":true,"href":"https:\/\/www.diocese-limoges.fr\/grand-limoges\/wp-json\/wp\/v2\/media\/19828"}],"wp:attachment":[{"href":"https:\/\/www.diocese-limoges.fr\/grand-limoges\/wp-json\/wp\/v2\/media?parent=18593"}],"curies":[{"name":"wp","href":"https:\/\/api.w.org\/{rel}","templated":true}]}}

<p>La paroisse de la Trinité est jumelée avec la paroisse Charles de Foucauld à Sabcé au Burkina Faso.</p>



<p>Les équipes de jumelage de nos deux paroisses, avec le soutien de l&rsquo;association Mil&rsquo;Ami collaborent à une action de parrainage afin d&rsquo;aider les jeunes de Sabcé à être scolarisés dans de bonnes conditions.</p>



<p>Vous souhaitez soutenir cette action, téléchargez le coupon réponse :<br></p>



<div class="wp-block-file"><a href="https://www.diocese-limoges.fr/grand-limoges/wp-content/uploads/sites/2/2020/12/202101-je-parraine-un-enfant.pdf">202101-je-parraine-un-enfant</a><a href="https://www.diocese-limoges.fr/grand-limoges/wp-content/uploads/sites/2/2020/12/202101-je-parraine-un-enfant.pdf" class="wp-block-file__button" download>Télécharger</a></div>



<p><strong>Merci pour votre soutien. </strong><br></p>

<!-- This site is optimized with the Yoast SEO plugin v26.4 - https://yoast.com/wordpress/plugins/seo/ -->
<title>Je parraine un enfant ! - Doyennés du Grand Limoges</title>
<meta name="robots" content="index, follow, max-snippet:-1, max-image-preview:large, max-video-preview:-1" />
<link rel="canonical" href="https://www.diocese-limoges.fr/grand-limoges/paroisses/paroisse-de-la-trinite/je-parraine-un-enfant/" />
<meta property="og:locale" content="fr_FR" />
<meta property="og:type" content="article" />
<meta property="og:title" content="Je parraine un enfant ! - Doyennés du Grand Limoges" />
<meta property="og:description" content="La paroisse de la Trinité est jumelée avec la paroisse Charles de Foucauld à Sabcé au Burkina Faso. Les équipes de jumelage de nos deux paroisses, avec le soutien de l&rsquo;association Mil&rsquo;Ami collaborent à une action de parrainage afin d&rsquo;aider les jeunes de Sabcé à être scolarisés dans de bonnes conditions. Vous souhaitez soutenir cette [&hellip;]" />
<meta property="og:url" content="https://www.diocese-limoges.fr/grand-limoges/paroisses/paroisse-de-la-trinite/je-parraine-un-enfant/" />
<meta property="og:site_name" content="Doyennés du Grand Limoges" />
<meta property="article:modified_time" content="2021-11-03T15:03:57+00:00" />
<meta property="og:image" content="https://www.diocese-limoges.fr/grand-limoges/wp-content/uploads/sites/2/2020/12/1-je-parraine-un-enfant.jpg" />
	<meta property="og:image:width" content="1134" />
	<meta property="og:image:height" content="439" />
	<meta property="og:image:type" content="image/jpeg" />
<meta name="twitter:card" content="summary_large_image" />
<meta name="twitter:label1" content="Durée de lecture estimée" />
	<meta name="twitter:data1" content="1 minute" />
<script type="application/ld+json" class="yoast-schema-graph">{"@context":"https://schema.org","@graph":[{"@type":"WebPage","@id":"https://www.diocese-limoges.fr/grand-limoges/paroisses/paroisse-de-la-trinite/je-parraine-un-enfant/","url":"https://www.diocese-limoges.fr/grand-limoges/paroisses/paroisse-de-la-trinite/je-parraine-un-enfant/","name":"Je parraine un enfant ! - Doyennés du Grand Limoges","isPartOf":{"@id":"https://www.diocese-limoges.fr/grand-limoges/#website"},"primaryImageOfPage":{"@id":"https://www.diocese-limoges.fr/grand-limoges/paroisses/paroisse-de-la-trinite/je-parraine-un-enfant/#primaryimage"},"image":{"@id":"https://www.diocese-limoges.fr/grand-limoges/paroisses/paroisse-de-la-trinite/je-parraine-un-enfant/#primaryimage"},"thumbnailUrl":"https://www.diocese-limoges.fr/grand-limoges/wp-content/uploads/sites/2/2020/12/1-je-parraine-un-enfant.jpg","datePublished":"2020-12-30T16:51:48+00:00","dateModified":"2021-11-03T15:03:57+00:00","breadcrumb":{"@id":"https://www.diocese-limoges.fr/grand-limoges/paroisses/paroisse-de-la-trinite/je-parraine-un-enfant/#breadcrumb"},"inLanguage":"fr-FR","potentialAction":[{"@type":"ReadAction","target":["https://www.diocese-limoges.fr/grand-limoges/paroisses/paroisse-de-la-trinite/je-parraine-un-enfant/"]}]},{"@type":"ImageObject","inLanguage":"fr-FR","@id":"https://www.diocese-limoges.fr/grand-limoges/paroisses/paroisse-de-la-trinite/je-parraine-un-enfant/#primaryimage","url":"https://www.diocese-limoges.fr/grand-limoges/wp-content/uploads/sites/2/2020/12/1-je-parraine-un-enfant.jpg","contentUrl":"https://www.diocese-limoges.fr/grand-limoges/wp-content/uploads/sites/2/2020/12/1-je-parraine-un-enfant.jpg","width":1134,"height":439},{"@type":"BreadcrumbList","@id":"https://www.diocese-limoges.fr/grand-limoges/paroisses/paroisse-de-la-trinite/je-parraine-un-enfant/#breadcrumb","itemListElement":[{"@type":"ListItem","position":1,"name":"Accueil","item":"https://www.diocese-limoges.fr/grand-limoges/"},{"@type":"ListItem","position":2,"name":"Paroisse de la Trinité","item":"https://www.diocese-limoges.fr/grand-limoges/paroisses/paroisse-de-la-trinite/"},{"@type":"ListItem","position":3,"name":"Je parraine un enfant !"}]},{"@type":"WebSite","@id":"https://www.diocese-limoges.fr/grand-limoges/#website","url":"https://www.diocese-limoges.fr/grand-limoges/","name":"Doyennés du Grand Limoges","description":"Diocèse de Limoges","potentialAction":[{"@type":"SearchAction","target":{"@type":"EntryPoint","urlTemplate":"https://www.diocese-limoges.fr/grand-limoges/?s={search_term_string}"},"query-input":{"@type":"PropertyValueSpecification","valueRequired":true,"valueName":"search_term_string"}}],"inLanguage":"fr-FR"}]}</script>
<!-- / Yoast SEO plugin. -->

Je parraine un enfant ! - Doyennés du Grand Limoges

La paroisse de la Trinité est jumelée avec la paroisse Charles de Foucauld à Sabcé au Burkina Faso. Les équipes de jumelage de nos deux paroisses, avec le soutien de l&rsquo;association Mil&rsquo;Ami collaborent à une action de parrainage afin d&rsquo;aider les jeunes de Sabcé à être scolarisés dans de bonnes conditions. Vous souhaitez soutenir cette [&hellip;]

Doyennés du Grand Limoges

Paroisse de la Trinité

Diocèse de Limoges
