{"id":19901,"date":"2021-11-23T21:25:35","date_gmt":"2021-11-23T20:25:35","guid":{"rendered":"https:\/\/www.diocese-limoges.fr\/grand-limoges\/?post_type=paroisse&#038;p=19901"},"modified":"2025-12-06T20:12:36","modified_gmt":"2025-12-06T19:12:36","slug":"les-pretres","status":"publish","type":"paroisse","link":"https:\/\/www.diocese-limoges.fr\/grand-limoges\/paroisses\/saint-jean-paul-ii\/la-paroisse\/les-pretres\/","title":{"rendered":"Les pr\u00eatres et les diacres"},"content":{"rendered":"\n<p><strong>P\u00e8re David de LESTAPIS<\/strong> cur\u00e9 mod\u00e9rateur<br>R\u00e9sidant au presbyt\u00e8re du Sacr\u00e9 Coeur<br>30, rue Fran\u00e7ois Perrin &#8211; 87000 LIMOGES<\/p>\n\n\n\n<p><strong>P\u00e8re Vincent POITAU<\/strong>, pr\u00eatre in solidum<br>R\u00e9sidant au presbyt\u00e8re du Sacr\u00e9 Coeur<br>30, rue Fran\u00e7ois Perrin &#8211; 87000 LIMOGES<\/p>\n\n\n\n<p><strong>P\u00e8re Anthony RINE<\/strong>, vicaire <br>R\u00e9sidant au presbyt\u00e8re du Sacr\u00e9 Coeur<br>30, rue Fran\u00e7ois Perrin &#8211; 87000 LIMOGES<\/p>\n\n\n\n<p><strong>Frederic<\/strong> <strong>DINTRAS<\/strong>, diacre permanent <\/p>\n\n\n\n<p><strong>Luc EVRARD<\/strong>, diacre permanent <\/p>\n","protected":false},"author":18,"featured_media":24692,"parent":19910,"menu_order":69,"template":"","meta":{"_acf_changed":false},"class_list":["post-19901","paroisse","type-paroisse","status-publish","has-post-thumbnail","hentry"],"acf":[],"yoast_head":"<!-- This site is optimized with the Yoast SEO plugin v26.4 - https:\/\/yoast.com\/wordpress\/plugins\/seo\/ -->\n<title>Les pr\u00eatres et les diacres - Doyenn\u00e9s du Grand Limoges<\/title>\n<meta name=\"description\" content=\"Les pr\u00eatres de la paroisse Jean-Paul\u00a02\" \/>\n<meta name=\"robots\" content=\"index, follow, max-snippet:-1, max-image-preview:large, max-video-preview:-1\" \/>\n<link rel=\"canonical\" href=\"https:\/\/www.diocese-limoges.fr\/grand-limoges\/paroisses\/saint-jean-paul-ii\/la-paroisse\/les-pretres\/\" \/>\n<meta property=\"og:locale\" content=\"fr_FR\" \/>\n<meta property=\"og:type\" content=\"article\" \/>\n<meta property=\"og:title\" content=\"Les pr\u00eatres et les diacres - Doyenn\u00e9s du Grand Limoges\" \/>\n<meta property=\"og:description\" content=\"Les pr\u00eatres de la paroisse Jean-Paul\u00a02\" \/>\n<meta property=\"og:url\" content=\"https:\/\/www.diocese-limoges.fr\/grand-limoges\/paroisses\/saint-jean-paul-ii\/la-paroisse\/les-pretres\/\" \/>\n<meta property=\"og:site_name\" content=\"Doyenn\u00e9s du Grand Limoges\" \/>\n<meta property=\"article:modified_time\" content=\"2025-12-06T19:12:36+00:00\" \/>\n<meta property=\"og:image\" content=\"https:\/\/www.diocese-limoges.fr\/grand-limoges\/wp-content\/uploads\/sites\/2\/2023\/02\/photos-3-clochers-site-web.jpeg\" \/>\n\t<meta property=\"og:image:width\" content=\"1280\" \/>\n\t<meta property=\"og:image:height\" content=\"629\" \/>\n\t<meta property=\"og:image:type\" content=\"image\/jpeg\" \/>\n<meta name=\"twitter:card\" content=\"summary_large_image\" \/>\n<meta name=\"twitter:label1\" content=\"Dur\u00e9e de lecture estim\u00e9e\" \/>\n\t<meta name=\"twitter:data1\" content=\"1 minute\" \/>\n<script type=\"application\/ld+json\" class=\"yoast-schema-graph\">{\"@context\":\"https:\/\/schema.org\",\"@graph\":[{\"@type\":\"WebPage\",\"@id\":\"https:\/\/www.diocese-limoges.fr\/grand-limoges\/paroisses\/saint-jean-paul-ii\/la-paroisse\/les-pretres\/\",\"url\":\"https:\/\/www.diocese-limoges.fr\/grand-limoges\/paroisses\/saint-jean-paul-ii\/la-paroisse\/les-pretres\/\",\"name\":\"Les pr\u00eatres et les diacres - Doyenn\u00e9s du Grand Limoges\",\"isPartOf\":{\"@id\":\"https:\/\/www.diocese-limoges.fr\/grand-limoges\/#website\"},\"primaryImageOfPage\":{\"@id\":\"https:\/\/www.diocese-limoges.fr\/grand-limoges\/paroisses\/saint-jean-paul-ii\/la-paroisse\/les-pretres\/#primaryimage\"},\"image\":{\"@id\":\"https:\/\/www.diocese-limoges.fr\/grand-limoges\/paroisses\/saint-jean-paul-ii\/la-paroisse\/les-pretres\/#primaryimage\"},\"thumbnailUrl\":\"https:\/\/www.diocese-limoges.fr\/grand-limoges\/wp-content\/uploads\/sites\/2\/2023\/02\/photos-3-clochers-site-web.jpeg\",\"datePublished\":\"2021-11-23T20:25:35+00:00\",\"dateModified\":\"2025-12-06T19:12:36+00:00\",\"description\":\"Les pr\u00eatres de la paroisse Jean-Paul\u00a02\",\"breadcrumb\":{\"@id\":\"https:\/\/www.diocese-limoges.fr\/grand-limoges\/paroisses\/saint-jean-paul-ii\/la-paroisse\/les-pretres\/#breadcrumb\"},\"inLanguage\":\"fr-FR\",\"potentialAction\":[{\"@type\":\"ReadAction\",\"target\":[\"https:\/\/www.diocese-limoges.fr\/grand-limoges\/paroisses\/saint-jean-paul-ii\/la-paroisse\/les-pretres\/\"]}]},{\"@type\":\"ImageObject\",\"inLanguage\":\"fr-FR\",\"@id\":\"https:\/\/www.diocese-limoges.fr\/grand-limoges\/paroisses\/saint-jean-paul-ii\/la-paroisse\/les-pretres\/#primaryimage\",\"url\":\"https:\/\/www.diocese-limoges.fr\/grand-limoges\/wp-content\/uploads\/sites\/2\/2023\/02\/photos-3-clochers-site-web.jpeg\",\"contentUrl\":\"https:\/\/www.diocese-limoges.fr\/grand-limoges\/wp-content\/uploads\/sites\/2\/2023\/02\/photos-3-clochers-site-web.jpeg\",\"width\":1280,\"height\":629},{\"@type\":\"BreadcrumbList\",\"@id\":\"https:\/\/www.diocese-limoges.fr\/grand-limoges\/paroisses\/saint-jean-paul-ii\/la-paroisse\/les-pretres\/#breadcrumb\",\"itemListElement\":[{\"@type\":\"ListItem\",\"position\":1,\"name\":\"Accueil\",\"item\":\"https:\/\/www.diocese-limoges.fr\/grand-limoges\/\"},{\"@type\":\"ListItem\",\"position\":2,\"name\":\"Paroisse Saint-Jean-Paul II\",\"item\":\"https:\/\/www.diocese-limoges.fr\/grand-limoges\/paroisses\/saint-jean-paul-ii\/\"},{\"@type\":\"ListItem\",\"position\":3,\"name\":\"Organisation de la paroisse\",\"item\":\"https:\/\/www.diocese-limoges.fr\/grand-limoges\/paroisses\/saint-jean-paul-ii\/la-paroisse\/\"},{\"@type\":\"ListItem\",\"position\":4,\"name\":\"Les pr\u00eatres et les diacres\"}]},{\"@type\":\"WebSite\",\"@id\":\"https:\/\/www.diocese-limoges.fr\/grand-limoges\/#website\",\"url\":\"https:\/\/www.diocese-limoges.fr\/grand-limoges\/\",\"name\":\"Doyenn\u00e9s du Grand Limoges\",\"description\":\"Dioc\u00e8se de Limoges\",\"potentialAction\":[{\"@type\":\"SearchAction\",\"target\":{\"@type\":\"EntryPoint\",\"urlTemplate\":\"https:\/\/www.diocese-limoges.fr\/grand-limoges\/?s={search_term_string}\"},\"query-input\":{\"@type\":\"PropertyValueSpecification\",\"valueRequired\":true,\"valueName\":\"search_term_string\"}}],\"inLanguage\":\"fr-FR\"}]}<\/script>\n<!-- \/ Yoast SEO plugin. -->","yoast_head_json":{"title":"Les pr\u00eatres et les diacres - Doyenn\u00e9s du Grand Limoges","description":"Les pr\u00eatres de la paroisse Jean-Paul\u00a02","robots":{"index":"index","follow":"follow","max-snippet":"max-snippet:-1","max-image-preview":"max-image-preview:large","max-video-preview":"max-video-preview:-1"},"canonical":"https:\/\/www.diocese-limoges.fr\/grand-limoges\/paroisses\/saint-jean-paul-ii\/la-paroisse\/les-pretres\/","og_locale":"fr_FR","og_type":"article","og_title":"Les pr\u00eatres et les diacres - Doyenn\u00e9s du Grand Limoges","og_description":"Les pr\u00eatres de la paroisse Jean-Paul\u00a02","og_url":"https:\/\/www.diocese-limoges.fr\/grand-limoges\/paroisses\/saint-jean-paul-ii\/la-paroisse\/les-pretres\/","og_site_name":"Doyenn\u00e9s du Grand Limoges","article_modified_time":"2025-12-06T19:12:36+00:00","og_image":[{"width":1280,"height":629,"url":"https:\/\/www.diocese-limoges.fr\/grand-limoges\/wp-content\/uploads\/sites\/2\/2023\/02\/photos-3-clochers-site-web.jpeg","type":"image\/jpeg"}],"twitter_card":"summary_large_image","twitter_misc":{"Dur\u00e9e de lecture estim\u00e9e":"1 minute"},"schema":{"@context":"https:\/\/schema.org","@graph":[{"@type":"WebPage","@id":"https:\/\/www.diocese-limoges.fr\/grand-limoges\/paroisses\/saint-jean-paul-ii\/la-paroisse\/les-pretres\/","url":"https:\/\/www.diocese-limoges.fr\/grand-limoges\/paroisses\/saint-jean-paul-ii\/la-paroisse\/les-pretres\/","name":"Les pr\u00eatres et les diacres - Doyenn\u00e9s du Grand Limoges","isPartOf":{"@id":"https:\/\/www.diocese-limoges.fr\/grand-limoges\/#website"},"primaryImageOfPage":{"@id":"https:\/\/www.diocese-limoges.fr\/grand-limoges\/paroisses\/saint-jean-paul-ii\/la-paroisse\/les-pretres\/#primaryimage"},"image":{"@id":"https:\/\/www.diocese-limoges.fr\/grand-limoges\/paroisses\/saint-jean-paul-ii\/la-paroisse\/les-pretres\/#primaryimage"},"thumbnailUrl":"https:\/\/www.diocese-limoges.fr\/grand-limoges\/wp-content\/uploads\/sites\/2\/2023\/02\/photos-3-clochers-site-web.jpeg","datePublished":"2021-11-23T20:25:35+00:00","dateModified":"2025-12-06T19:12:36+00:00","description":"Les pr\u00eatres de la paroisse Jean-Paul\u00a02","breadcrumb":{"@id":"https:\/\/www.diocese-limoges.fr\/grand-limoges\/paroisses\/saint-jean-paul-ii\/la-paroisse\/les-pretres\/#breadcrumb"},"inLanguage":"fr-FR","potentialAction":[{"@type":"ReadAction","target":["https:\/\/www.diocese-limoges.fr\/grand-limoges\/paroisses\/saint-jean-paul-ii\/la-paroisse\/les-pretres\/"]}]},{"@type":"ImageObject","inLanguage":"fr-FR","@id":"https:\/\/www.diocese-limoges.fr\/grand-limoges\/paroisses\/saint-jean-paul-ii\/la-paroisse\/les-pretres\/#primaryimage","url":"https:\/\/www.diocese-limoges.fr\/grand-limoges\/wp-content\/uploads\/sites\/2\/2023\/02\/photos-3-clochers-site-web.jpeg","contentUrl":"https:\/\/www.diocese-limoges.fr\/grand-limoges\/wp-content\/uploads\/sites\/2\/2023\/02\/photos-3-clochers-site-web.jpeg","width":1280,"height":629},{"@type":"BreadcrumbList","@id":"https:\/\/www.diocese-limoges.fr\/grand-limoges\/paroisses\/saint-jean-paul-ii\/la-paroisse\/les-pretres\/#breadcrumb","itemListElement":[{"@type":"ListItem","position":1,"name":"Accueil","item":"https:\/\/www.diocese-limoges.fr\/grand-limoges\/"},{"@type":"ListItem","position":2,"name":"Paroisse Saint-Jean-Paul II","item":"https:\/\/www.diocese-limoges.fr\/grand-limoges\/paroisses\/saint-jean-paul-ii\/"},{"@type":"ListItem","position":3,"name":"Organisation de la paroisse","item":"https:\/\/www.diocese-limoges.fr\/grand-limoges\/paroisses\/saint-jean-paul-ii\/la-paroisse\/"},{"@type":"ListItem","position":4,"name":"Les pr\u00eatres et les diacres"}]},{"@type":"WebSite","@id":"https:\/\/www.diocese-limoges.fr\/grand-limoges\/#website","url":"https:\/\/www.diocese-limoges.fr\/grand-limoges\/","name":"Doyenn\u00e9s du Grand Limoges","description":"Dioc\u00e8se de Limoges","potentialAction":[{"@type":"SearchAction","target":{"@type":"EntryPoint","urlTemplate":"https:\/\/www.diocese-limoges.fr\/grand-limoges\/?s={search_term_string}"},"query-input":{"@type":"PropertyValueSpecification","valueRequired":true,"valueName":"search_term_string"}}],"inLanguage":"fr-FR"}]}},"_links":{"self":[{"href":"https:\/\/www.diocese-limoges.fr\/grand-limoges\/wp-json\/wp\/v2\/paroisse\/19901","targetHints":{"allow":["GET"]}}],"collection":[{"href":"https:\/\/www.diocese-limoges.fr\/grand-limoges\/wp-json\/wp\/v2\/paroisse"}],"about":[{"href":"https:\/\/www.diocese-limoges.fr\/grand-limoges\/wp-json\/wp\/v2\/types\/paroisse"}],"author":[{"embeddable":true,"href":"https:\/\/www.diocese-limoges.fr\/grand-limoges\/wp-json\/wp\/v2\/users\/18"}],"up":[{"embeddable":true,"href":"https:\/\/www.diocese-limoges.fr\/grand-limoges\/wp-json\/wp\/v2\/paroisse\/19910"}],"wp:featuredmedia":[{"embeddable":true,"href":"https:\/\/www.diocese-limoges.fr\/grand-limoges\/wp-json\/wp\/v2\/media\/24692"}],"wp:attachment":[{"href":"https:\/\/www.diocese-limoges.fr\/grand-limoges\/wp-json\/wp\/v2\/media?parent=19901"}],"curies":[{"name":"wp","href":"https:\/\/api.w.org\/{rel}","templated":true}]}}

Les prêtres et les diacres

<p><strong>Père David de LESTAPIS</strong> curé modérateur<br>Résidant au presbytère du Sacré Coeur<br>30, rue François Perrin &#8211; 87000 LIMOGES</p>



<p><strong>Père Vincent POITAU</strong>, prêtre in solidum<br>Résidant au presbytère du Sacré Coeur<br>30, rue François Perrin &#8211; 87000 LIMOGES</p>



<p><strong>Père Anthony RINE</strong>, vicaire <br>Résidant au presbytère du Sacré Coeur<br>30, rue François Perrin &#8211; 87000 LIMOGES</p>



<p><strong>Frederic</strong> <strong>DINTRAS</strong>, diacre permanent </p>



<p><strong>Luc EVRARD</strong>, diacre permanent </p>

<!-- This site is optimized with the Yoast SEO plugin v26.4 - https://yoast.com/wordpress/plugins/seo/ -->
<title>Les prêtres et les diacres - Doyennés du Grand Limoges</title>
<meta name="description" content="Les prêtres de la paroisse Jean-Paul 2" />
<meta name="robots" content="index, follow, max-snippet:-1, max-image-preview:large, max-video-preview:-1" />
<link rel="canonical" href="https://www.diocese-limoges.fr/grand-limoges/paroisses/saint-jean-paul-ii/la-paroisse/les-pretres/" />
<meta property="og:locale" content="fr_FR" />
<meta property="og:type" content="article" />
<meta property="og:title" content="Les prêtres et les diacres - Doyennés du Grand Limoges" />
<meta property="og:description" content="Les prêtres de la paroisse Jean-Paul 2" />
<meta property="og:url" content="https://www.diocese-limoges.fr/grand-limoges/paroisses/saint-jean-paul-ii/la-paroisse/les-pretres/" />
<meta property="og:site_name" content="Doyennés du Grand Limoges" />
<meta property="article:modified_time" content="2025-12-06T19:12:36+00:00" />
<meta property="og:image" content="https://www.diocese-limoges.fr/grand-limoges/wp-content/uploads/sites/2/2023/02/photos-3-clochers-site-web.jpeg" />
	<meta property="og:image:width" content="1280" />
	<meta property="og:image:height" content="629" />
	<meta property="og:image:type" content="image/jpeg" />
<meta name="twitter:card" content="summary_large_image" />
<meta name="twitter:label1" content="Durée de lecture estimée" />
	<meta name="twitter:data1" content="1 minute" />
<script type="application/ld+json" class="yoast-schema-graph">{"@context":"https://schema.org","@graph":[{"@type":"WebPage","@id":"https://www.diocese-limoges.fr/grand-limoges/paroisses/saint-jean-paul-ii/la-paroisse/les-pretres/","url":"https://www.diocese-limoges.fr/grand-limoges/paroisses/saint-jean-paul-ii/la-paroisse/les-pretres/","name":"Les prêtres et les diacres - Doyennés du Grand Limoges","isPartOf":{"@id":"https://www.diocese-limoges.fr/grand-limoges/#website"},"primaryImageOfPage":{"@id":"https://www.diocese-limoges.fr/grand-limoges/paroisses/saint-jean-paul-ii/la-paroisse/les-pretres/#primaryimage"},"image":{"@id":"https://www.diocese-limoges.fr/grand-limoges/paroisses/saint-jean-paul-ii/la-paroisse/les-pretres/#primaryimage"},"thumbnailUrl":"https://www.diocese-limoges.fr/grand-limoges/wp-content/uploads/sites/2/2023/02/photos-3-clochers-site-web.jpeg","datePublished":"2021-11-23T20:25:35+00:00","dateModified":"2025-12-06T19:12:36+00:00","description":"Les prêtres de la paroisse Jean-Paul 2","breadcrumb":{"@id":"https://www.diocese-limoges.fr/grand-limoges/paroisses/saint-jean-paul-ii/la-paroisse/les-pretres/#breadcrumb"},"inLanguage":"fr-FR","potentialAction":[{"@type":"ReadAction","target":["https://www.diocese-limoges.fr/grand-limoges/paroisses/saint-jean-paul-ii/la-paroisse/les-pretres/"]}]},{"@type":"ImageObject","inLanguage":"fr-FR","@id":"https://www.diocese-limoges.fr/grand-limoges/paroisses/saint-jean-paul-ii/la-paroisse/les-pretres/#primaryimage","url":"https://www.diocese-limoges.fr/grand-limoges/wp-content/uploads/sites/2/2023/02/photos-3-clochers-site-web.jpeg","contentUrl":"https://www.diocese-limoges.fr/grand-limoges/wp-content/uploads/sites/2/2023/02/photos-3-clochers-site-web.jpeg","width":1280,"height":629},{"@type":"BreadcrumbList","@id":"https://www.diocese-limoges.fr/grand-limoges/paroisses/saint-jean-paul-ii/la-paroisse/les-pretres/#breadcrumb","itemListElement":[{"@type":"ListItem","position":1,"name":"Accueil","item":"https://www.diocese-limoges.fr/grand-limoges/"},{"@type":"ListItem","position":2,"name":"Paroisse Saint-Jean-Paul II","item":"https://www.diocese-limoges.fr/grand-limoges/paroisses/saint-jean-paul-ii/"},{"@type":"ListItem","position":3,"name":"Organisation de la paroisse","item":"https://www.diocese-limoges.fr/grand-limoges/paroisses/saint-jean-paul-ii/la-paroisse/"},{"@type":"ListItem","position":4,"name":"Les prêtres et les diacres"}]},{"@type":"WebSite","@id":"https://www.diocese-limoges.fr/grand-limoges/#website","url":"https://www.diocese-limoges.fr/grand-limoges/","name":"Doyennés du Grand Limoges","description":"Diocèse de Limoges","potentialAction":[{"@type":"SearchAction","target":{"@type":"EntryPoint","urlTemplate":"https://www.diocese-limoges.fr/grand-limoges/?s={search_term_string}"},"query-input":{"@type":"PropertyValueSpecification","valueRequired":true,"valueName":"search_term_string"}}],"inLanguage":"fr-FR"}]}</script>
<!-- / Yoast SEO plugin. -->

Les prêtres et les diacres - Doyennés du Grand Limoges

Les prêtres de la paroisse Jean-Paul 2

Doyennés du Grand Limoges

Diocèse de Limoges
