{"id":20743,"date":"2022-08-24T17:21:26","date_gmt":"2022-08-24T15:21:26","guid":{"rendered":"https:\/\/www.diocese-limoges.fr\/grand-limoges\/?post_type=paroisse&#038;p=20743"},"modified":"2022-08-24T17:21:27","modified_gmt":"2022-08-24T15:21:27","slug":"les-statuts-de-lassociation","status":"publish","type":"paroisse","link":"https:\/\/www.diocese-limoges.fr\/grand-limoges\/paroisses\/paroisse-saint-vincent-de-paul\/ostensions-2023\/les-statuts-de-lassociation\/","title":{"rendered":"Les statuts de l&rsquo;association"},"content":{"rendered":"\n<p>Le comit\u00e9 des ostensions est une association loi 1901 avec des statuts d\u00e9pos\u00e9s en pr\u00e9fecture.<\/p>\n\n\n<a href=\"https:\/\/www.diocese-limoges.fr\/grand-limoges\/wp-content\/uploads\/sites\/2\/2022\/08\/statuts.pdf\" class=\"pdfemb-viewer\" style=\"\" data-width=\"max\" data-height=\"max\" data-toolbar=\"bottom\" data-toolbar-fixed=\"off\">statuts<\/a>\n<p class=\"wp-block-pdfemb-pdf-embedder-viewer\"><\/p>\n","protected":false},"author":16,"featured_media":19997,"parent":19996,"menu_order":52,"template":"","meta":{"_acf_changed":false},"class_list":["post-20743","paroisse","type-paroisse","status-publish","has-post-thumbnail","hentry"],"acf":[],"yoast_head":"<!-- This site is optimized with the Yoast SEO plugin v26.4 - https:\/\/yoast.com\/wordpress\/plugins\/seo\/ -->\n<title>Les statuts de l&#039;association - Doyenn\u00e9s du Grand Limoges<\/title>\n<meta name=\"robots\" content=\"index, follow, max-snippet:-1, max-image-preview:large, max-video-preview:-1\" \/>\n<link rel=\"canonical\" href=\"https:\/\/www.diocese-limoges.fr\/grand-limoges\/paroisses\/paroisse-saint-vincent-de-paul\/ostensions-2023\/les-statuts-de-lassociation\/\" \/>\n<meta property=\"og:locale\" content=\"fr_FR\" \/>\n<meta property=\"og:type\" content=\"article\" \/>\n<meta property=\"og:title\" content=\"Les statuts de l&#039;association - Doyenn\u00e9s du Grand Limoges\" \/>\n<meta property=\"og:description\" content=\"Le comit\u00e9 des ostensions est une association loi 1901 avec des statuts d\u00e9pos\u00e9s en pr\u00e9fecture.\" \/>\n<meta property=\"og:url\" content=\"https:\/\/www.diocese-limoges.fr\/grand-limoges\/paroisses\/paroisse-saint-vincent-de-paul\/ostensions-2023\/les-statuts-de-lassociation\/\" \/>\n<meta property=\"og:site_name\" content=\"Doyenn\u00e9s du Grand Limoges\" \/>\n<meta property=\"article:modified_time\" content=\"2022-08-24T15:21:27+00:00\" \/>\n<meta property=\"og:image\" content=\"https:\/\/www.diocese-limoges.fr\/grand-limoges\/wp-content\/uploads\/sites\/2\/2021\/12\/bandeau-site.png\" \/>\n\t<meta property=\"og:image:width\" content=\"1022\" \/>\n\t<meta property=\"og:image:height\" content=\"249\" \/>\n\t<meta property=\"og:image:type\" content=\"image\/png\" \/>\n<meta name=\"twitter:card\" content=\"summary_large_image\" \/>\n<meta name=\"twitter:label1\" content=\"Dur\u00e9e de lecture estim\u00e9e\" \/>\n\t<meta name=\"twitter:data1\" content=\"1 minute\" \/>\n<script type=\"application\/ld+json\" class=\"yoast-schema-graph\">{\"@context\":\"https:\/\/schema.org\",\"@graph\":[{\"@type\":\"WebPage\",\"@id\":\"https:\/\/www.diocese-limoges.fr\/grand-limoges\/paroisses\/paroisse-saint-vincent-de-paul\/ostensions-2023\/les-statuts-de-lassociation\/\",\"url\":\"https:\/\/www.diocese-limoges.fr\/grand-limoges\/paroisses\/paroisse-saint-vincent-de-paul\/ostensions-2023\/les-statuts-de-lassociation\/\",\"name\":\"Les statuts de l'association - Doyenn\u00e9s du Grand Limoges\",\"isPartOf\":{\"@id\":\"https:\/\/www.diocese-limoges.fr\/grand-limoges\/#website\"},\"primaryImageOfPage\":{\"@id\":\"https:\/\/www.diocese-limoges.fr\/grand-limoges\/paroisses\/paroisse-saint-vincent-de-paul\/ostensions-2023\/les-statuts-de-lassociation\/#primaryimage\"},\"image\":{\"@id\":\"https:\/\/www.diocese-limoges.fr\/grand-limoges\/paroisses\/paroisse-saint-vincent-de-paul\/ostensions-2023\/les-statuts-de-lassociation\/#primaryimage\"},\"thumbnailUrl\":\"https:\/\/www.diocese-limoges.fr\/grand-limoges\/wp-content\/uploads\/sites\/2\/2021\/12\/bandeau-site.png\",\"datePublished\":\"2022-08-24T15:21:26+00:00\",\"dateModified\":\"2022-08-24T15:21:27+00:00\",\"breadcrumb\":{\"@id\":\"https:\/\/www.diocese-limoges.fr\/grand-limoges\/paroisses\/paroisse-saint-vincent-de-paul\/ostensions-2023\/les-statuts-de-lassociation\/#breadcrumb\"},\"inLanguage\":\"fr-FR\",\"potentialAction\":[{\"@type\":\"ReadAction\",\"target\":[\"https:\/\/www.diocese-limoges.fr\/grand-limoges\/paroisses\/paroisse-saint-vincent-de-paul\/ostensions-2023\/les-statuts-de-lassociation\/\"]}]},{\"@type\":\"ImageObject\",\"inLanguage\":\"fr-FR\",\"@id\":\"https:\/\/www.diocese-limoges.fr\/grand-limoges\/paroisses\/paroisse-saint-vincent-de-paul\/ostensions-2023\/les-statuts-de-lassociation\/#primaryimage\",\"url\":\"https:\/\/www.diocese-limoges.fr\/grand-limoges\/wp-content\/uploads\/sites\/2\/2021\/12\/bandeau-site.png\",\"contentUrl\":\"https:\/\/www.diocese-limoges.fr\/grand-limoges\/wp-content\/uploads\/sites\/2\/2021\/12\/bandeau-site.png\",\"width\":1022,\"height\":249},{\"@type\":\"BreadcrumbList\",\"@id\":\"https:\/\/www.diocese-limoges.fr\/grand-limoges\/paroisses\/paroisse-saint-vincent-de-paul\/ostensions-2023\/les-statuts-de-lassociation\/#breadcrumb\",\"itemListElement\":[{\"@type\":\"ListItem\",\"position\":1,\"name\":\"Accueil\",\"item\":\"https:\/\/www.diocese-limoges.fr\/grand-limoges\/\"},{\"@type\":\"ListItem\",\"position\":2,\"name\":\"Paroisse Saint-Vincent-de-Paul\",\"item\":\"https:\/\/www.diocese-limoges.fr\/grand-limoges\/paroisses\/paroisse-saint-vincent-de-paul\/\"},{\"@type\":\"ListItem\",\"position\":3,\"name\":\"Comit\u00e9 des Ostensions\",\"item\":\"https:\/\/www.diocese-limoges.fr\/grand-limoges\/paroisses\/paroisse-saint-vincent-de-paul\/ostensions-2023\/\"},{\"@type\":\"ListItem\",\"position\":4,\"name\":\"Les statuts de l&rsquo;association\"}]},{\"@type\":\"WebSite\",\"@id\":\"https:\/\/www.diocese-limoges.fr\/grand-limoges\/#website\",\"url\":\"https:\/\/www.diocese-limoges.fr\/grand-limoges\/\",\"name\":\"Doyenn\u00e9s du Grand Limoges\",\"description\":\"Dioc\u00e8se de Limoges\",\"potentialAction\":[{\"@type\":\"SearchAction\",\"target\":{\"@type\":\"EntryPoint\",\"urlTemplate\":\"https:\/\/www.diocese-limoges.fr\/grand-limoges\/?s={search_term_string}\"},\"query-input\":{\"@type\":\"PropertyValueSpecification\",\"valueRequired\":true,\"valueName\":\"search_term_string\"}}],\"inLanguage\":\"fr-FR\"}]}<\/script>\n<!-- \/ Yoast SEO plugin. -->","yoast_head_json":{"title":"Les statuts de l'association - Doyenn\u00e9s du Grand Limoges","robots":{"index":"index","follow":"follow","max-snippet":"max-snippet:-1","max-image-preview":"max-image-preview:large","max-video-preview":"max-video-preview:-1"},"canonical":"https:\/\/www.diocese-limoges.fr\/grand-limoges\/paroisses\/paroisse-saint-vincent-de-paul\/ostensions-2023\/les-statuts-de-lassociation\/","og_locale":"fr_FR","og_type":"article","og_title":"Les statuts de l'association - Doyenn\u00e9s du Grand Limoges","og_description":"Le comit\u00e9 des ostensions est une association loi 1901 avec des statuts d\u00e9pos\u00e9s en pr\u00e9fecture.","og_url":"https:\/\/www.diocese-limoges.fr\/grand-limoges\/paroisses\/paroisse-saint-vincent-de-paul\/ostensions-2023\/les-statuts-de-lassociation\/","og_site_name":"Doyenn\u00e9s du Grand Limoges","article_modified_time":"2022-08-24T15:21:27+00:00","og_image":[{"width":1022,"height":249,"url":"https:\/\/www.diocese-limoges.fr\/grand-limoges\/wp-content\/uploads\/sites\/2\/2021\/12\/bandeau-site.png","type":"image\/png"}],"twitter_card":"summary_large_image","twitter_misc":{"Dur\u00e9e de lecture estim\u00e9e":"1 minute"},"schema":{"@context":"https:\/\/schema.org","@graph":[{"@type":"WebPage","@id":"https:\/\/www.diocese-limoges.fr\/grand-limoges\/paroisses\/paroisse-saint-vincent-de-paul\/ostensions-2023\/les-statuts-de-lassociation\/","url":"https:\/\/www.diocese-limoges.fr\/grand-limoges\/paroisses\/paroisse-saint-vincent-de-paul\/ostensions-2023\/les-statuts-de-lassociation\/","name":"Les statuts de l'association - Doyenn\u00e9s du Grand Limoges","isPartOf":{"@id":"https:\/\/www.diocese-limoges.fr\/grand-limoges\/#website"},"primaryImageOfPage":{"@id":"https:\/\/www.diocese-limoges.fr\/grand-limoges\/paroisses\/paroisse-saint-vincent-de-paul\/ostensions-2023\/les-statuts-de-lassociation\/#primaryimage"},"image":{"@id":"https:\/\/www.diocese-limoges.fr\/grand-limoges\/paroisses\/paroisse-saint-vincent-de-paul\/ostensions-2023\/les-statuts-de-lassociation\/#primaryimage"},"thumbnailUrl":"https:\/\/www.diocese-limoges.fr\/grand-limoges\/wp-content\/uploads\/sites\/2\/2021\/12\/bandeau-site.png","datePublished":"2022-08-24T15:21:26+00:00","dateModified":"2022-08-24T15:21:27+00:00","breadcrumb":{"@id":"https:\/\/www.diocese-limoges.fr\/grand-limoges\/paroisses\/paroisse-saint-vincent-de-paul\/ostensions-2023\/les-statuts-de-lassociation\/#breadcrumb"},"inLanguage":"fr-FR","potentialAction":[{"@type":"ReadAction","target":["https:\/\/www.diocese-limoges.fr\/grand-limoges\/paroisses\/paroisse-saint-vincent-de-paul\/ostensions-2023\/les-statuts-de-lassociation\/"]}]},{"@type":"ImageObject","inLanguage":"fr-FR","@id":"https:\/\/www.diocese-limoges.fr\/grand-limoges\/paroisses\/paroisse-saint-vincent-de-paul\/ostensions-2023\/les-statuts-de-lassociation\/#primaryimage","url":"https:\/\/www.diocese-limoges.fr\/grand-limoges\/wp-content\/uploads\/sites\/2\/2021\/12\/bandeau-site.png","contentUrl":"https:\/\/www.diocese-limoges.fr\/grand-limoges\/wp-content\/uploads\/sites\/2\/2021\/12\/bandeau-site.png","width":1022,"height":249},{"@type":"BreadcrumbList","@id":"https:\/\/www.diocese-limoges.fr\/grand-limoges\/paroisses\/paroisse-saint-vincent-de-paul\/ostensions-2023\/les-statuts-de-lassociation\/#breadcrumb","itemListElement":[{"@type":"ListItem","position":1,"name":"Accueil","item":"https:\/\/www.diocese-limoges.fr\/grand-limoges\/"},{"@type":"ListItem","position":2,"name":"Paroisse Saint-Vincent-de-Paul","item":"https:\/\/www.diocese-limoges.fr\/grand-limoges\/paroisses\/paroisse-saint-vincent-de-paul\/"},{"@type":"ListItem","position":3,"name":"Comit\u00e9 des Ostensions","item":"https:\/\/www.diocese-limoges.fr\/grand-limoges\/paroisses\/paroisse-saint-vincent-de-paul\/ostensions-2023\/"},{"@type":"ListItem","position":4,"name":"Les statuts de l&rsquo;association"}]},{"@type":"WebSite","@id":"https:\/\/www.diocese-limoges.fr\/grand-limoges\/#website","url":"https:\/\/www.diocese-limoges.fr\/grand-limoges\/","name":"Doyenn\u00e9s du Grand Limoges","description":"Dioc\u00e8se de Limoges","potentialAction":[{"@type":"SearchAction","target":{"@type":"EntryPoint","urlTemplate":"https:\/\/www.diocese-limoges.fr\/grand-limoges\/?s={search_term_string}"},"query-input":{"@type":"PropertyValueSpecification","valueRequired":true,"valueName":"search_term_string"}}],"inLanguage":"fr-FR"}]}},"_links":{"self":[{"href":"https:\/\/www.diocese-limoges.fr\/grand-limoges\/wp-json\/wp\/v2\/paroisse\/20743","targetHints":{"allow":["GET"]}}],"collection":[{"href":"https:\/\/www.diocese-limoges.fr\/grand-limoges\/wp-json\/wp\/v2\/paroisse"}],"about":[{"href":"https:\/\/www.diocese-limoges.fr\/grand-limoges\/wp-json\/wp\/v2\/types\/paroisse"}],"author":[{"embeddable":true,"href":"https:\/\/www.diocese-limoges.fr\/grand-limoges\/wp-json\/wp\/v2\/users\/16"}],"up":[{"embeddable":true,"href":"https:\/\/www.diocese-limoges.fr\/grand-limoges\/wp-json\/wp\/v2\/paroisse\/19996"}],"wp:featuredmedia":[{"embeddable":true,"href":"https:\/\/www.diocese-limoges.fr\/grand-limoges\/wp-json\/wp\/v2\/media\/19997"}],"wp:attachment":[{"href":"https:\/\/www.diocese-limoges.fr\/grand-limoges\/wp-json\/wp\/v2\/media?parent=20743"}],"curies":[{"name":"wp","href":"https:\/\/api.w.org\/{rel}","templated":true}]}}

<p>Le comité des ostensions est une association loi 1901 avec des statuts déposés en préfecture.</p>


<a href="https://www.diocese-limoges.fr/grand-limoges/wp-content/uploads/sites/2/2022/08/statuts.pdf" class="pdfemb-viewer" style="" data-width="max" data-height="max" data-toolbar="bottom" data-toolbar-fixed="off">statuts</a>
<p class="wp-block-pdfemb-pdf-embedder-viewer"></p>

<!-- This site is optimized with the Yoast SEO plugin v26.4 - https://yoast.com/wordpress/plugins/seo/ -->
<title>Les statuts de l&#039;association - Doyennés du Grand Limoges</title>
<meta name="robots" content="index, follow, max-snippet:-1, max-image-preview:large, max-video-preview:-1" />
<link rel="canonical" href="https://www.diocese-limoges.fr/grand-limoges/paroisses/paroisse-saint-vincent-de-paul/ostensions-2023/les-statuts-de-lassociation/" />
<meta property="og:locale" content="fr_FR" />
<meta property="og:type" content="article" />
<meta property="og:title" content="Les statuts de l&#039;association - Doyennés du Grand Limoges" />
<meta property="og:description" content="Le comité des ostensions est une association loi 1901 avec des statuts déposés en préfecture." />
<meta property="og:url" content="https://www.diocese-limoges.fr/grand-limoges/paroisses/paroisse-saint-vincent-de-paul/ostensions-2023/les-statuts-de-lassociation/" />
<meta property="og:site_name" content="Doyennés du Grand Limoges" />
<meta property="article:modified_time" content="2022-08-24T15:21:27+00:00" />
<meta property="og:image" content="https://www.diocese-limoges.fr/grand-limoges/wp-content/uploads/sites/2/2021/12/bandeau-site.png" />
	<meta property="og:image:width" content="1022" />
	<meta property="og:image:height" content="249" />
	<meta property="og:image:type" content="image/png" />
<meta name="twitter:card" content="summary_large_image" />
<meta name="twitter:label1" content="Durée de lecture estimée" />
	<meta name="twitter:data1" content="1 minute" />
<script type="application/ld+json" class="yoast-schema-graph">{"@context":"https://schema.org","@graph":[{"@type":"WebPage","@id":"https://www.diocese-limoges.fr/grand-limoges/paroisses/paroisse-saint-vincent-de-paul/ostensions-2023/les-statuts-de-lassociation/","url":"https://www.diocese-limoges.fr/grand-limoges/paroisses/paroisse-saint-vincent-de-paul/ostensions-2023/les-statuts-de-lassociation/","name":"Les statuts de l'association - Doyennés du Grand Limoges","isPartOf":{"@id":"https://www.diocese-limoges.fr/grand-limoges/#website"},"primaryImageOfPage":{"@id":"https://www.diocese-limoges.fr/grand-limoges/paroisses/paroisse-saint-vincent-de-paul/ostensions-2023/les-statuts-de-lassociation/#primaryimage"},"image":{"@id":"https://www.diocese-limoges.fr/grand-limoges/paroisses/paroisse-saint-vincent-de-paul/ostensions-2023/les-statuts-de-lassociation/#primaryimage"},"thumbnailUrl":"https://www.diocese-limoges.fr/grand-limoges/wp-content/uploads/sites/2/2021/12/bandeau-site.png","datePublished":"2022-08-24T15:21:26+00:00","dateModified":"2022-08-24T15:21:27+00:00","breadcrumb":{"@id":"https://www.diocese-limoges.fr/grand-limoges/paroisses/paroisse-saint-vincent-de-paul/ostensions-2023/les-statuts-de-lassociation/#breadcrumb"},"inLanguage":"fr-FR","potentialAction":[{"@type":"ReadAction","target":["https://www.diocese-limoges.fr/grand-limoges/paroisses/paroisse-saint-vincent-de-paul/ostensions-2023/les-statuts-de-lassociation/"]}]},{"@type":"ImageObject","inLanguage":"fr-FR","@id":"https://www.diocese-limoges.fr/grand-limoges/paroisses/paroisse-saint-vincent-de-paul/ostensions-2023/les-statuts-de-lassociation/#primaryimage","url":"https://www.diocese-limoges.fr/grand-limoges/wp-content/uploads/sites/2/2021/12/bandeau-site.png","contentUrl":"https://www.diocese-limoges.fr/grand-limoges/wp-content/uploads/sites/2/2021/12/bandeau-site.png","width":1022,"height":249},{"@type":"BreadcrumbList","@id":"https://www.diocese-limoges.fr/grand-limoges/paroisses/paroisse-saint-vincent-de-paul/ostensions-2023/les-statuts-de-lassociation/#breadcrumb","itemListElement":[{"@type":"ListItem","position":1,"name":"Accueil","item":"https://www.diocese-limoges.fr/grand-limoges/"},{"@type":"ListItem","position":2,"name":"Paroisse Saint-Vincent-de-Paul","item":"https://www.diocese-limoges.fr/grand-limoges/paroisses/paroisse-saint-vincent-de-paul/"},{"@type":"ListItem","position":3,"name":"Comité des Ostensions","item":"https://www.diocese-limoges.fr/grand-limoges/paroisses/paroisse-saint-vincent-de-paul/ostensions-2023/"},{"@type":"ListItem","position":4,"name":"Les statuts de l&rsquo;association"}]},{"@type":"WebSite","@id":"https://www.diocese-limoges.fr/grand-limoges/#website","url":"https://www.diocese-limoges.fr/grand-limoges/","name":"Doyennés du Grand Limoges","description":"Diocèse de Limoges","potentialAction":[{"@type":"SearchAction","target":{"@type":"EntryPoint","urlTemplate":"https://www.diocese-limoges.fr/grand-limoges/?s={search_term_string}"},"query-input":{"@type":"PropertyValueSpecification","valueRequired":true,"valueName":"search_term_string"}}],"inLanguage":"fr-FR"}]}</script>
<!-- / Yoast SEO plugin. -->

Les statuts de l'association - Doyennés du Grand Limoges

Le comité des ostensions est une association loi 1901 avec des statuts déposés en préfecture.

Doyennés du Grand Limoges

Comité des Ostensions

Diocèse de Limoges
