{"id":20769,"date":"2022-08-29T19:26:45","date_gmt":"2022-08-29T17:26:45","guid":{"rendered":"https:\/\/www.diocese-limoges.fr\/grand-limoges\/?post_type=paroisse&#038;p=20769"},"modified":"2022-08-31T21:46:02","modified_gmt":"2022-08-31T19:46:02","slug":"eveil-a-la-foi","status":"publish","type":"paroisse","link":"https:\/\/www.diocese-limoges.fr\/grand-limoges\/paroisses\/saint-luc\/services-bapteme\/eveil-a-la-foi\/","title":{"rendered":"Eveil \u00e0 la foi"},"content":{"rendered":"\n<p class=\"has-medium-font-size\"><em><strong><mark class=\"has-inline-color has-vivid-red-color\">En cours d&rsquo;actualisation.<\/mark><\/strong><\/em><\/p>\n\n\n\n<p class=\"has-medium-font-size\"><span style=\"text-decoration: underline\">Contact<\/span> : <strong>V\u00e9ronique FAYS<\/strong> (06 78 92 36 14 &#8211; veronique.fays@gmail.com)<\/p>\n","protected":false},"author":12,"featured_media":0,"parent":20760,"menu_order":48,"template":"","meta":{"_acf_changed":false},"class_list":["post-20769","paroisse","type-paroisse","status-publish","hentry"],"acf":[],"yoast_head":"<!-- This site is optimized with the Yoast SEO plugin v26.4 - https:\/\/yoast.com\/wordpress\/plugins\/seo\/ -->\n<title>Eveil \u00e0 la foi - Doyenn\u00e9s du Grand Limoges<\/title>\n<meta name=\"robots\" content=\"index, follow, max-snippet:-1, max-image-preview:large, max-video-preview:-1\" \/>\n<link rel=\"canonical\" href=\"https:\/\/www.diocese-limoges.fr\/grand-limoges\/paroisses\/saint-luc\/services-bapteme\/eveil-a-la-foi\/\" \/>\n<meta property=\"og:locale\" content=\"fr_FR\" \/>\n<meta property=\"og:type\" content=\"article\" \/>\n<meta property=\"og:title\" content=\"Eveil \u00e0 la foi - Doyenn\u00e9s du Grand Limoges\" \/>\n<meta property=\"og:description\" content=\"En cours d&rsquo;actualisation. Contact : V\u00e9ronique FAYS (06 78 92 36 14 &#8211; veronique.fays@gmail.com)\" \/>\n<meta property=\"og:url\" content=\"https:\/\/www.diocese-limoges.fr\/grand-limoges\/paroisses\/saint-luc\/services-bapteme\/eveil-a-la-foi\/\" \/>\n<meta property=\"og:site_name\" content=\"Doyenn\u00e9s du Grand Limoges\" \/>\n<meta property=\"article:modified_time\" content=\"2022-08-31T19:46:02+00:00\" \/>\n<meta name=\"twitter:card\" content=\"summary_large_image\" \/>\n<meta name=\"twitter:label1\" content=\"Dur\u00e9e de lecture estim\u00e9e\" \/>\n\t<meta name=\"twitter:data1\" content=\"1 minute\" \/>\n<script type=\"application\/ld+json\" class=\"yoast-schema-graph\">{\"@context\":\"https:\/\/schema.org\",\"@graph\":[{\"@type\":\"WebPage\",\"@id\":\"https:\/\/www.diocese-limoges.fr\/grand-limoges\/paroisses\/saint-luc\/services-bapteme\/eveil-a-la-foi\/\",\"url\":\"https:\/\/www.diocese-limoges.fr\/grand-limoges\/paroisses\/saint-luc\/services-bapteme\/eveil-a-la-foi\/\",\"name\":\"Eveil \u00e0 la foi - Doyenn\u00e9s du Grand Limoges\",\"isPartOf\":{\"@id\":\"https:\/\/www.diocese-limoges.fr\/grand-limoges\/#website\"},\"datePublished\":\"2022-08-29T17:26:45+00:00\",\"dateModified\":\"2022-08-31T19:46:02+00:00\",\"breadcrumb\":{\"@id\":\"https:\/\/www.diocese-limoges.fr\/grand-limoges\/paroisses\/saint-luc\/services-bapteme\/eveil-a-la-foi\/#breadcrumb\"},\"inLanguage\":\"fr-FR\",\"potentialAction\":[{\"@type\":\"ReadAction\",\"target\":[\"https:\/\/www.diocese-limoges.fr\/grand-limoges\/paroisses\/saint-luc\/services-bapteme\/eveil-a-la-foi\/\"]}]},{\"@type\":\"BreadcrumbList\",\"@id\":\"https:\/\/www.diocese-limoges.fr\/grand-limoges\/paroisses\/saint-luc\/services-bapteme\/eveil-a-la-foi\/#breadcrumb\",\"itemListElement\":[{\"@type\":\"ListItem\",\"position\":1,\"name\":\"Accueil\",\"item\":\"https:\/\/www.diocese-limoges.fr\/grand-limoges\/\"},{\"@type\":\"ListItem\",\"position\":2,\"name\":\"Paroisse Saint-Luc\",\"item\":\"https:\/\/www.diocese-limoges.fr\/grand-limoges\/paroisses\/saint-luc\/\"},{\"@type\":\"ListItem\",\"position\":3,\"name\":\"EVEIL A LA FOI &#8211; CATECHISME &#8211; AUMONERIE\",\"item\":\"https:\/\/www.diocese-limoges.fr\/grand-limoges\/paroisses\/saint-luc\/services-bapteme\/\"},{\"@type\":\"ListItem\",\"position\":4,\"name\":\"Eveil \u00e0 la foi\"}]},{\"@type\":\"WebSite\",\"@id\":\"https:\/\/www.diocese-limoges.fr\/grand-limoges\/#website\",\"url\":\"https:\/\/www.diocese-limoges.fr\/grand-limoges\/\",\"name\":\"Doyenn\u00e9s du Grand Limoges\",\"description\":\"Dioc\u00e8se de Limoges\",\"potentialAction\":[{\"@type\":\"SearchAction\",\"target\":{\"@type\":\"EntryPoint\",\"urlTemplate\":\"https:\/\/www.diocese-limoges.fr\/grand-limoges\/?s={search_term_string}\"},\"query-input\":{\"@type\":\"PropertyValueSpecification\",\"valueRequired\":true,\"valueName\":\"search_term_string\"}}],\"inLanguage\":\"fr-FR\"}]}<\/script>\n<!-- \/ Yoast SEO plugin. -->","yoast_head_json":{"title":"Eveil \u00e0 la foi - Doyenn\u00e9s du Grand Limoges","robots":{"index":"index","follow":"follow","max-snippet":"max-snippet:-1","max-image-preview":"max-image-preview:large","max-video-preview":"max-video-preview:-1"},"canonical":"https:\/\/www.diocese-limoges.fr\/grand-limoges\/paroisses\/saint-luc\/services-bapteme\/eveil-a-la-foi\/","og_locale":"fr_FR","og_type":"article","og_title":"Eveil \u00e0 la foi - Doyenn\u00e9s du Grand Limoges","og_description":"En cours d&rsquo;actualisation. Contact : V\u00e9ronique FAYS (06 78 92 36 14 &#8211; veronique.fays@gmail.com)","og_url":"https:\/\/www.diocese-limoges.fr\/grand-limoges\/paroisses\/saint-luc\/services-bapteme\/eveil-a-la-foi\/","og_site_name":"Doyenn\u00e9s du Grand Limoges","article_modified_time":"2022-08-31T19:46:02+00:00","twitter_card":"summary_large_image","twitter_misc":{"Dur\u00e9e de lecture estim\u00e9e":"1 minute"},"schema":{"@context":"https:\/\/schema.org","@graph":[{"@type":"WebPage","@id":"https:\/\/www.diocese-limoges.fr\/grand-limoges\/paroisses\/saint-luc\/services-bapteme\/eveil-a-la-foi\/","url":"https:\/\/www.diocese-limoges.fr\/grand-limoges\/paroisses\/saint-luc\/services-bapteme\/eveil-a-la-foi\/","name":"Eveil \u00e0 la foi - Doyenn\u00e9s du Grand Limoges","isPartOf":{"@id":"https:\/\/www.diocese-limoges.fr\/grand-limoges\/#website"},"datePublished":"2022-08-29T17:26:45+00:00","dateModified":"2022-08-31T19:46:02+00:00","breadcrumb":{"@id":"https:\/\/www.diocese-limoges.fr\/grand-limoges\/paroisses\/saint-luc\/services-bapteme\/eveil-a-la-foi\/#breadcrumb"},"inLanguage":"fr-FR","potentialAction":[{"@type":"ReadAction","target":["https:\/\/www.diocese-limoges.fr\/grand-limoges\/paroisses\/saint-luc\/services-bapteme\/eveil-a-la-foi\/"]}]},{"@type":"BreadcrumbList","@id":"https:\/\/www.diocese-limoges.fr\/grand-limoges\/paroisses\/saint-luc\/services-bapteme\/eveil-a-la-foi\/#breadcrumb","itemListElement":[{"@type":"ListItem","position":1,"name":"Accueil","item":"https:\/\/www.diocese-limoges.fr\/grand-limoges\/"},{"@type":"ListItem","position":2,"name":"Paroisse Saint-Luc","item":"https:\/\/www.diocese-limoges.fr\/grand-limoges\/paroisses\/saint-luc\/"},{"@type":"ListItem","position":3,"name":"EVEIL A LA FOI &#8211; CATECHISME &#8211; AUMONERIE","item":"https:\/\/www.diocese-limoges.fr\/grand-limoges\/paroisses\/saint-luc\/services-bapteme\/"},{"@type":"ListItem","position":4,"name":"Eveil \u00e0 la foi"}]},{"@type":"WebSite","@id":"https:\/\/www.diocese-limoges.fr\/grand-limoges\/#website","url":"https:\/\/www.diocese-limoges.fr\/grand-limoges\/","name":"Doyenn\u00e9s du Grand Limoges","description":"Dioc\u00e8se de Limoges","potentialAction":[{"@type":"SearchAction","target":{"@type":"EntryPoint","urlTemplate":"https:\/\/www.diocese-limoges.fr\/grand-limoges\/?s={search_term_string}"},"query-input":{"@type":"PropertyValueSpecification","valueRequired":true,"valueName":"search_term_string"}}],"inLanguage":"fr-FR"}]}},"_links":{"self":[{"href":"https:\/\/www.diocese-limoges.fr\/grand-limoges\/wp-json\/wp\/v2\/paroisse\/20769","targetHints":{"allow":["GET"]}}],"collection":[{"href":"https:\/\/www.diocese-limoges.fr\/grand-limoges\/wp-json\/wp\/v2\/paroisse"}],"about":[{"href":"https:\/\/www.diocese-limoges.fr\/grand-limoges\/wp-json\/wp\/v2\/types\/paroisse"}],"author":[{"embeddable":true,"href":"https:\/\/www.diocese-limoges.fr\/grand-limoges\/wp-json\/wp\/v2\/users\/12"}],"up":[{"embeddable":true,"href":"https:\/\/www.diocese-limoges.fr\/grand-limoges\/wp-json\/wp\/v2\/paroisse\/20760"}],"wp:attachment":[{"href":"https:\/\/www.diocese-limoges.fr\/grand-limoges\/wp-json\/wp\/v2\/media?parent=20769"}],"curies":[{"name":"wp","href":"https:\/\/api.w.org\/{rel}","templated":true}]}}

Eveil à la foi

<p class="has-medium-font-size"><em><strong><mark class="has-inline-color has-vivid-red-color">En cours d&rsquo;actualisation.</mark></strong></em></p>



<p class="has-medium-font-size"><span style="text-decoration: underline">Contact</span> : <strong>Véronique FAYS</strong> (06 78 92 36 14 &#8211; veronique.fays@gmail.com)</p>

<!-- This site is optimized with the Yoast SEO plugin v26.4 - https://yoast.com/wordpress/plugins/seo/ -->
<title>Eveil à la foi - Doyennés du Grand Limoges</title>
<meta name="robots" content="index, follow, max-snippet:-1, max-image-preview:large, max-video-preview:-1" />
<link rel="canonical" href="https://www.diocese-limoges.fr/grand-limoges/paroisses/saint-luc/services-bapteme/eveil-a-la-foi/" />
<meta property="og:locale" content="fr_FR" />
<meta property="og:type" content="article" />
<meta property="og:title" content="Eveil à la foi - Doyennés du Grand Limoges" />
<meta property="og:description" content="En cours d&rsquo;actualisation. Contact : Véronique FAYS (06 78 92 36 14 &#8211; veronique.fays@gmail.com)" />
<meta property="og:url" content="https://www.diocese-limoges.fr/grand-limoges/paroisses/saint-luc/services-bapteme/eveil-a-la-foi/" />
<meta property="og:site_name" content="Doyennés du Grand Limoges" />
<meta property="article:modified_time" content="2022-08-31T19:46:02+00:00" />
<meta name="twitter:card" content="summary_large_image" />
<meta name="twitter:label1" content="Durée de lecture estimée" />
	<meta name="twitter:data1" content="1 minute" />
<script type="application/ld+json" class="yoast-schema-graph">{"@context":"https://schema.org","@graph":[{"@type":"WebPage","@id":"https://www.diocese-limoges.fr/grand-limoges/paroisses/saint-luc/services-bapteme/eveil-a-la-foi/","url":"https://www.diocese-limoges.fr/grand-limoges/paroisses/saint-luc/services-bapteme/eveil-a-la-foi/","name":"Eveil à la foi - Doyennés du Grand Limoges","isPartOf":{"@id":"https://www.diocese-limoges.fr/grand-limoges/#website"},"datePublished":"2022-08-29T17:26:45+00:00","dateModified":"2022-08-31T19:46:02+00:00","breadcrumb":{"@id":"https://www.diocese-limoges.fr/grand-limoges/paroisses/saint-luc/services-bapteme/eveil-a-la-foi/#breadcrumb"},"inLanguage":"fr-FR","potentialAction":[{"@type":"ReadAction","target":["https://www.diocese-limoges.fr/grand-limoges/paroisses/saint-luc/services-bapteme/eveil-a-la-foi/"]}]},{"@type":"BreadcrumbList","@id":"https://www.diocese-limoges.fr/grand-limoges/paroisses/saint-luc/services-bapteme/eveil-a-la-foi/#breadcrumb","itemListElement":[{"@type":"ListItem","position":1,"name":"Accueil","item":"https://www.diocese-limoges.fr/grand-limoges/"},{"@type":"ListItem","position":2,"name":"Paroisse Saint-Luc","item":"https://www.diocese-limoges.fr/grand-limoges/paroisses/saint-luc/"},{"@type":"ListItem","position":3,"name":"EVEIL A LA FOI &#8211; CATECHISME &#8211; AUMONERIE","item":"https://www.diocese-limoges.fr/grand-limoges/paroisses/saint-luc/services-bapteme/"},{"@type":"ListItem","position":4,"name":"Eveil à la foi"}]},{"@type":"WebSite","@id":"https://www.diocese-limoges.fr/grand-limoges/#website","url":"https://www.diocese-limoges.fr/grand-limoges/","name":"Doyennés du Grand Limoges","description":"Diocèse de Limoges","potentialAction":[{"@type":"SearchAction","target":{"@type":"EntryPoint","urlTemplate":"https://www.diocese-limoges.fr/grand-limoges/?s={search_term_string}"},"query-input":{"@type":"PropertyValueSpecification","valueRequired":true,"valueName":"search_term_string"}}],"inLanguage":"fr-FR"}]}</script>
<!-- / Yoast SEO plugin. -->

Eveil à la foi - Doyennés du Grand Limoges

En cours d&rsquo;actualisation. Contact : Véronique FAYS (06 78 92 36 14 &#8211; veronique.fays@gmail.com)

Doyennés du Grand Limoges

Diocèse de Limoges
