{"id":21499,"date":"2023-02-01T22:32:20","date_gmt":"2023-02-01T21:32:20","guid":{"rendered":"https:\/\/www.diocese-limoges.fr\/grand-limoges\/?post_type=paroisse&#038;p=21499"},"modified":"2025-12-06T18:13:54","modified_gmt":"2025-12-06T17:13:54","slug":"lieux","status":"publish","type":"paroisse","link":"https:\/\/www.diocese-limoges.fr\/grand-limoges\/paroisses\/saint-jean-paul-ii\/lieux\/","title":{"rendered":"Lieux"},"content":{"rendered":"\n<h2 class=\"wp-block-heading\">\u00c9glise du Sacr\u00e9-C\u0153ur<\/h2>\n\n\n\n<p>30, rue Fran\u00e7ois-Perrin \u00e0 Limoges<\/p>\n\n\n\n<h2 class=\"wp-block-heading\">\u00c9glise Sainte Jeanne-d&rsquo;Arc<\/h2>\n\n\n\n<p>50, rue d\u2019Isle \u00e0 Limoges<\/p>\n\n\n\n<h2 class=\"wp-block-heading\">Chapelle Saint Jean-Baptiste<\/h2>\n\n\n\n<p>21, rue Fustel-de-Coulanges \u00e0 Limoges<\/p>\n\n\n\n<figure class=\"wp-block-image size-large\"><a href=\"https:\/\/framacarte.org\/fr\/map\/carte-des-eglises-de-la-paroisse-saint-jean-paul-i_144055#16\/45.8284\/1.2371\" target=\"_blank\" rel=\"noopener\"><img loading=\"lazy\" decoding=\"async\" width=\"1024\" height=\"585\" src=\"https:\/\/www.diocese-limoges.fr\/grand-limoges\/wp-content\/uploads\/sites\/2\/2023\/02\/capture-decran-2023-02-22-a-15.07.28-1024x585.png\" alt=\"\" class=\"wp-image-21549\" srcset=\"https:\/\/www.diocese-limoges.fr\/grand-limoges\/wp-content\/uploads\/sites\/2\/2023\/02\/capture-decran-2023-02-22-a-15.07.28-1024x585.png 1024w, https:\/\/www.diocese-limoges.fr\/grand-limoges\/wp-content\/uploads\/sites\/2\/2023\/02\/capture-decran-2023-02-22-a-15.07.28-300x171.png 300w, https:\/\/www.diocese-limoges.fr\/grand-limoges\/wp-content\/uploads\/sites\/2\/2023\/02\/capture-decran-2023-02-22-a-15.07.28-768x438.png 768w, https:\/\/www.diocese-limoges.fr\/grand-limoges\/wp-content\/uploads\/sites\/2\/2023\/02\/capture-decran-2023-02-22-a-15.07.28-1536x877.png 1536w, https:\/\/www.diocese-limoges.fr\/grand-limoges\/wp-content\/uploads\/sites\/2\/2023\/02\/capture-decran-2023-02-22-a-15.07.28.png 1890w\" sizes=\"auto, (max-width: 1024px) 100vw, 1024px\" \/><\/a><figcaption class=\"wp-element-caption\">Cliquer sur la carte pour l&rsquo;ouvrir en grand<\/figcaption><\/figure>\n","protected":false},"author":18,"featured_media":24692,"parent":54,"menu_order":13,"template":"","meta":{"_acf_changed":false},"class_list":["post-21499","paroisse","type-paroisse","status-publish","has-post-thumbnail","hentry"],"acf":[],"yoast_head":"<!-- This site is optimized with the Yoast SEO plugin v26.4 - https:\/\/yoast.com\/wordpress\/plugins\/seo\/ -->\n<title>Lieux - Doyenn\u00e9s du Grand Limoges<\/title>\n<meta name=\"robots\" content=\"index, follow, max-snippet:-1, max-image-preview:large, max-video-preview:-1\" \/>\n<link rel=\"canonical\" href=\"https:\/\/www.diocese-limoges.fr\/grand-limoges\/paroisses\/saint-jean-paul-ii\/lieux\/\" \/>\n<meta property=\"og:locale\" content=\"fr_FR\" \/>\n<meta property=\"og:type\" content=\"article\" \/>\n<meta property=\"og:title\" content=\"Lieux - Doyenn\u00e9s du Grand Limoges\" \/>\n<meta property=\"og:description\" content=\"\u00c9glise du Sacr\u00e9-C\u0153ur 30, rue Fran\u00e7ois-Perrin \u00e0 Limoges \u00c9glise Sainte Jeanne-d&rsquo;Arc 50, rue d\u2019Isle \u00e0 Limoges Chapelle Saint Jean-Baptiste 21, rue Fustel-de-Coulanges \u00e0 Limoges\" \/>\n<meta property=\"og:url\" content=\"https:\/\/www.diocese-limoges.fr\/grand-limoges\/paroisses\/saint-jean-paul-ii\/lieux\/\" \/>\n<meta property=\"og:site_name\" content=\"Doyenn\u00e9s du Grand Limoges\" \/>\n<meta property=\"article:modified_time\" content=\"2025-12-06T17:13:54+00:00\" \/>\n<meta property=\"og:image\" content=\"https:\/\/www.diocese-limoges.fr\/grand-limoges\/wp-content\/uploads\/sites\/2\/2023\/02\/photos-3-clochers-site-web.jpeg\" \/>\n\t<meta property=\"og:image:width\" content=\"1280\" \/>\n\t<meta property=\"og:image:height\" content=\"629\" \/>\n\t<meta property=\"og:image:type\" content=\"image\/jpeg\" \/>\n<meta name=\"twitter:card\" content=\"summary_large_image\" \/>\n<meta name=\"twitter:label1\" content=\"Dur\u00e9e de lecture estim\u00e9e\" \/>\n\t<meta name=\"twitter:data1\" content=\"1 minute\" \/>\n<script type=\"application\/ld+json\" class=\"yoast-schema-graph\">{\"@context\":\"https:\/\/schema.org\",\"@graph\":[{\"@type\":\"WebPage\",\"@id\":\"https:\/\/www.diocese-limoges.fr\/grand-limoges\/paroisses\/saint-jean-paul-ii\/lieux\/\",\"url\":\"https:\/\/www.diocese-limoges.fr\/grand-limoges\/paroisses\/saint-jean-paul-ii\/lieux\/\",\"name\":\"Lieux - Doyenn\u00e9s du Grand Limoges\",\"isPartOf\":{\"@id\":\"https:\/\/www.diocese-limoges.fr\/grand-limoges\/#website\"},\"primaryImageOfPage\":{\"@id\":\"https:\/\/www.diocese-limoges.fr\/grand-limoges\/paroisses\/saint-jean-paul-ii\/lieux\/#primaryimage\"},\"image\":{\"@id\":\"https:\/\/www.diocese-limoges.fr\/grand-limoges\/paroisses\/saint-jean-paul-ii\/lieux\/#primaryimage\"},\"thumbnailUrl\":\"https:\/\/www.diocese-limoges.fr\/grand-limoges\/wp-content\/uploads\/sites\/2\/2023\/02\/photos-3-clochers-site-web.jpeg\",\"datePublished\":\"2023-02-01T21:32:20+00:00\",\"dateModified\":\"2025-12-06T17:13:54+00:00\",\"breadcrumb\":{\"@id\":\"https:\/\/www.diocese-limoges.fr\/grand-limoges\/paroisses\/saint-jean-paul-ii\/lieux\/#breadcrumb\"},\"inLanguage\":\"fr-FR\",\"potentialAction\":[{\"@type\":\"ReadAction\",\"target\":[\"https:\/\/www.diocese-limoges.fr\/grand-limoges\/paroisses\/saint-jean-paul-ii\/lieux\/\"]}]},{\"@type\":\"ImageObject\",\"inLanguage\":\"fr-FR\",\"@id\":\"https:\/\/www.diocese-limoges.fr\/grand-limoges\/paroisses\/saint-jean-paul-ii\/lieux\/#primaryimage\",\"url\":\"https:\/\/www.diocese-limoges.fr\/grand-limoges\/wp-content\/uploads\/sites\/2\/2023\/02\/photos-3-clochers-site-web.jpeg\",\"contentUrl\":\"https:\/\/www.diocese-limoges.fr\/grand-limoges\/wp-content\/uploads\/sites\/2\/2023\/02\/photos-3-clochers-site-web.jpeg\",\"width\":1280,\"height\":629},{\"@type\":\"BreadcrumbList\",\"@id\":\"https:\/\/www.diocese-limoges.fr\/grand-limoges\/paroisses\/saint-jean-paul-ii\/lieux\/#breadcrumb\",\"itemListElement\":[{\"@type\":\"ListItem\",\"position\":1,\"name\":\"Accueil\",\"item\":\"https:\/\/www.diocese-limoges.fr\/grand-limoges\/\"},{\"@type\":\"ListItem\",\"position\":2,\"name\":\"Paroisse Saint-Jean-Paul II\",\"item\":\"https:\/\/www.diocese-limoges.fr\/grand-limoges\/paroisses\/saint-jean-paul-ii\/\"},{\"@type\":\"ListItem\",\"position\":3,\"name\":\"Lieux\"}]},{\"@type\":\"WebSite\",\"@id\":\"https:\/\/www.diocese-limoges.fr\/grand-limoges\/#website\",\"url\":\"https:\/\/www.diocese-limoges.fr\/grand-limoges\/\",\"name\":\"Doyenn\u00e9s du Grand Limoges\",\"description\":\"Dioc\u00e8se de Limoges\",\"potentialAction\":[{\"@type\":\"SearchAction\",\"target\":{\"@type\":\"EntryPoint\",\"urlTemplate\":\"https:\/\/www.diocese-limoges.fr\/grand-limoges\/?s={search_term_string}\"},\"query-input\":{\"@type\":\"PropertyValueSpecification\",\"valueRequired\":true,\"valueName\":\"search_term_string\"}}],\"inLanguage\":\"fr-FR\"}]}<\/script>\n<!-- \/ Yoast SEO plugin. -->","yoast_head_json":{"title":"Lieux - Doyenn\u00e9s du Grand Limoges","robots":{"index":"index","follow":"follow","max-snippet":"max-snippet:-1","max-image-preview":"max-image-preview:large","max-video-preview":"max-video-preview:-1"},"canonical":"https:\/\/www.diocese-limoges.fr\/grand-limoges\/paroisses\/saint-jean-paul-ii\/lieux\/","og_locale":"fr_FR","og_type":"article","og_title":"Lieux - Doyenn\u00e9s du Grand Limoges","og_description":"\u00c9glise du Sacr\u00e9-C\u0153ur 30, rue Fran\u00e7ois-Perrin \u00e0 Limoges \u00c9glise Sainte Jeanne-d&rsquo;Arc 50, rue d\u2019Isle \u00e0 Limoges Chapelle Saint Jean-Baptiste 21, rue Fustel-de-Coulanges \u00e0 Limoges","og_url":"https:\/\/www.diocese-limoges.fr\/grand-limoges\/paroisses\/saint-jean-paul-ii\/lieux\/","og_site_name":"Doyenn\u00e9s du Grand Limoges","article_modified_time":"2025-12-06T17:13:54+00:00","og_image":[{"width":1280,"height":629,"url":"https:\/\/www.diocese-limoges.fr\/grand-limoges\/wp-content\/uploads\/sites\/2\/2023\/02\/photos-3-clochers-site-web.jpeg","type":"image\/jpeg"}],"twitter_card":"summary_large_image","twitter_misc":{"Dur\u00e9e de lecture estim\u00e9e":"1 minute"},"schema":{"@context":"https:\/\/schema.org","@graph":[{"@type":"WebPage","@id":"https:\/\/www.diocese-limoges.fr\/grand-limoges\/paroisses\/saint-jean-paul-ii\/lieux\/","url":"https:\/\/www.diocese-limoges.fr\/grand-limoges\/paroisses\/saint-jean-paul-ii\/lieux\/","name":"Lieux - Doyenn\u00e9s du Grand Limoges","isPartOf":{"@id":"https:\/\/www.diocese-limoges.fr\/grand-limoges\/#website"},"primaryImageOfPage":{"@id":"https:\/\/www.diocese-limoges.fr\/grand-limoges\/paroisses\/saint-jean-paul-ii\/lieux\/#primaryimage"},"image":{"@id":"https:\/\/www.diocese-limoges.fr\/grand-limoges\/paroisses\/saint-jean-paul-ii\/lieux\/#primaryimage"},"thumbnailUrl":"https:\/\/www.diocese-limoges.fr\/grand-limoges\/wp-content\/uploads\/sites\/2\/2023\/02\/photos-3-clochers-site-web.jpeg","datePublished":"2023-02-01T21:32:20+00:00","dateModified":"2025-12-06T17:13:54+00:00","breadcrumb":{"@id":"https:\/\/www.diocese-limoges.fr\/grand-limoges\/paroisses\/saint-jean-paul-ii\/lieux\/#breadcrumb"},"inLanguage":"fr-FR","potentialAction":[{"@type":"ReadAction","target":["https:\/\/www.diocese-limoges.fr\/grand-limoges\/paroisses\/saint-jean-paul-ii\/lieux\/"]}]},{"@type":"ImageObject","inLanguage":"fr-FR","@id":"https:\/\/www.diocese-limoges.fr\/grand-limoges\/paroisses\/saint-jean-paul-ii\/lieux\/#primaryimage","url":"https:\/\/www.diocese-limoges.fr\/grand-limoges\/wp-content\/uploads\/sites\/2\/2023\/02\/photos-3-clochers-site-web.jpeg","contentUrl":"https:\/\/www.diocese-limoges.fr\/grand-limoges\/wp-content\/uploads\/sites\/2\/2023\/02\/photos-3-clochers-site-web.jpeg","width":1280,"height":629},{"@type":"BreadcrumbList","@id":"https:\/\/www.diocese-limoges.fr\/grand-limoges\/paroisses\/saint-jean-paul-ii\/lieux\/#breadcrumb","itemListElement":[{"@type":"ListItem","position":1,"name":"Accueil","item":"https:\/\/www.diocese-limoges.fr\/grand-limoges\/"},{"@type":"ListItem","position":2,"name":"Paroisse Saint-Jean-Paul II","item":"https:\/\/www.diocese-limoges.fr\/grand-limoges\/paroisses\/saint-jean-paul-ii\/"},{"@type":"ListItem","position":3,"name":"Lieux"}]},{"@type":"WebSite","@id":"https:\/\/www.diocese-limoges.fr\/grand-limoges\/#website","url":"https:\/\/www.diocese-limoges.fr\/grand-limoges\/","name":"Doyenn\u00e9s du Grand Limoges","description":"Dioc\u00e8se de Limoges","potentialAction":[{"@type":"SearchAction","target":{"@type":"EntryPoint","urlTemplate":"https:\/\/www.diocese-limoges.fr\/grand-limoges\/?s={search_term_string}"},"query-input":{"@type":"PropertyValueSpecification","valueRequired":true,"valueName":"search_term_string"}}],"inLanguage":"fr-FR"}]}},"_links":{"self":[{"href":"https:\/\/www.diocese-limoges.fr\/grand-limoges\/wp-json\/wp\/v2\/paroisse\/21499","targetHints":{"allow":["GET"]}}],"collection":[{"href":"https:\/\/www.diocese-limoges.fr\/grand-limoges\/wp-json\/wp\/v2\/paroisse"}],"about":[{"href":"https:\/\/www.diocese-limoges.fr\/grand-limoges\/wp-json\/wp\/v2\/types\/paroisse"}],"author":[{"embeddable":true,"href":"https:\/\/www.diocese-limoges.fr\/grand-limoges\/wp-json\/wp\/v2\/users\/18"}],"up":[{"embeddable":true,"href":"https:\/\/www.diocese-limoges.fr\/grand-limoges\/wp-json\/wp\/v2\/paroisse\/54"}],"wp:featuredmedia":[{"embeddable":true,"href":"https:\/\/www.diocese-limoges.fr\/grand-limoges\/wp-json\/wp\/v2\/media\/24692"}],"wp:attachment":[{"href":"https:\/\/www.diocese-limoges.fr\/grand-limoges\/wp-json\/wp\/v2\/media?parent=21499"}],"curies":[{"name":"wp","href":"https:\/\/api.w.org\/{rel}","templated":true}]}}

<h2 class="wp-block-heading">Église du Sacré-Cœur</h2>



<p>30, rue François-Perrin à Limoges</p>



<h2 class="wp-block-heading">Église Sainte Jeanne-d&rsquo;Arc</h2>



<p>50, rue d’Isle à Limoges</p>



<h2 class="wp-block-heading">Chapelle Saint Jean-Baptiste</h2>



<p>21, rue Fustel-de-Coulanges à Limoges</p>



<figure class="wp-block-image size-large"><a href="https://framacarte.org/fr/map/carte-des-eglises-de-la-paroisse-saint-jean-paul-i_144055#16/45.8284/1.2371" target="_blank" rel="noopener"><img loading="lazy" decoding="async" width="1024" height="585" src="https://www.diocese-limoges.fr/grand-limoges/wp-content/uploads/sites/2/2023/02/capture-decran-2023-02-22-a-15.07.28-1024x585.png" alt="" class="wp-image-21549" srcset="https://www.diocese-limoges.fr/grand-limoges/wp-content/uploads/sites/2/2023/02/capture-decran-2023-02-22-a-15.07.28-1024x585.png 1024w, https://www.diocese-limoges.fr/grand-limoges/wp-content/uploads/sites/2/2023/02/capture-decran-2023-02-22-a-15.07.28-300x171.png 300w, https://www.diocese-limoges.fr/grand-limoges/wp-content/uploads/sites/2/2023/02/capture-decran-2023-02-22-a-15.07.28-768x438.png 768w, https://www.diocese-limoges.fr/grand-limoges/wp-content/uploads/sites/2/2023/02/capture-decran-2023-02-22-a-15.07.28-1536x877.png 1536w, https://www.diocese-limoges.fr/grand-limoges/wp-content/uploads/sites/2/2023/02/capture-decran-2023-02-22-a-15.07.28.png 1890w" sizes="auto, (max-width: 1024px) 100vw, 1024px" /></a><figcaption class="wp-element-caption">Cliquer sur la carte pour l&rsquo;ouvrir en grand</figcaption></figure>

<!-- This site is optimized with the Yoast SEO plugin v26.4 - https://yoast.com/wordpress/plugins/seo/ -->
<title>Lieux - Doyennés du Grand Limoges</title>
<meta name="robots" content="index, follow, max-snippet:-1, max-image-preview:large, max-video-preview:-1" />
<link rel="canonical" href="https://www.diocese-limoges.fr/grand-limoges/paroisses/saint-jean-paul-ii/lieux/" />
<meta property="og:locale" content="fr_FR" />
<meta property="og:type" content="article" />
<meta property="og:title" content="Lieux - Doyennés du Grand Limoges" />
<meta property="og:description" content="Église du Sacré-Cœur 30, rue François-Perrin à Limoges Église Sainte Jeanne-d&rsquo;Arc 50, rue d’Isle à Limoges Chapelle Saint Jean-Baptiste 21, rue Fustel-de-Coulanges à Limoges" />
<meta property="og:url" content="https://www.diocese-limoges.fr/grand-limoges/paroisses/saint-jean-paul-ii/lieux/" />
<meta property="og:site_name" content="Doyennés du Grand Limoges" />
<meta property="article:modified_time" content="2025-12-06T17:13:54+00:00" />
<meta property="og:image" content="https://www.diocese-limoges.fr/grand-limoges/wp-content/uploads/sites/2/2023/02/photos-3-clochers-site-web.jpeg" />
	<meta property="og:image:width" content="1280" />
	<meta property="og:image:height" content="629" />
	<meta property="og:image:type" content="image/jpeg" />
<meta name="twitter:card" content="summary_large_image" />
<meta name="twitter:label1" content="Durée de lecture estimée" />
	<meta name="twitter:data1" content="1 minute" />
<script type="application/ld+json" class="yoast-schema-graph">{"@context":"https://schema.org","@graph":[{"@type":"WebPage","@id":"https://www.diocese-limoges.fr/grand-limoges/paroisses/saint-jean-paul-ii/lieux/","url":"https://www.diocese-limoges.fr/grand-limoges/paroisses/saint-jean-paul-ii/lieux/","name":"Lieux - Doyennés du Grand Limoges","isPartOf":{"@id":"https://www.diocese-limoges.fr/grand-limoges/#website"},"primaryImageOfPage":{"@id":"https://www.diocese-limoges.fr/grand-limoges/paroisses/saint-jean-paul-ii/lieux/#primaryimage"},"image":{"@id":"https://www.diocese-limoges.fr/grand-limoges/paroisses/saint-jean-paul-ii/lieux/#primaryimage"},"thumbnailUrl":"https://www.diocese-limoges.fr/grand-limoges/wp-content/uploads/sites/2/2023/02/photos-3-clochers-site-web.jpeg","datePublished":"2023-02-01T21:32:20+00:00","dateModified":"2025-12-06T17:13:54+00:00","breadcrumb":{"@id":"https://www.diocese-limoges.fr/grand-limoges/paroisses/saint-jean-paul-ii/lieux/#breadcrumb"},"inLanguage":"fr-FR","potentialAction":[{"@type":"ReadAction","target":["https://www.diocese-limoges.fr/grand-limoges/paroisses/saint-jean-paul-ii/lieux/"]}]},{"@type":"ImageObject","inLanguage":"fr-FR","@id":"https://www.diocese-limoges.fr/grand-limoges/paroisses/saint-jean-paul-ii/lieux/#primaryimage","url":"https://www.diocese-limoges.fr/grand-limoges/wp-content/uploads/sites/2/2023/02/photos-3-clochers-site-web.jpeg","contentUrl":"https://www.diocese-limoges.fr/grand-limoges/wp-content/uploads/sites/2/2023/02/photos-3-clochers-site-web.jpeg","width":1280,"height":629},{"@type":"BreadcrumbList","@id":"https://www.diocese-limoges.fr/grand-limoges/paroisses/saint-jean-paul-ii/lieux/#breadcrumb","itemListElement":[{"@type":"ListItem","position":1,"name":"Accueil","item":"https://www.diocese-limoges.fr/grand-limoges/"},{"@type":"ListItem","position":2,"name":"Paroisse Saint-Jean-Paul II","item":"https://www.diocese-limoges.fr/grand-limoges/paroisses/saint-jean-paul-ii/"},{"@type":"ListItem","position":3,"name":"Lieux"}]},{"@type":"WebSite","@id":"https://www.diocese-limoges.fr/grand-limoges/#website","url":"https://www.diocese-limoges.fr/grand-limoges/","name":"Doyennés du Grand Limoges","description":"Diocèse de Limoges","potentialAction":[{"@type":"SearchAction","target":{"@type":"EntryPoint","urlTemplate":"https://www.diocese-limoges.fr/grand-limoges/?s={search_term_string}"},"query-input":{"@type":"PropertyValueSpecification","valueRequired":true,"valueName":"search_term_string"}}],"inLanguage":"fr-FR"}]}</script>
<!-- / Yoast SEO plugin. -->

Lieux - Doyennés du Grand Limoges

Église du Sacré-Cœur 30, rue François-Perrin à Limoges Église Sainte Jeanne-d&rsquo;Arc 50, rue d’Isle à Limoges Chapelle Saint Jean-Baptiste 21, rue Fustel-de-Coulanges à Limoges

Doyennés du Grand Limoges

Diocèse de Limoges
