{"id":359,"date":"2020-09-30T19:28:17","date_gmt":"2020-09-30T17:28:17","guid":{"rendered":"https:\/\/www.diocese-limoges.fr\/haute-vienne\/?post_type=paroisse&#038;p=359"},"modified":"2024-09-29T11:36:41","modified_gmt":"2024-09-29T09:36:41","slug":"cathe","status":"publish","type":"paroisse","link":"https:\/\/www.diocese-limoges.fr\/haute-vienne\/paroisses\/paroisse-saint-etienne-des-grands-monts\/cathe\/","title":{"rendered":"\u00c9veil \u00e0 la foi"},"content":{"rendered":"\n<p>L\u2019\u00c9veil \u00e0 la foi est propos\u00e9 dans notre paroisse.<\/p>\n\n\n\n<p>Notez cette ann\u00e9e qu&rsquo;il y aura une b\u00e9n\u00e9diction des cartables le dimanche 8 septembre lors du p\u00e8lerinage \u00e0 Notre-Dame de Sauvagnac.<\/p>\n\n\n\n<figure class=\"wp-block-image size-full\"><img loading=\"lazy\" decoding=\"async\" width=\"791\" height=\"575\" src=\"https:\/\/www.diocese-limoges.fr\/haute-vienne\/wp-content\/uploads\/sites\/4\/2024\/09\/image-8.png\" alt=\"\" class=\"wp-image-4189\" srcset=\"https:\/\/www.diocese-limoges.fr\/haute-vienne\/wp-content\/uploads\/sites\/4\/2024\/09\/image-8.png 791w, https:\/\/www.diocese-limoges.fr\/haute-vienne\/wp-content\/uploads\/sites\/4\/2024\/09\/image-8-300x218.png 300w, https:\/\/www.diocese-limoges.fr\/haute-vienne\/wp-content\/uploads\/sites\/4\/2024\/09\/image-8-768x558.png 768w\" sizes=\"auto, (max-width: 791px) 100vw, 791px\" \/><\/figure>\n\n\n<p>\u00a0<\/p>\n<p class=\"wp-block-pdfemb-pdf-embedder-viewer\">Les rencontres se d\u00e9roulent les dimanches matin de 10h30 \u00e0 12h. Nous nous donnons rendez-vous \u00e0 la maison paroissiale, 6 avenue de Soufflenheim. Vers 11h30 nous rejoignons l&rsquo;assembl\u00e9e lors de la messe \u00e0 l&rsquo;\u00e9glise d&rsquo;Ambazac. <br \/>Elles sont pr\u00e9vues les : <br \/>&#8211; Dimanche 13 octobre 2024. Merci \u00e0 chaque enfant d&rsquo;apporter, si possible, un rouleau d&rsquo;adh\u00e9sif transparent. <br \/>&#8211; Dimanche 17 novembre 2024 <br \/>&#8211; Dimanche 8 d\u00e9cembre 2024 <br \/>&#8211; Dimanche 12 janvier 2024 <br \/>&#8211; Dimanche 9 f\u00e9vrier 2024 <br \/>&#8211; Dimanche 16 mars 2024 <br \/>&#8211; Dimanche 6 avril 2024 <br \/>&#8211; Dimanche 11 mai 2024 <\/p>\n\n\n<p><strong>Contact : <\/strong><br><strong>Gwena\u00eblle 06 09 59 61 04 <\/strong><br><strong>Paroisse 05 55 12 76 67 <\/strong><br><strong>eveilalafoi.ambazac@outlook.com <\/strong><\/p>\n\n\n\n<p><\/p>\n","protected":false},"author":41,"featured_media":4193,"parent":23,"menu_order":102,"template":"","meta":{"_acf_changed":false},"class_list":["post-359","paroisse","type-paroisse","status-publish","has-post-thumbnail","hentry"],"acf":[],"yoast_head":"<!-- This site is optimized with the Yoast SEO plugin v26.4 - https:\/\/yoast.com\/wordpress\/plugins\/seo\/ -->\n<title>\u00c9veil \u00e0 la foi - Doyenn\u00e9s de Haute Vienne<\/title>\n<meta name=\"robots\" content=\"index, follow, max-snippet:-1, max-image-preview:large, max-video-preview:-1\" \/>\n<link rel=\"canonical\" href=\"https:\/\/www.diocese-limoges.fr\/haute-vienne\/paroisses\/paroisse-saint-etienne-des-grands-monts\/cathe\/\" \/>\n<meta property=\"og:locale\" content=\"fr_FR\" \/>\n<meta property=\"og:type\" content=\"article\" \/>\n<meta property=\"og:title\" content=\"\u00c9veil \u00e0 la foi - Doyenn\u00e9s de Haute Vienne\" \/>\n<meta property=\"og:description\" content=\"L\u2019\u00c9veil \u00e0 la foi est propos\u00e9 dans notre paroisse. Notez cette ann\u00e9e qu&rsquo;il y aura une b\u00e9n\u00e9diction des cartables le dimanche 8 septembre lors du p\u00e8lerinage \u00e0 Notre-Dame de Sauvagnac. \u00a0 Les rencontres se d\u00e9roulent les dimanches matin de 10h30 \u00e0 12h. Nous nous donnons rendez-vous \u00e0 la maison paroissiale, 6 avenue de Soufflenheim. Vers [&hellip;]\" \/>\n<meta property=\"og:url\" content=\"https:\/\/www.diocese-limoges.fr\/haute-vienne\/paroisses\/paroisse-saint-etienne-des-grands-monts\/cathe\/\" \/>\n<meta property=\"og:site_name\" content=\"Doyenn\u00e9s de Haute Vienne\" \/>\n<meta property=\"article:modified_time\" content=\"2024-09-29T09:36:41+00:00\" \/>\n<meta property=\"og:image\" content=\"https:\/\/www.diocese-limoges.fr\/haute-vienne\/wp-content\/uploads\/sites\/4\/2020\/09\/thumbnail_img_20240929_113237.jpg\" \/>\n\t<meta property=\"og:image:width\" content=\"1920\" \/>\n\t<meta property=\"og:image:height\" content=\"1920\" \/>\n\t<meta property=\"og:image:type\" content=\"image\/jpeg\" \/>\n<meta name=\"twitter:card\" content=\"summary_large_image\" \/>\n<meta name=\"twitter:label1\" content=\"Dur\u00e9e de lecture estim\u00e9e\" \/>\n\t<meta name=\"twitter:data1\" content=\"2 minutes\" \/>\n<script type=\"application\/ld+json\" class=\"yoast-schema-graph\">{\"@context\":\"https:\/\/schema.org\",\"@graph\":[{\"@type\":\"WebPage\",\"@id\":\"https:\/\/www.diocese-limoges.fr\/haute-vienne\/paroisses\/paroisse-saint-etienne-des-grands-monts\/cathe\/\",\"url\":\"https:\/\/www.diocese-limoges.fr\/haute-vienne\/paroisses\/paroisse-saint-etienne-des-grands-monts\/cathe\/\",\"name\":\"\u00c9veil \u00e0 la foi - Doyenn\u00e9s de Haute Vienne\",\"isPartOf\":{\"@id\":\"https:\/\/www.diocese-limoges.fr\/haute-vienne\/#website\"},\"primaryImageOfPage\":{\"@id\":\"https:\/\/www.diocese-limoges.fr\/haute-vienne\/paroisses\/paroisse-saint-etienne-des-grands-monts\/cathe\/#primaryimage\"},\"image\":{\"@id\":\"https:\/\/www.diocese-limoges.fr\/haute-vienne\/paroisses\/paroisse-saint-etienne-des-grands-monts\/cathe\/#primaryimage\"},\"thumbnailUrl\":\"https:\/\/www.diocese-limoges.fr\/haute-vienne\/wp-content\/uploads\/sites\/4\/2020\/09\/thumbnail_img_20240929_113237.jpg\",\"datePublished\":\"2020-09-30T17:28:17+00:00\",\"dateModified\":\"2024-09-29T09:36:41+00:00\",\"breadcrumb\":{\"@id\":\"https:\/\/www.diocese-limoges.fr\/haute-vienne\/paroisses\/paroisse-saint-etienne-des-grands-monts\/cathe\/#breadcrumb\"},\"inLanguage\":\"fr-FR\",\"potentialAction\":[{\"@type\":\"ReadAction\",\"target\":[\"https:\/\/www.diocese-limoges.fr\/haute-vienne\/paroisses\/paroisse-saint-etienne-des-grands-monts\/cathe\/\"]}]},{\"@type\":\"ImageObject\",\"inLanguage\":\"fr-FR\",\"@id\":\"https:\/\/www.diocese-limoges.fr\/haute-vienne\/paroisses\/paroisse-saint-etienne-des-grands-monts\/cathe\/#primaryimage\",\"url\":\"https:\/\/www.diocese-limoges.fr\/haute-vienne\/wp-content\/uploads\/sites\/4\/2020\/09\/thumbnail_img_20240929_113237.jpg\",\"contentUrl\":\"https:\/\/www.diocese-limoges.fr\/haute-vienne\/wp-content\/uploads\/sites\/4\/2020\/09\/thumbnail_img_20240929_113237.jpg\",\"width\":1920,\"height\":1920},{\"@type\":\"BreadcrumbList\",\"@id\":\"https:\/\/www.diocese-limoges.fr\/haute-vienne\/paroisses\/paroisse-saint-etienne-des-grands-monts\/cathe\/#breadcrumb\",\"itemListElement\":[{\"@type\":\"ListItem\",\"position\":1,\"name\":\"Accueil\",\"item\":\"https:\/\/www.diocese-limoges.fr\/haute-vienne\/\"},{\"@type\":\"ListItem\",\"position\":2,\"name\":\"Paroisse Saint \u00c9tienne des Grands Monts\",\"item\":\"https:\/\/www.diocese-limoges.fr\/haute-vienne\/paroisses\/paroisse-saint-etienne-des-grands-monts\/\"},{\"@type\":\"ListItem\",\"position\":3,\"name\":\"\u00c9veil \u00e0 la foi\"}]},{\"@type\":\"WebSite\",\"@id\":\"https:\/\/www.diocese-limoges.fr\/haute-vienne\/#website\",\"url\":\"https:\/\/www.diocese-limoges.fr\/haute-vienne\/\",\"name\":\"Doyenn\u00e9s de Haute Vienne\",\"description\":\"Dioc\u00e8se de Limoges\",\"potentialAction\":[{\"@type\":\"SearchAction\",\"target\":{\"@type\":\"EntryPoint\",\"urlTemplate\":\"https:\/\/www.diocese-limoges.fr\/haute-vienne\/?s={search_term_string}\"},\"query-input\":{\"@type\":\"PropertyValueSpecification\",\"valueRequired\":true,\"valueName\":\"search_term_string\"}}],\"inLanguage\":\"fr-FR\"}]}<\/script>\n<!-- \/ Yoast SEO plugin. -->","yoast_head_json":{"title":"\u00c9veil \u00e0 la foi - Doyenn\u00e9s de Haute Vienne","robots":{"index":"index","follow":"follow","max-snippet":"max-snippet:-1","max-image-preview":"max-image-preview:large","max-video-preview":"max-video-preview:-1"},"canonical":"https:\/\/www.diocese-limoges.fr\/haute-vienne\/paroisses\/paroisse-saint-etienne-des-grands-monts\/cathe\/","og_locale":"fr_FR","og_type":"article","og_title":"\u00c9veil \u00e0 la foi - Doyenn\u00e9s de Haute Vienne","og_description":"L\u2019\u00c9veil \u00e0 la foi est propos\u00e9 dans notre paroisse. Notez cette ann\u00e9e qu&rsquo;il y aura une b\u00e9n\u00e9diction des cartables le dimanche 8 septembre lors du p\u00e8lerinage \u00e0 Notre-Dame de Sauvagnac. \u00a0 Les rencontres se d\u00e9roulent les dimanches matin de 10h30 \u00e0 12h. Nous nous donnons rendez-vous \u00e0 la maison paroissiale, 6 avenue de Soufflenheim. Vers [&hellip;]","og_url":"https:\/\/www.diocese-limoges.fr\/haute-vienne\/paroisses\/paroisse-saint-etienne-des-grands-monts\/cathe\/","og_site_name":"Doyenn\u00e9s de Haute Vienne","article_modified_time":"2024-09-29T09:36:41+00:00","og_image":[{"width":1920,"height":1920,"url":"https:\/\/www.diocese-limoges.fr\/haute-vienne\/wp-content\/uploads\/sites\/4\/2020\/09\/thumbnail_img_20240929_113237.jpg","type":"image\/jpeg"}],"twitter_card":"summary_large_image","twitter_misc":{"Dur\u00e9e de lecture estim\u00e9e":"2 minutes"},"schema":{"@context":"https:\/\/schema.org","@graph":[{"@type":"WebPage","@id":"https:\/\/www.diocese-limoges.fr\/haute-vienne\/paroisses\/paroisse-saint-etienne-des-grands-monts\/cathe\/","url":"https:\/\/www.diocese-limoges.fr\/haute-vienne\/paroisses\/paroisse-saint-etienne-des-grands-monts\/cathe\/","name":"\u00c9veil \u00e0 la foi - Doyenn\u00e9s de Haute Vienne","isPartOf":{"@id":"https:\/\/www.diocese-limoges.fr\/haute-vienne\/#website"},"primaryImageOfPage":{"@id":"https:\/\/www.diocese-limoges.fr\/haute-vienne\/paroisses\/paroisse-saint-etienne-des-grands-monts\/cathe\/#primaryimage"},"image":{"@id":"https:\/\/www.diocese-limoges.fr\/haute-vienne\/paroisses\/paroisse-saint-etienne-des-grands-monts\/cathe\/#primaryimage"},"thumbnailUrl":"https:\/\/www.diocese-limoges.fr\/haute-vienne\/wp-content\/uploads\/sites\/4\/2020\/09\/thumbnail_img_20240929_113237.jpg","datePublished":"2020-09-30T17:28:17+00:00","dateModified":"2024-09-29T09:36:41+00:00","breadcrumb":{"@id":"https:\/\/www.diocese-limoges.fr\/haute-vienne\/paroisses\/paroisse-saint-etienne-des-grands-monts\/cathe\/#breadcrumb"},"inLanguage":"fr-FR","potentialAction":[{"@type":"ReadAction","target":["https:\/\/www.diocese-limoges.fr\/haute-vienne\/paroisses\/paroisse-saint-etienne-des-grands-monts\/cathe\/"]}]},{"@type":"ImageObject","inLanguage":"fr-FR","@id":"https:\/\/www.diocese-limoges.fr\/haute-vienne\/paroisses\/paroisse-saint-etienne-des-grands-monts\/cathe\/#primaryimage","url":"https:\/\/www.diocese-limoges.fr\/haute-vienne\/wp-content\/uploads\/sites\/4\/2020\/09\/thumbnail_img_20240929_113237.jpg","contentUrl":"https:\/\/www.diocese-limoges.fr\/haute-vienne\/wp-content\/uploads\/sites\/4\/2020\/09\/thumbnail_img_20240929_113237.jpg","width":1920,"height":1920},{"@type":"BreadcrumbList","@id":"https:\/\/www.diocese-limoges.fr\/haute-vienne\/paroisses\/paroisse-saint-etienne-des-grands-monts\/cathe\/#breadcrumb","itemListElement":[{"@type":"ListItem","position":1,"name":"Accueil","item":"https:\/\/www.diocese-limoges.fr\/haute-vienne\/"},{"@type":"ListItem","position":2,"name":"Paroisse Saint \u00c9tienne des Grands Monts","item":"https:\/\/www.diocese-limoges.fr\/haute-vienne\/paroisses\/paroisse-saint-etienne-des-grands-monts\/"},{"@type":"ListItem","position":3,"name":"\u00c9veil \u00e0 la foi"}]},{"@type":"WebSite","@id":"https:\/\/www.diocese-limoges.fr\/haute-vienne\/#website","url":"https:\/\/www.diocese-limoges.fr\/haute-vienne\/","name":"Doyenn\u00e9s de Haute Vienne","description":"Dioc\u00e8se de Limoges","potentialAction":[{"@type":"SearchAction","target":{"@type":"EntryPoint","urlTemplate":"https:\/\/www.diocese-limoges.fr\/haute-vienne\/?s={search_term_string}"},"query-input":{"@type":"PropertyValueSpecification","valueRequired":true,"valueName":"search_term_string"}}],"inLanguage":"fr-FR"}]}},"_links":{"self":[{"href":"https:\/\/www.diocese-limoges.fr\/haute-vienne\/wp-json\/wp\/v2\/paroisse\/359","targetHints":{"allow":["GET"]}}],"collection":[{"href":"https:\/\/www.diocese-limoges.fr\/haute-vienne\/wp-json\/wp\/v2\/paroisse"}],"about":[{"href":"https:\/\/www.diocese-limoges.fr\/haute-vienne\/wp-json\/wp\/v2\/types\/paroisse"}],"author":[{"embeddable":true,"href":"https:\/\/www.diocese-limoges.fr\/haute-vienne\/wp-json\/wp\/v2\/users\/41"}],"up":[{"embeddable":true,"href":"https:\/\/www.diocese-limoges.fr\/haute-vienne\/wp-json\/wp\/v2\/paroisse\/23"}],"wp:featuredmedia":[{"embeddable":true,"href":"https:\/\/www.diocese-limoges.fr\/haute-vienne\/wp-json\/wp\/v2\/media\/4193"}],"wp:attachment":[{"href":"https:\/\/www.diocese-limoges.fr\/haute-vienne\/wp-json\/wp\/v2\/media?parent=359"}],"curies":[{"name":"wp","href":"https:\/\/api.w.org\/{rel}","templated":true}]}}

Éveil à la foi

<p>L’Éveil à la foi est proposé dans notre paroisse.</p>



<p>Notez cette année qu&rsquo;il y aura une bénédiction des cartables le dimanche 8 septembre lors du pèlerinage à Notre-Dame de Sauvagnac.</p>



<figure class="wp-block-image size-full"><img loading="lazy" decoding="async" width="791" height="575" src="https://www.diocese-limoges.fr/haute-vienne/wp-content/uploads/sites/4/2024/09/image-8.png" alt="" class="wp-image-4189" srcset="https://www.diocese-limoges.fr/haute-vienne/wp-content/uploads/sites/4/2024/09/image-8.png 791w, https://www.diocese-limoges.fr/haute-vienne/wp-content/uploads/sites/4/2024/09/image-8-300x218.png 300w, https://www.diocese-limoges.fr/haute-vienne/wp-content/uploads/sites/4/2024/09/image-8-768x558.png 768w" sizes="auto, (max-width: 791px) 100vw, 791px" /></figure>


<p> </p>
<p class="wp-block-pdfemb-pdf-embedder-viewer">Les rencontres se déroulent les dimanches matin de 10h30 à 12h. Nous nous donnons rendez-vous à la maison paroissiale, 6 avenue de Soufflenheim. Vers 11h30 nous rejoignons l&rsquo;assemblée lors de la messe à l&rsquo;église d&rsquo;Ambazac. <br />Elles sont prévues les : <br />&#8211; Dimanche 13 octobre 2024. Merci à chaque enfant d&rsquo;apporter, si possible, un rouleau d&rsquo;adhésif transparent. <br />&#8211; Dimanche 17 novembre 2024 <br />&#8211; Dimanche 8 décembre 2024 <br />&#8211; Dimanche 12 janvier 2024 <br />&#8211; Dimanche 9 février 2024 <br />&#8211; Dimanche 16 mars 2024 <br />&#8211; Dimanche 6 avril 2024 <br />&#8211; Dimanche 11 mai 2024 </p>


<p><strong>Contact : </strong><br><strong>Gwenaëlle 06 09 59 61 04 </strong><br><strong>Paroisse 05 55 12 76 67 </strong><br><strong>eveilalafoi.ambazac@outlook.com </strong></p>



<p></p>

<!-- This site is optimized with the Yoast SEO plugin v26.4 - https://yoast.com/wordpress/plugins/seo/ -->
<title>Éveil à la foi - Doyennés de Haute Vienne</title>
<meta name="robots" content="index, follow, max-snippet:-1, max-image-preview:large, max-video-preview:-1" />
<link rel="canonical" href="https://www.diocese-limoges.fr/haute-vienne/paroisses/paroisse-saint-etienne-des-grands-monts/cathe/" />
<meta property="og:locale" content="fr_FR" />
<meta property="og:type" content="article" />
<meta property="og:title" content="Éveil à la foi - Doyennés de Haute Vienne" />
<meta property="og:description" content="L’Éveil à la foi est proposé dans notre paroisse. Notez cette année qu&rsquo;il y aura une bénédiction des cartables le dimanche 8 septembre lors du pèlerinage à Notre-Dame de Sauvagnac.   Les rencontres se déroulent les dimanches matin de 10h30 à 12h. Nous nous donnons rendez-vous à la maison paroissiale, 6 avenue de Soufflenheim. Vers [&hellip;]" />
<meta property="og:url" content="https://www.diocese-limoges.fr/haute-vienne/paroisses/paroisse-saint-etienne-des-grands-monts/cathe/" />
<meta property="og:site_name" content="Doyennés de Haute Vienne" />
<meta property="article:modified_time" content="2024-09-29T09:36:41+00:00" />
<meta property="og:image" content="https://www.diocese-limoges.fr/haute-vienne/wp-content/uploads/sites/4/2020/09/thumbnail_img_20240929_113237.jpg" />
	<meta property="og:image:width" content="1920" />
	<meta property="og:image:height" content="1920" />
	<meta property="og:image:type" content="image/jpeg" />
<meta name="twitter:card" content="summary_large_image" />
<meta name="twitter:label1" content="Durée de lecture estimée" />
	<meta name="twitter:data1" content="2 minutes" />
<script type="application/ld+json" class="yoast-schema-graph">{"@context":"https://schema.org","@graph":[{"@type":"WebPage","@id":"https://www.diocese-limoges.fr/haute-vienne/paroisses/paroisse-saint-etienne-des-grands-monts/cathe/","url":"https://www.diocese-limoges.fr/haute-vienne/paroisses/paroisse-saint-etienne-des-grands-monts/cathe/","name":"Éveil à la foi - Doyennés de Haute Vienne","isPartOf":{"@id":"https://www.diocese-limoges.fr/haute-vienne/#website"},"primaryImageOfPage":{"@id":"https://www.diocese-limoges.fr/haute-vienne/paroisses/paroisse-saint-etienne-des-grands-monts/cathe/#primaryimage"},"image":{"@id":"https://www.diocese-limoges.fr/haute-vienne/paroisses/paroisse-saint-etienne-des-grands-monts/cathe/#primaryimage"},"thumbnailUrl":"https://www.diocese-limoges.fr/haute-vienne/wp-content/uploads/sites/4/2020/09/thumbnail_img_20240929_113237.jpg","datePublished":"2020-09-30T17:28:17+00:00","dateModified":"2024-09-29T09:36:41+00:00","breadcrumb":{"@id":"https://www.diocese-limoges.fr/haute-vienne/paroisses/paroisse-saint-etienne-des-grands-monts/cathe/#breadcrumb"},"inLanguage":"fr-FR","potentialAction":[{"@type":"ReadAction","target":["https://www.diocese-limoges.fr/haute-vienne/paroisses/paroisse-saint-etienne-des-grands-monts/cathe/"]}]},{"@type":"ImageObject","inLanguage":"fr-FR","@id":"https://www.diocese-limoges.fr/haute-vienne/paroisses/paroisse-saint-etienne-des-grands-monts/cathe/#primaryimage","url":"https://www.diocese-limoges.fr/haute-vienne/wp-content/uploads/sites/4/2020/09/thumbnail_img_20240929_113237.jpg","contentUrl":"https://www.diocese-limoges.fr/haute-vienne/wp-content/uploads/sites/4/2020/09/thumbnail_img_20240929_113237.jpg","width":1920,"height":1920},{"@type":"BreadcrumbList","@id":"https://www.diocese-limoges.fr/haute-vienne/paroisses/paroisse-saint-etienne-des-grands-monts/cathe/#breadcrumb","itemListElement":[{"@type":"ListItem","position":1,"name":"Accueil","item":"https://www.diocese-limoges.fr/haute-vienne/"},{"@type":"ListItem","position":2,"name":"Paroisse Saint Étienne des Grands Monts","item":"https://www.diocese-limoges.fr/haute-vienne/paroisses/paroisse-saint-etienne-des-grands-monts/"},{"@type":"ListItem","position":3,"name":"Éveil à la foi"}]},{"@type":"WebSite","@id":"https://www.diocese-limoges.fr/haute-vienne/#website","url":"https://www.diocese-limoges.fr/haute-vienne/","name":"Doyennés de Haute Vienne","description":"Diocèse de Limoges","potentialAction":[{"@type":"SearchAction","target":{"@type":"EntryPoint","urlTemplate":"https://www.diocese-limoges.fr/haute-vienne/?s={search_term_string}"},"query-input":{"@type":"PropertyValueSpecification","valueRequired":true,"valueName":"search_term_string"}}],"inLanguage":"fr-FR"}]}</script>
<!-- / Yoast SEO plugin. -->

Éveil à la foi - Doyennés de Haute Vienne

L’Éveil à la foi est proposé dans notre paroisse. Notez cette année qu&rsquo;il y aura une bénédiction des cartables le dimanche 8 septembre lors du pèlerinage à Notre-Dame de Sauvagnac.   Les rencontres se déroulent les dimanches matin de 10h30 à 12h. Nous nous donnons rendez-vous à la maison paroissiale, 6 avenue de Soufflenheim. Vers [&hellip;]

Doyennés de Haute Vienne

Paroisse Saint Étienne des Grands Monts

Diocèse de Limoges
