{"id":363,"date":"2020-10-01T22:37:39","date_gmt":"2020-10-01T20:37:39","guid":{"rendered":"https:\/\/www.diocese-limoges.fr\/haute-vienne\/?post_type=paroisse&#038;p=363"},"modified":"2024-09-29T11:22:16","modified_gmt":"2024-09-29T09:22:16","slug":"kt","status":"publish","type":"paroisse","link":"https:\/\/www.diocese-limoges.fr\/haute-vienne\/paroisses\/paroisse-saint-etienne-des-grands-monts\/kt\/","title":{"rendered":"KT"},"content":{"rendered":"\n<p>Le KT reprendra en septembre dans la paroisse et cette ann\u00e9e encore, l&rsquo;\u00e9quipe propose en 2 lieux g\u00e9ographiques !<\/p>\n\n\n\n<p>Pour conna\u00eetre les horaires, lieux, programmes, temps fort, &#8230;, et faire les inscriptions nous vous donnons rendez-vous, \u00e0 la maison paroissiale d&rsquo;Ambazac, soit : <br> &#8211; le vendredi 6 septembre \u00e0 20h ; <br> &#8211; le samedi 7 septembre \u00e0 10h.<\/p>\n\n\n\n<p>Si vous n&rsquo;\u00e9tiez pas disponible pour ses cr\u00e9neaux horaires, merci de contacter le secr\u00e9tariat de la paroisse pour prendre rendez-vous avec le pr\u00eatre et l&rsquo;\u00e9quipe des  cat\u00e9chistes. <\/p>\n\n\n\n<p>Notez quand m\u00eame la date du premier temps fort le dimanche  septembre lors du p\u00e8lerinage \u00e0 Notre-Dame de Sauvagnac o\u00f9 se d\u00e9roulera la b\u00e9n\u00e9diction des cartables !<\/p>\n","protected":false},"author":41,"featured_media":4191,"parent":23,"menu_order":99,"template":"","meta":{"_acf_changed":false},"class_list":["post-363","paroisse","type-paroisse","status-publish","has-post-thumbnail","hentry"],"acf":[],"yoast_head":"<!-- This site is optimized with the Yoast SEO plugin v26.4 - https:\/\/yoast.com\/wordpress\/plugins\/seo\/ -->\n<title>KT - Doyenn\u00e9s de Haute Vienne<\/title>\n<meta name=\"robots\" content=\"index, follow, max-snippet:-1, max-image-preview:large, max-video-preview:-1\" \/>\n<link rel=\"canonical\" href=\"https:\/\/www.diocese-limoges.fr\/haute-vienne\/paroisses\/paroisse-saint-etienne-des-grands-monts\/kt\/\" \/>\n<meta property=\"og:locale\" content=\"fr_FR\" \/>\n<meta property=\"og:type\" content=\"article\" \/>\n<meta property=\"og:title\" content=\"KT - Doyenn\u00e9s de Haute Vienne\" \/>\n<meta property=\"og:description\" content=\"Le KT reprendra en septembre dans la paroisse et cette ann\u00e9e encore, l&rsquo;\u00e9quipe propose en 2 lieux g\u00e9ographiques ! Pour conna\u00eetre les horaires, lieux, programmes, temps fort, &#8230;, et faire les inscriptions nous vous donnons rendez-vous, \u00e0 la maison paroissiale d&rsquo;Ambazac, soit : &#8211; le vendredi 6 septembre \u00e0 20h ; &#8211; le samedi 7 [&hellip;]\" \/>\n<meta property=\"og:url\" content=\"https:\/\/www.diocese-limoges.fr\/haute-vienne\/paroisses\/paroisse-saint-etienne-des-grands-monts\/kt\/\" \/>\n<meta property=\"og:site_name\" content=\"Doyenn\u00e9s de Haute Vienne\" \/>\n<meta property=\"article:modified_time\" content=\"2024-09-29T09:22:16+00:00\" \/>\n<meta property=\"og:image\" content=\"https:\/\/www.diocese-limoges.fr\/haute-vienne\/wp-content\/uploads\/sites\/4\/2020\/10\/img_20230128_171358-scaled.jpg\" \/>\n\t<meta property=\"og:image:width\" content=\"2560\" \/>\n\t<meta property=\"og:image:height\" content=\"1916\" \/>\n\t<meta property=\"og:image:type\" content=\"image\/jpeg\" \/>\n<meta name=\"twitter:card\" content=\"summary_large_image\" \/>\n<meta name=\"twitter:label1\" content=\"Dur\u00e9e de lecture estim\u00e9e\" \/>\n\t<meta name=\"twitter:data1\" content=\"1 minute\" \/>\n<script type=\"application\/ld+json\" class=\"yoast-schema-graph\">{\"@context\":\"https:\/\/schema.org\",\"@graph\":[{\"@type\":\"WebPage\",\"@id\":\"https:\/\/www.diocese-limoges.fr\/haute-vienne\/paroisses\/paroisse-saint-etienne-des-grands-monts\/kt\/\",\"url\":\"https:\/\/www.diocese-limoges.fr\/haute-vienne\/paroisses\/paroisse-saint-etienne-des-grands-monts\/kt\/\",\"name\":\"KT - Doyenn\u00e9s de Haute Vienne\",\"isPartOf\":{\"@id\":\"https:\/\/www.diocese-limoges.fr\/haute-vienne\/#website\"},\"primaryImageOfPage\":{\"@id\":\"https:\/\/www.diocese-limoges.fr\/haute-vienne\/paroisses\/paroisse-saint-etienne-des-grands-monts\/kt\/#primaryimage\"},\"image\":{\"@id\":\"https:\/\/www.diocese-limoges.fr\/haute-vienne\/paroisses\/paroisse-saint-etienne-des-grands-monts\/kt\/#primaryimage\"},\"thumbnailUrl\":\"https:\/\/www.diocese-limoges.fr\/haute-vienne\/wp-content\/uploads\/sites\/4\/2020\/10\/img_20230128_171358-scaled.jpg\",\"datePublished\":\"2020-10-01T20:37:39+00:00\",\"dateModified\":\"2024-09-29T09:22:16+00:00\",\"breadcrumb\":{\"@id\":\"https:\/\/www.diocese-limoges.fr\/haute-vienne\/paroisses\/paroisse-saint-etienne-des-grands-monts\/kt\/#breadcrumb\"},\"inLanguage\":\"fr-FR\",\"potentialAction\":[{\"@type\":\"ReadAction\",\"target\":[\"https:\/\/www.diocese-limoges.fr\/haute-vienne\/paroisses\/paroisse-saint-etienne-des-grands-monts\/kt\/\"]}]},{\"@type\":\"ImageObject\",\"inLanguage\":\"fr-FR\",\"@id\":\"https:\/\/www.diocese-limoges.fr\/haute-vienne\/paroisses\/paroisse-saint-etienne-des-grands-monts\/kt\/#primaryimage\",\"url\":\"https:\/\/www.diocese-limoges.fr\/haute-vienne\/wp-content\/uploads\/sites\/4\/2020\/10\/img_20230128_171358-scaled.jpg\",\"contentUrl\":\"https:\/\/www.diocese-limoges.fr\/haute-vienne\/wp-content\/uploads\/sites\/4\/2020\/10\/img_20230128_171358-scaled.jpg\",\"width\":2560,\"height\":1916},{\"@type\":\"BreadcrumbList\",\"@id\":\"https:\/\/www.diocese-limoges.fr\/haute-vienne\/paroisses\/paroisse-saint-etienne-des-grands-monts\/kt\/#breadcrumb\",\"itemListElement\":[{\"@type\":\"ListItem\",\"position\":1,\"name\":\"Accueil\",\"item\":\"https:\/\/www.diocese-limoges.fr\/haute-vienne\/\"},{\"@type\":\"ListItem\",\"position\":2,\"name\":\"Paroisse Saint \u00c9tienne des Grands Monts\",\"item\":\"https:\/\/www.diocese-limoges.fr\/haute-vienne\/paroisses\/paroisse-saint-etienne-des-grands-monts\/\"},{\"@type\":\"ListItem\",\"position\":3,\"name\":\"KT\"}]},{\"@type\":\"WebSite\",\"@id\":\"https:\/\/www.diocese-limoges.fr\/haute-vienne\/#website\",\"url\":\"https:\/\/www.diocese-limoges.fr\/haute-vienne\/\",\"name\":\"Doyenn\u00e9s de Haute Vienne\",\"description\":\"Dioc\u00e8se de Limoges\",\"potentialAction\":[{\"@type\":\"SearchAction\",\"target\":{\"@type\":\"EntryPoint\",\"urlTemplate\":\"https:\/\/www.diocese-limoges.fr\/haute-vienne\/?s={search_term_string}\"},\"query-input\":{\"@type\":\"PropertyValueSpecification\",\"valueRequired\":true,\"valueName\":\"search_term_string\"}}],\"inLanguage\":\"fr-FR\"}]}<\/script>\n<!-- \/ Yoast SEO plugin. -->","yoast_head_json":{"title":"KT - Doyenn\u00e9s de Haute Vienne","robots":{"index":"index","follow":"follow","max-snippet":"max-snippet:-1","max-image-preview":"max-image-preview:large","max-video-preview":"max-video-preview:-1"},"canonical":"https:\/\/www.diocese-limoges.fr\/haute-vienne\/paroisses\/paroisse-saint-etienne-des-grands-monts\/kt\/","og_locale":"fr_FR","og_type":"article","og_title":"KT - Doyenn\u00e9s de Haute Vienne","og_description":"Le KT reprendra en septembre dans la paroisse et cette ann\u00e9e encore, l&rsquo;\u00e9quipe propose en 2 lieux g\u00e9ographiques ! Pour conna\u00eetre les horaires, lieux, programmes, temps fort, &#8230;, et faire les inscriptions nous vous donnons rendez-vous, \u00e0 la maison paroissiale d&rsquo;Ambazac, soit : &#8211; le vendredi 6 septembre \u00e0 20h ; &#8211; le samedi 7 [&hellip;]","og_url":"https:\/\/www.diocese-limoges.fr\/haute-vienne\/paroisses\/paroisse-saint-etienne-des-grands-monts\/kt\/","og_site_name":"Doyenn\u00e9s de Haute Vienne","article_modified_time":"2024-09-29T09:22:16+00:00","og_image":[{"width":2560,"height":1916,"url":"https:\/\/www.diocese-limoges.fr\/haute-vienne\/wp-content\/uploads\/sites\/4\/2020\/10\/img_20230128_171358-scaled.jpg","type":"image\/jpeg"}],"twitter_card":"summary_large_image","twitter_misc":{"Dur\u00e9e de lecture estim\u00e9e":"1 minute"},"schema":{"@context":"https:\/\/schema.org","@graph":[{"@type":"WebPage","@id":"https:\/\/www.diocese-limoges.fr\/haute-vienne\/paroisses\/paroisse-saint-etienne-des-grands-monts\/kt\/","url":"https:\/\/www.diocese-limoges.fr\/haute-vienne\/paroisses\/paroisse-saint-etienne-des-grands-monts\/kt\/","name":"KT - Doyenn\u00e9s de Haute Vienne","isPartOf":{"@id":"https:\/\/www.diocese-limoges.fr\/haute-vienne\/#website"},"primaryImageOfPage":{"@id":"https:\/\/www.diocese-limoges.fr\/haute-vienne\/paroisses\/paroisse-saint-etienne-des-grands-monts\/kt\/#primaryimage"},"image":{"@id":"https:\/\/www.diocese-limoges.fr\/haute-vienne\/paroisses\/paroisse-saint-etienne-des-grands-monts\/kt\/#primaryimage"},"thumbnailUrl":"https:\/\/www.diocese-limoges.fr\/haute-vienne\/wp-content\/uploads\/sites\/4\/2020\/10\/img_20230128_171358-scaled.jpg","datePublished":"2020-10-01T20:37:39+00:00","dateModified":"2024-09-29T09:22:16+00:00","breadcrumb":{"@id":"https:\/\/www.diocese-limoges.fr\/haute-vienne\/paroisses\/paroisse-saint-etienne-des-grands-monts\/kt\/#breadcrumb"},"inLanguage":"fr-FR","potentialAction":[{"@type":"ReadAction","target":["https:\/\/www.diocese-limoges.fr\/haute-vienne\/paroisses\/paroisse-saint-etienne-des-grands-monts\/kt\/"]}]},{"@type":"ImageObject","inLanguage":"fr-FR","@id":"https:\/\/www.diocese-limoges.fr\/haute-vienne\/paroisses\/paroisse-saint-etienne-des-grands-monts\/kt\/#primaryimage","url":"https:\/\/www.diocese-limoges.fr\/haute-vienne\/wp-content\/uploads\/sites\/4\/2020\/10\/img_20230128_171358-scaled.jpg","contentUrl":"https:\/\/www.diocese-limoges.fr\/haute-vienne\/wp-content\/uploads\/sites\/4\/2020\/10\/img_20230128_171358-scaled.jpg","width":2560,"height":1916},{"@type":"BreadcrumbList","@id":"https:\/\/www.diocese-limoges.fr\/haute-vienne\/paroisses\/paroisse-saint-etienne-des-grands-monts\/kt\/#breadcrumb","itemListElement":[{"@type":"ListItem","position":1,"name":"Accueil","item":"https:\/\/www.diocese-limoges.fr\/haute-vienne\/"},{"@type":"ListItem","position":2,"name":"Paroisse Saint \u00c9tienne des Grands Monts","item":"https:\/\/www.diocese-limoges.fr\/haute-vienne\/paroisses\/paroisse-saint-etienne-des-grands-monts\/"},{"@type":"ListItem","position":3,"name":"KT"}]},{"@type":"WebSite","@id":"https:\/\/www.diocese-limoges.fr\/haute-vienne\/#website","url":"https:\/\/www.diocese-limoges.fr\/haute-vienne\/","name":"Doyenn\u00e9s de Haute Vienne","description":"Dioc\u00e8se de Limoges","potentialAction":[{"@type":"SearchAction","target":{"@type":"EntryPoint","urlTemplate":"https:\/\/www.diocese-limoges.fr\/haute-vienne\/?s={search_term_string}"},"query-input":{"@type":"PropertyValueSpecification","valueRequired":true,"valueName":"search_term_string"}}],"inLanguage":"fr-FR"}]}},"_links":{"self":[{"href":"https:\/\/www.diocese-limoges.fr\/haute-vienne\/wp-json\/wp\/v2\/paroisse\/363","targetHints":{"allow":["GET"]}}],"collection":[{"href":"https:\/\/www.diocese-limoges.fr\/haute-vienne\/wp-json\/wp\/v2\/paroisse"}],"about":[{"href":"https:\/\/www.diocese-limoges.fr\/haute-vienne\/wp-json\/wp\/v2\/types\/paroisse"}],"author":[{"embeddable":true,"href":"https:\/\/www.diocese-limoges.fr\/haute-vienne\/wp-json\/wp\/v2\/users\/41"}],"up":[{"embeddable":true,"href":"https:\/\/www.diocese-limoges.fr\/haute-vienne\/wp-json\/wp\/v2\/paroisse\/23"}],"wp:featuredmedia":[{"embeddable":true,"href":"https:\/\/www.diocese-limoges.fr\/haute-vienne\/wp-json\/wp\/v2\/media\/4191"}],"wp:attachment":[{"href":"https:\/\/www.diocese-limoges.fr\/haute-vienne\/wp-json\/wp\/v2\/media?parent=363"}],"curies":[{"name":"wp","href":"https:\/\/api.w.org\/{rel}","templated":true}]}}

<p>Le KT reprendra en septembre dans la paroisse et cette année encore, l&rsquo;équipe propose en 2 lieux géographiques !</p>



<p>Pour connaître les horaires, lieux, programmes, temps fort, &#8230;, et faire les inscriptions nous vous donnons rendez-vous, à la maison paroissiale d&rsquo;Ambazac, soit : <br> &#8211; le vendredi 6 septembre à 20h ; <br> &#8211; le samedi 7 septembre à 10h.</p>



<p>Si vous n&rsquo;étiez pas disponible pour ses créneaux horaires, merci de contacter le secrétariat de la paroisse pour prendre rendez-vous avec le prêtre et l&rsquo;équipe des  catéchistes. </p>



<p>Notez quand même la date du premier temps fort le dimanche  septembre lors du pèlerinage à Notre-Dame de Sauvagnac où se déroulera la bénédiction des cartables !</p>

<!-- This site is optimized with the Yoast SEO plugin v26.4 - https://yoast.com/wordpress/plugins/seo/ -->
<title>KT - Doyennés de Haute Vienne</title>
<meta name="robots" content="index, follow, max-snippet:-1, max-image-preview:large, max-video-preview:-1" />
<link rel="canonical" href="https://www.diocese-limoges.fr/haute-vienne/paroisses/paroisse-saint-etienne-des-grands-monts/kt/" />
<meta property="og:locale" content="fr_FR" />
<meta property="og:type" content="article" />
<meta property="og:title" content="KT - Doyennés de Haute Vienne" />
<meta property="og:description" content="Le KT reprendra en septembre dans la paroisse et cette année encore, l&rsquo;équipe propose en 2 lieux géographiques ! Pour connaître les horaires, lieux, programmes, temps fort, &#8230;, et faire les inscriptions nous vous donnons rendez-vous, à la maison paroissiale d&rsquo;Ambazac, soit : &#8211; le vendredi 6 septembre à 20h ; &#8211; le samedi 7 [&hellip;]" />
<meta property="og:url" content="https://www.diocese-limoges.fr/haute-vienne/paroisses/paroisse-saint-etienne-des-grands-monts/kt/" />
<meta property="og:site_name" content="Doyennés de Haute Vienne" />
<meta property="article:modified_time" content="2024-09-29T09:22:16+00:00" />
<meta property="og:image" content="https://www.diocese-limoges.fr/haute-vienne/wp-content/uploads/sites/4/2020/10/img_20230128_171358-scaled.jpg" />
	<meta property="og:image:width" content="2560" />
	<meta property="og:image:height" content="1916" />
	<meta property="og:image:type" content="image/jpeg" />
<meta name="twitter:card" content="summary_large_image" />
<meta name="twitter:label1" content="Durée de lecture estimée" />
	<meta name="twitter:data1" content="1 minute" />
<script type="application/ld+json" class="yoast-schema-graph">{"@context":"https://schema.org","@graph":[{"@type":"WebPage","@id":"https://www.diocese-limoges.fr/haute-vienne/paroisses/paroisse-saint-etienne-des-grands-monts/kt/","url":"https://www.diocese-limoges.fr/haute-vienne/paroisses/paroisse-saint-etienne-des-grands-monts/kt/","name":"KT - Doyennés de Haute Vienne","isPartOf":{"@id":"https://www.diocese-limoges.fr/haute-vienne/#website"},"primaryImageOfPage":{"@id":"https://www.diocese-limoges.fr/haute-vienne/paroisses/paroisse-saint-etienne-des-grands-monts/kt/#primaryimage"},"image":{"@id":"https://www.diocese-limoges.fr/haute-vienne/paroisses/paroisse-saint-etienne-des-grands-monts/kt/#primaryimage"},"thumbnailUrl":"https://www.diocese-limoges.fr/haute-vienne/wp-content/uploads/sites/4/2020/10/img_20230128_171358-scaled.jpg","datePublished":"2020-10-01T20:37:39+00:00","dateModified":"2024-09-29T09:22:16+00:00","breadcrumb":{"@id":"https://www.diocese-limoges.fr/haute-vienne/paroisses/paroisse-saint-etienne-des-grands-monts/kt/#breadcrumb"},"inLanguage":"fr-FR","potentialAction":[{"@type":"ReadAction","target":["https://www.diocese-limoges.fr/haute-vienne/paroisses/paroisse-saint-etienne-des-grands-monts/kt/"]}]},{"@type":"ImageObject","inLanguage":"fr-FR","@id":"https://www.diocese-limoges.fr/haute-vienne/paroisses/paroisse-saint-etienne-des-grands-monts/kt/#primaryimage","url":"https://www.diocese-limoges.fr/haute-vienne/wp-content/uploads/sites/4/2020/10/img_20230128_171358-scaled.jpg","contentUrl":"https://www.diocese-limoges.fr/haute-vienne/wp-content/uploads/sites/4/2020/10/img_20230128_171358-scaled.jpg","width":2560,"height":1916},{"@type":"BreadcrumbList","@id":"https://www.diocese-limoges.fr/haute-vienne/paroisses/paroisse-saint-etienne-des-grands-monts/kt/#breadcrumb","itemListElement":[{"@type":"ListItem","position":1,"name":"Accueil","item":"https://www.diocese-limoges.fr/haute-vienne/"},{"@type":"ListItem","position":2,"name":"Paroisse Saint Étienne des Grands Monts","item":"https://www.diocese-limoges.fr/haute-vienne/paroisses/paroisse-saint-etienne-des-grands-monts/"},{"@type":"ListItem","position":3,"name":"KT"}]},{"@type":"WebSite","@id":"https://www.diocese-limoges.fr/haute-vienne/#website","url":"https://www.diocese-limoges.fr/haute-vienne/","name":"Doyennés de Haute Vienne","description":"Diocèse de Limoges","potentialAction":[{"@type":"SearchAction","target":{"@type":"EntryPoint","urlTemplate":"https://www.diocese-limoges.fr/haute-vienne/?s={search_term_string}"},"query-input":{"@type":"PropertyValueSpecification","valueRequired":true,"valueName":"search_term_string"}}],"inLanguage":"fr-FR"}]}</script>
<!-- / Yoast SEO plugin. -->

KT - Doyennés de Haute Vienne

Le KT reprendra en septembre dans la paroisse et cette année encore, l&rsquo;équipe propose en 2 lieux géographiques ! Pour connaître les horaires, lieux, programmes, temps fort, &#8230;, et faire les inscriptions nous vous donnons rendez-vous, à la maison paroissiale d&rsquo;Ambazac, soit : &#8211; le vendredi 6 septembre à 20h ; &#8211; le samedi 7 [&hellip;]

Doyennés de Haute Vienne

Paroisse Saint Étienne des Grands Monts

Diocèse de Limoges
