{"id":5106,"date":"2025-10-31T14:46:04","date_gmt":"2025-10-31T13:46:04","guid":{"rendered":"https:\/\/www.diocese-limoges.fr\/haute-vienne\/?post_type=paroisse&#038;p=5106"},"modified":"2026-03-20T11:24:27","modified_gmt":"2026-03-20T10:24:27","slug":"les-pretres-et-les-diacres","status":"publish","type":"paroisse","link":"https:\/\/www.diocese-limoges.fr\/haute-vienne\/paroisses\/paroisse-saint-leonard-en-limousin\/la-paroisse\/les-pretres-et-les-diacres\/","title":{"rendered":"Les pr\u00eatres et les diacres"},"content":{"rendered":"\n<p>La charge pastorale de la paroisse a \u00e9t\u00e9 confi\u00e9e depuis septembre 2020 par l&rsquo;ancien \u00e9v\u00eaque Monseigneur Bozo \u00e0 une communaut\u00e9 de p\u00e8res Eudistes.<\/p>\n\n\n\n<p>Le P\u00e8re Bernard H\u00e9raut est le\u00a0cur\u00e9 mod\u00e9rateur, doyen de la Haute-Vienne Sud-Est et aum\u00f4nier adjoint de prisons de Limoges. <br>Il est assist\u00e9 d&rsquo;un autre\u00a0<a href=\"https:\/\/www.eudistes.fr\/\">p\u00e8re\u00a0eudiste\u00a0<\/a>cur\u00e9\u00a0<em>in solidum\u00a0<\/em>:\u00a0P\u00e8re\u00a0Michel Meneau. Ce\u00a0dernier\u00a0accompagne la vie consacr\u00e9e dans le dioc\u00e8se, rend des services d&rsquo;accompagnement spirituel et\u00a0se rend\u00a0disponible\u00a0pour\u00a0d&rsquo;autres paroisses.<\/p>\n\n\n\n<p>Deux diacres permanents sont aussi au service de la paroisse :&nbsp;Olivier Tandeau de Marsac et&nbsp;Eric Patureau Mirand.<\/p>\n\n\n<div class=\"wp-block-image\">\n<figure class=\"aligncenter\"><img decoding=\"async\" src=\"https:\/\/www.diocese-limoges.fr\/haute-vienne\/wp-content\/uploads\/sites\/4\/2025\/10\/3-1024x807.jpg\" alt=\"L\u2019attribut alt de cette image est vide, son nom de fichier est 3-1024x807.jpg.\" style=\"aspect-ratio:4\/3;object-fit:cover\" \/><figcaption class=\"wp-element-caption\">P\u00e8re Michel, p\u00e8re Bernard, Olivier et Eric <\/figcaption><\/figure><\/div>\n\n\n<p class=\"has-text-align-center has-large-font-size\"><\/p>\n\n\n\n<p><\/p>\n","protected":false},"author":24,"featured_media":5182,"parent":5089,"menu_order":4,"template":"","meta":{"_acf_changed":false},"class_list":["post-5106","paroisse","type-paroisse","status-publish","has-post-thumbnail","hentry"],"acf":[],"yoast_head":"<!-- This site is optimized with the Yoast SEO plugin v26.4 - https:\/\/yoast.com\/wordpress\/plugins\/seo\/ -->\n<title>Les pr\u00eatres et les diacres - Doyenn\u00e9s de Haute Vienne<\/title>\n<meta name=\"robots\" content=\"index, follow, max-snippet:-1, max-image-preview:large, max-video-preview:-1\" \/>\n<link rel=\"canonical\" href=\"https:\/\/www.diocese-limoges.fr\/haute-vienne\/paroisses\/paroisse-saint-leonard-en-limousin\/la-paroisse\/les-pretres-et-les-diacres\/\" \/>\n<meta property=\"og:locale\" content=\"fr_FR\" \/>\n<meta property=\"og:type\" content=\"article\" \/>\n<meta property=\"og:title\" content=\"Les pr\u00eatres et les diacres - Doyenn\u00e9s de Haute Vienne\" \/>\n<meta property=\"og:description\" content=\"La charge pastorale de la paroisse a \u00e9t\u00e9 confi\u00e9e depuis septembre 2020 par l&rsquo;ancien \u00e9v\u00eaque Monseigneur Bozo \u00e0 une communaut\u00e9 de p\u00e8res Eudistes. Le P\u00e8re Bernard H\u00e9raut est le\u00a0cur\u00e9 mod\u00e9rateur, doyen de la Haute-Vienne Sud-Est et aum\u00f4nier adjoint de prisons de Limoges. Il est assist\u00e9 d&rsquo;un autre\u00a0p\u00e8re\u00a0eudiste\u00a0cur\u00e9\u00a0in solidum\u00a0:\u00a0P\u00e8re\u00a0Michel Meneau. Ce\u00a0dernier\u00a0accompagne la vie consacr\u00e9e dans le [&hellip;]\" \/>\n<meta property=\"og:url\" content=\"https:\/\/www.diocese-limoges.fr\/haute-vienne\/paroisses\/paroisse-saint-leonard-en-limousin\/la-paroisse\/les-pretres-et-les-diacres\/\" \/>\n<meta property=\"og:site_name\" content=\"Doyenn\u00e9s de Haute Vienne\" \/>\n<meta property=\"article:modified_time\" content=\"2026-03-20T10:24:27+00:00\" \/>\n<meta property=\"og:image\" content=\"https:\/\/www.diocese-limoges.fr\/haute-vienne\/wp-content\/uploads\/sites\/4\/2025\/10\/image1.jpg\" \/>\n\t<meta property=\"og:image:width\" content=\"1502\" \/>\n\t<meta property=\"og:image:height\" content=\"462\" \/>\n\t<meta property=\"og:image:type\" content=\"image\/jpeg\" \/>\n<meta name=\"twitter:card\" content=\"summary_large_image\" \/>\n<meta name=\"twitter:label1\" content=\"Dur\u00e9e de lecture estim\u00e9e\" \/>\n\t<meta name=\"twitter:data1\" content=\"1 minute\" \/>\n<script type=\"application\/ld+json\" class=\"yoast-schema-graph\">{\"@context\":\"https:\/\/schema.org\",\"@graph\":[{\"@type\":\"WebPage\",\"@id\":\"https:\/\/www.diocese-limoges.fr\/haute-vienne\/paroisses\/paroisse-saint-leonard-en-limousin\/la-paroisse\/les-pretres-et-les-diacres\/\",\"url\":\"https:\/\/www.diocese-limoges.fr\/haute-vienne\/paroisses\/paroisse-saint-leonard-en-limousin\/la-paroisse\/les-pretres-et-les-diacres\/\",\"name\":\"Les pr\u00eatres et les diacres - Doyenn\u00e9s de Haute Vienne\",\"isPartOf\":{\"@id\":\"https:\/\/www.diocese-limoges.fr\/haute-vienne\/#website\"},\"primaryImageOfPage\":{\"@id\":\"https:\/\/www.diocese-limoges.fr\/haute-vienne\/paroisses\/paroisse-saint-leonard-en-limousin\/la-paroisse\/les-pretres-et-les-diacres\/#primaryimage\"},\"image\":{\"@id\":\"https:\/\/www.diocese-limoges.fr\/haute-vienne\/paroisses\/paroisse-saint-leonard-en-limousin\/la-paroisse\/les-pretres-et-les-diacres\/#primaryimage\"},\"thumbnailUrl\":\"https:\/\/www.diocese-limoges.fr\/haute-vienne\/wp-content\/uploads\/sites\/4\/2025\/10\/image1.jpg\",\"datePublished\":\"2025-10-31T13:46:04+00:00\",\"dateModified\":\"2026-03-20T10:24:27+00:00\",\"breadcrumb\":{\"@id\":\"https:\/\/www.diocese-limoges.fr\/haute-vienne\/paroisses\/paroisse-saint-leonard-en-limousin\/la-paroisse\/les-pretres-et-les-diacres\/#breadcrumb\"},\"inLanguage\":\"fr-FR\",\"potentialAction\":[{\"@type\":\"ReadAction\",\"target\":[\"https:\/\/www.diocese-limoges.fr\/haute-vienne\/paroisses\/paroisse-saint-leonard-en-limousin\/la-paroisse\/les-pretres-et-les-diacres\/\"]}]},{\"@type\":\"ImageObject\",\"inLanguage\":\"fr-FR\",\"@id\":\"https:\/\/www.diocese-limoges.fr\/haute-vienne\/paroisses\/paroisse-saint-leonard-en-limousin\/la-paroisse\/les-pretres-et-les-diacres\/#primaryimage\",\"url\":\"https:\/\/www.diocese-limoges.fr\/haute-vienne\/wp-content\/uploads\/sites\/4\/2025\/10\/image1.jpg\",\"contentUrl\":\"https:\/\/www.diocese-limoges.fr\/haute-vienne\/wp-content\/uploads\/sites\/4\/2025\/10\/image1.jpg\",\"width\":1502,\"height\":462},{\"@type\":\"BreadcrumbList\",\"@id\":\"https:\/\/www.diocese-limoges.fr\/haute-vienne\/paroisses\/paroisse-saint-leonard-en-limousin\/la-paroisse\/les-pretres-et-les-diacres\/#breadcrumb\",\"itemListElement\":[{\"@type\":\"ListItem\",\"position\":1,\"name\":\"Accueil\",\"item\":\"https:\/\/www.diocese-limoges.fr\/haute-vienne\/\"},{\"@type\":\"ListItem\",\"position\":2,\"name\":\"Paroisse Saint L\u00e9onard en Limousin\",\"item\":\"https:\/\/www.diocese-limoges.fr\/haute-vienne\/paroisses\/paroisse-saint-leonard-en-limousin\/\"},{\"@type\":\"ListItem\",\"position\":3,\"name\":\"Notre Paroisse\",\"item\":\"https:\/\/www.diocese-limoges.fr\/haute-vienne\/paroisses\/paroisse-saint-leonard-en-limousin\/la-paroisse\/\"},{\"@type\":\"ListItem\",\"position\":4,\"name\":\"Les pr\u00eatres et les diacres\"}]},{\"@type\":\"WebSite\",\"@id\":\"https:\/\/www.diocese-limoges.fr\/haute-vienne\/#website\",\"url\":\"https:\/\/www.diocese-limoges.fr\/haute-vienne\/\",\"name\":\"Doyenn\u00e9s de Haute Vienne\",\"description\":\"Dioc\u00e8se de Limoges\",\"potentialAction\":[{\"@type\":\"SearchAction\",\"target\":{\"@type\":\"EntryPoint\",\"urlTemplate\":\"https:\/\/www.diocese-limoges.fr\/haute-vienne\/?s={search_term_string}\"},\"query-input\":{\"@type\":\"PropertyValueSpecification\",\"valueRequired\":true,\"valueName\":\"search_term_string\"}}],\"inLanguage\":\"fr-FR\"}]}<\/script>\n<!-- \/ Yoast SEO plugin. -->","yoast_head_json":{"title":"Les pr\u00eatres et les diacres - Doyenn\u00e9s de Haute Vienne","robots":{"index":"index","follow":"follow","max-snippet":"max-snippet:-1","max-image-preview":"max-image-preview:large","max-video-preview":"max-video-preview:-1"},"canonical":"https:\/\/www.diocese-limoges.fr\/haute-vienne\/paroisses\/paroisse-saint-leonard-en-limousin\/la-paroisse\/les-pretres-et-les-diacres\/","og_locale":"fr_FR","og_type":"article","og_title":"Les pr\u00eatres et les diacres - Doyenn\u00e9s de Haute Vienne","og_description":"La charge pastorale de la paroisse a \u00e9t\u00e9 confi\u00e9e depuis septembre 2020 par l&rsquo;ancien \u00e9v\u00eaque Monseigneur Bozo \u00e0 une communaut\u00e9 de p\u00e8res Eudistes. Le P\u00e8re Bernard H\u00e9raut est le\u00a0cur\u00e9 mod\u00e9rateur, doyen de la Haute-Vienne Sud-Est et aum\u00f4nier adjoint de prisons de Limoges. Il est assist\u00e9 d&rsquo;un autre\u00a0p\u00e8re\u00a0eudiste\u00a0cur\u00e9\u00a0in solidum\u00a0:\u00a0P\u00e8re\u00a0Michel Meneau. Ce\u00a0dernier\u00a0accompagne la vie consacr\u00e9e dans le [&hellip;]","og_url":"https:\/\/www.diocese-limoges.fr\/haute-vienne\/paroisses\/paroisse-saint-leonard-en-limousin\/la-paroisse\/les-pretres-et-les-diacres\/","og_site_name":"Doyenn\u00e9s de Haute Vienne","article_modified_time":"2026-03-20T10:24:27+00:00","og_image":[{"width":1502,"height":462,"url":"https:\/\/www.diocese-limoges.fr\/haute-vienne\/wp-content\/uploads\/sites\/4\/2025\/10\/image1.jpg","type":"image\/jpeg"}],"twitter_card":"summary_large_image","twitter_misc":{"Dur\u00e9e de lecture estim\u00e9e":"1 minute"},"schema":{"@context":"https:\/\/schema.org","@graph":[{"@type":"WebPage","@id":"https:\/\/www.diocese-limoges.fr\/haute-vienne\/paroisses\/paroisse-saint-leonard-en-limousin\/la-paroisse\/les-pretres-et-les-diacres\/","url":"https:\/\/www.diocese-limoges.fr\/haute-vienne\/paroisses\/paroisse-saint-leonard-en-limousin\/la-paroisse\/les-pretres-et-les-diacres\/","name":"Les pr\u00eatres et les diacres - Doyenn\u00e9s de Haute Vienne","isPartOf":{"@id":"https:\/\/www.diocese-limoges.fr\/haute-vienne\/#website"},"primaryImageOfPage":{"@id":"https:\/\/www.diocese-limoges.fr\/haute-vienne\/paroisses\/paroisse-saint-leonard-en-limousin\/la-paroisse\/les-pretres-et-les-diacres\/#primaryimage"},"image":{"@id":"https:\/\/www.diocese-limoges.fr\/haute-vienne\/paroisses\/paroisse-saint-leonard-en-limousin\/la-paroisse\/les-pretres-et-les-diacres\/#primaryimage"},"thumbnailUrl":"https:\/\/www.diocese-limoges.fr\/haute-vienne\/wp-content\/uploads\/sites\/4\/2025\/10\/image1.jpg","datePublished":"2025-10-31T13:46:04+00:00","dateModified":"2026-03-20T10:24:27+00:00","breadcrumb":{"@id":"https:\/\/www.diocese-limoges.fr\/haute-vienne\/paroisses\/paroisse-saint-leonard-en-limousin\/la-paroisse\/les-pretres-et-les-diacres\/#breadcrumb"},"inLanguage":"fr-FR","potentialAction":[{"@type":"ReadAction","target":["https:\/\/www.diocese-limoges.fr\/haute-vienne\/paroisses\/paroisse-saint-leonard-en-limousin\/la-paroisse\/les-pretres-et-les-diacres\/"]}]},{"@type":"ImageObject","inLanguage":"fr-FR","@id":"https:\/\/www.diocese-limoges.fr\/haute-vienne\/paroisses\/paroisse-saint-leonard-en-limousin\/la-paroisse\/les-pretres-et-les-diacres\/#primaryimage","url":"https:\/\/www.diocese-limoges.fr\/haute-vienne\/wp-content\/uploads\/sites\/4\/2025\/10\/image1.jpg","contentUrl":"https:\/\/www.diocese-limoges.fr\/haute-vienne\/wp-content\/uploads\/sites\/4\/2025\/10\/image1.jpg","width":1502,"height":462},{"@type":"BreadcrumbList","@id":"https:\/\/www.diocese-limoges.fr\/haute-vienne\/paroisses\/paroisse-saint-leonard-en-limousin\/la-paroisse\/les-pretres-et-les-diacres\/#breadcrumb","itemListElement":[{"@type":"ListItem","position":1,"name":"Accueil","item":"https:\/\/www.diocese-limoges.fr\/haute-vienne\/"},{"@type":"ListItem","position":2,"name":"Paroisse Saint L\u00e9onard en Limousin","item":"https:\/\/www.diocese-limoges.fr\/haute-vienne\/paroisses\/paroisse-saint-leonard-en-limousin\/"},{"@type":"ListItem","position":3,"name":"Notre Paroisse","item":"https:\/\/www.diocese-limoges.fr\/haute-vienne\/paroisses\/paroisse-saint-leonard-en-limousin\/la-paroisse\/"},{"@type":"ListItem","position":4,"name":"Les pr\u00eatres et les diacres"}]},{"@type":"WebSite","@id":"https:\/\/www.diocese-limoges.fr\/haute-vienne\/#website","url":"https:\/\/www.diocese-limoges.fr\/haute-vienne\/","name":"Doyenn\u00e9s de Haute Vienne","description":"Dioc\u00e8se de Limoges","potentialAction":[{"@type":"SearchAction","target":{"@type":"EntryPoint","urlTemplate":"https:\/\/www.diocese-limoges.fr\/haute-vienne\/?s={search_term_string}"},"query-input":{"@type":"PropertyValueSpecification","valueRequired":true,"valueName":"search_term_string"}}],"inLanguage":"fr-FR"}]}},"_links":{"self":[{"href":"https:\/\/www.diocese-limoges.fr\/haute-vienne\/wp-json\/wp\/v2\/paroisse\/5106","targetHints":{"allow":["GET"]}}],"collection":[{"href":"https:\/\/www.diocese-limoges.fr\/haute-vienne\/wp-json\/wp\/v2\/paroisse"}],"about":[{"href":"https:\/\/www.diocese-limoges.fr\/haute-vienne\/wp-json\/wp\/v2\/types\/paroisse"}],"author":[{"embeddable":true,"href":"https:\/\/www.diocese-limoges.fr\/haute-vienne\/wp-json\/wp\/v2\/users\/24"}],"up":[{"embeddable":true,"href":"https:\/\/www.diocese-limoges.fr\/haute-vienne\/wp-json\/wp\/v2\/paroisse\/5089"}],"wp:featuredmedia":[{"embeddable":true,"href":"https:\/\/www.diocese-limoges.fr\/haute-vienne\/wp-json\/wp\/v2\/media\/5182"}],"wp:attachment":[{"href":"https:\/\/www.diocese-limoges.fr\/haute-vienne\/wp-json\/wp\/v2\/media?parent=5106"}],"curies":[{"name":"wp","href":"https:\/\/api.w.org\/{rel}","templated":true}]}}

Les prêtres et les diacres

<p>La charge pastorale de la paroisse a été confiée depuis septembre 2020 par l&rsquo;ancien évêque Monseigneur Bozo à une communauté de pères Eudistes.</p>



<p>Le Père Bernard Héraut est le curé modérateur, doyen de la Haute-Vienne Sud-Est et aumônier adjoint de prisons de Limoges. <br>Il est assisté d&rsquo;un autre <a href="https://www.eudistes.fr/">père eudiste </a>curé <em>in solidum </em>: Père Michel Meneau. Ce dernier accompagne la vie consacrée dans le diocèse, rend des services d&rsquo;accompagnement spirituel et se rend disponible pour d&rsquo;autres paroisses.</p>



<p>Deux diacres permanents sont aussi au service de la paroisse :&nbsp;Olivier Tandeau de Marsac et&nbsp;Eric Patureau Mirand.</p>


<div class="wp-block-image">
<figure class="aligncenter"><img decoding="async" src="https://www.diocese-limoges.fr/haute-vienne/wp-content/uploads/sites/4/2025/10/3-1024x807.jpg" alt="L’attribut alt de cette image est vide, son nom de fichier est 3-1024x807.jpg." style="aspect-ratio:4/3;object-fit:cover" /><figcaption class="wp-element-caption">Père Michel, père Bernard, Olivier et Eric </figcaption></figure></div>


<p class="has-text-align-center has-large-font-size"></p>



<p></p>

<!-- This site is optimized with the Yoast SEO plugin v26.4 - https://yoast.com/wordpress/plugins/seo/ -->
<title>Les prêtres et les diacres - Doyennés de Haute Vienne</title>
<meta name="robots" content="index, follow, max-snippet:-1, max-image-preview:large, max-video-preview:-1" />
<link rel="canonical" href="https://www.diocese-limoges.fr/haute-vienne/paroisses/paroisse-saint-leonard-en-limousin/la-paroisse/les-pretres-et-les-diacres/" />
<meta property="og:locale" content="fr_FR" />
<meta property="og:type" content="article" />
<meta property="og:title" content="Les prêtres et les diacres - Doyennés de Haute Vienne" />
<meta property="og:description" content="La charge pastorale de la paroisse a été confiée depuis septembre 2020 par l&rsquo;ancien évêque Monseigneur Bozo à une communauté de pères Eudistes. Le Père Bernard Héraut est le curé modérateur, doyen de la Haute-Vienne Sud-Est et aumônier adjoint de prisons de Limoges. Il est assisté d&rsquo;un autre père eudiste curé in solidum : Père Michel Meneau. Ce dernier accompagne la vie consacrée dans le [&hellip;]" />
<meta property="og:url" content="https://www.diocese-limoges.fr/haute-vienne/paroisses/paroisse-saint-leonard-en-limousin/la-paroisse/les-pretres-et-les-diacres/" />
<meta property="og:site_name" content="Doyennés de Haute Vienne" />
<meta property="article:modified_time" content="2026-03-20T10:24:27+00:00" />
<meta property="og:image" content="https://www.diocese-limoges.fr/haute-vienne/wp-content/uploads/sites/4/2025/10/image1.jpg" />
	<meta property="og:image:width" content="1502" />
	<meta property="og:image:height" content="462" />
	<meta property="og:image:type" content="image/jpeg" />
<meta name="twitter:card" content="summary_large_image" />
<meta name="twitter:label1" content="Durée de lecture estimée" />
	<meta name="twitter:data1" content="1 minute" />
<script type="application/ld+json" class="yoast-schema-graph">{"@context":"https://schema.org","@graph":[{"@type":"WebPage","@id":"https://www.diocese-limoges.fr/haute-vienne/paroisses/paroisse-saint-leonard-en-limousin/la-paroisse/les-pretres-et-les-diacres/","url":"https://www.diocese-limoges.fr/haute-vienne/paroisses/paroisse-saint-leonard-en-limousin/la-paroisse/les-pretres-et-les-diacres/","name":"Les prêtres et les diacres - Doyennés de Haute Vienne","isPartOf":{"@id":"https://www.diocese-limoges.fr/haute-vienne/#website"},"primaryImageOfPage":{"@id":"https://www.diocese-limoges.fr/haute-vienne/paroisses/paroisse-saint-leonard-en-limousin/la-paroisse/les-pretres-et-les-diacres/#primaryimage"},"image":{"@id":"https://www.diocese-limoges.fr/haute-vienne/paroisses/paroisse-saint-leonard-en-limousin/la-paroisse/les-pretres-et-les-diacres/#primaryimage"},"thumbnailUrl":"https://www.diocese-limoges.fr/haute-vienne/wp-content/uploads/sites/4/2025/10/image1.jpg","datePublished":"2025-10-31T13:46:04+00:00","dateModified":"2026-03-20T10:24:27+00:00","breadcrumb":{"@id":"https://www.diocese-limoges.fr/haute-vienne/paroisses/paroisse-saint-leonard-en-limousin/la-paroisse/les-pretres-et-les-diacres/#breadcrumb"},"inLanguage":"fr-FR","potentialAction":[{"@type":"ReadAction","target":["https://www.diocese-limoges.fr/haute-vienne/paroisses/paroisse-saint-leonard-en-limousin/la-paroisse/les-pretres-et-les-diacres/"]}]},{"@type":"ImageObject","inLanguage":"fr-FR","@id":"https://www.diocese-limoges.fr/haute-vienne/paroisses/paroisse-saint-leonard-en-limousin/la-paroisse/les-pretres-et-les-diacres/#primaryimage","url":"https://www.diocese-limoges.fr/haute-vienne/wp-content/uploads/sites/4/2025/10/image1.jpg","contentUrl":"https://www.diocese-limoges.fr/haute-vienne/wp-content/uploads/sites/4/2025/10/image1.jpg","width":1502,"height":462},{"@type":"BreadcrumbList","@id":"https://www.diocese-limoges.fr/haute-vienne/paroisses/paroisse-saint-leonard-en-limousin/la-paroisse/les-pretres-et-les-diacres/#breadcrumb","itemListElement":[{"@type":"ListItem","position":1,"name":"Accueil","item":"https://www.diocese-limoges.fr/haute-vienne/"},{"@type":"ListItem","position":2,"name":"Paroisse Saint Léonard en Limousin","item":"https://www.diocese-limoges.fr/haute-vienne/paroisses/paroisse-saint-leonard-en-limousin/"},{"@type":"ListItem","position":3,"name":"Notre Paroisse","item":"https://www.diocese-limoges.fr/haute-vienne/paroisses/paroisse-saint-leonard-en-limousin/la-paroisse/"},{"@type":"ListItem","position":4,"name":"Les prêtres et les diacres"}]},{"@type":"WebSite","@id":"https://www.diocese-limoges.fr/haute-vienne/#website","url":"https://www.diocese-limoges.fr/haute-vienne/","name":"Doyennés de Haute Vienne","description":"Diocèse de Limoges","potentialAction":[{"@type":"SearchAction","target":{"@type":"EntryPoint","urlTemplate":"https://www.diocese-limoges.fr/haute-vienne/?s={search_term_string}"},"query-input":{"@type":"PropertyValueSpecification","valueRequired":true,"valueName":"search_term_string"}}],"inLanguage":"fr-FR"}]}</script>
<!-- / Yoast SEO plugin. -->

Les prêtres et les diacres - Doyennés de Haute Vienne

La charge pastorale de la paroisse a été confiée depuis septembre 2020 par l&rsquo;ancien évêque Monseigneur Bozo à une communauté de pères Eudistes. Le Père Bernard Héraut est le curé modérateur, doyen de la Haute-Vienne Sud-Est et aumônier adjoint de prisons de Limoges. Il est assisté d&rsquo;un autre père eudiste curé in solidum : Père Michel Meneau. Ce dernier accompagne la vie consacrée dans le [&hellip;]

Doyennés de Haute Vienne

Paroisse Saint Léonard en Limousin

Diocèse de Limoges
