{"id":5112,"date":"2025-10-31T15:15:22","date_gmt":"2025-10-31T14:15:22","guid":{"rendered":"https:\/\/www.diocese-limoges.fr\/haute-vienne\/?post_type=paroisse&#038;p=5112"},"modified":"2026-03-20T11:25:37","modified_gmt":"2026-03-20T10:25:37","slug":"equipe-pastorale","status":"publish","type":"paroisse","link":"https:\/\/www.diocese-limoges.fr\/haute-vienne\/paroisses\/paroisse-saint-leonard-en-limousin\/la-paroisse\/equipe-pastorale\/","title":{"rendered":"L&rsquo;Equipe Animation Pastorale (EAP)"},"content":{"rendered":"\n<p>Les membres de l\u2019EAP collaborent avec le cur\u00e9 pour l\u2019aider \u00e0 exercer sa charge pastorale de cur\u00e9 et \u00e0 prendre soin de la paroisse. Cette \u00e9quipe, qui puise son souffle dans la pri\u00e8re et la vie fraternelle, re\u00e7oit la mission d\u2019animer dans toute la paroisse ses trois composantes de l\u2019annonce, de la pri\u00e8re et de la charit\u00e9. <br>Ils se retrouvent une fois par mois.<\/p>\n\n\n\n<p>Composition actuelle de l&rsquo;Equipe d&rsquo;Animation Pastorale :<\/p>\n\n\n\n<ul class=\"wp-block-list\">\n<li>&nbsp;P. HERAUT Bernard&nbsp;(cur\u00e9 mod\u00e9rateur)  &nbsp; &nbsp; &nbsp; &nbsp; &nbsp; &nbsp; &nbsp;<\/li>\n\n\n\n<li>DAVID Jean-Louis <\/li>\n\n\n\n<li>DEFAYE Fran\u00e7oise\u00a0 \u00a0 \u00a0 \u00a0 \u00a0 \u00a0<\/li>\n\n\n\n<li>DEROIN Jo\u00eblle&nbsp; &nbsp; &nbsp; &nbsp; &nbsp; &nbsp; &nbsp; &nbsp; &nbsp; &nbsp; &nbsp; &nbsp; &nbsp; &nbsp; &nbsp; &nbsp; &nbsp; &nbsp; &nbsp; &nbsp;<\/li>\n\n\n\n<li>MARCHEIX Monique&nbsp; &nbsp; &nbsp; &nbsp; <\/li>\n\n\n\n<li>ROUSSEL Pierre &nbsp;<\/li>\n\n\n\n<li>TARET Fran\u00e7oise <\/li>\n<\/ul>\n\n\n\n<p><\/p>\n","protected":false},"author":24,"featured_media":5587,"parent":5089,"menu_order":4,"template":"","meta":{"_acf_changed":false},"class_list":["post-5112","paroisse","type-paroisse","status-publish","has-post-thumbnail","hentry"],"acf":[],"yoast_head":"<!-- This site is optimized with the Yoast SEO plugin v26.4 - https:\/\/yoast.com\/wordpress\/plugins\/seo\/ -->\n<title>L&#039;Equipe Animation Pastorale (EAP) - Doyenn\u00e9s de Haute Vienne<\/title>\n<meta name=\"robots\" content=\"index, follow, max-snippet:-1, max-image-preview:large, max-video-preview:-1\" \/>\n<link rel=\"canonical\" href=\"https:\/\/www.diocese-limoges.fr\/haute-vienne\/paroisses\/paroisse-saint-leonard-en-limousin\/la-paroisse\/equipe-pastorale\/\" \/>\n<meta property=\"og:locale\" content=\"fr_FR\" \/>\n<meta property=\"og:type\" content=\"article\" \/>\n<meta property=\"og:title\" content=\"L&#039;Equipe Animation Pastorale (EAP) - Doyenn\u00e9s de Haute Vienne\" \/>\n<meta property=\"og:description\" content=\"Les membres de l\u2019EAP collaborent avec le cur\u00e9 pour l\u2019aider \u00e0 exercer sa charge pastorale de cur\u00e9 et \u00e0 prendre soin de la paroisse. Cette \u00e9quipe, qui puise son souffle dans la pri\u00e8re et la vie fraternelle, re\u00e7oit la mission d\u2019animer dans toute la paroisse ses trois composantes de l\u2019annonce, de la pri\u00e8re et de [&hellip;]\" \/>\n<meta property=\"og:url\" content=\"https:\/\/www.diocese-limoges.fr\/haute-vienne\/paroisses\/paroisse-saint-leonard-en-limousin\/la-paroisse\/equipe-pastorale\/\" \/>\n<meta property=\"og:site_name\" content=\"Doyenn\u00e9s de Haute Vienne\" \/>\n<meta property=\"article:modified_time\" content=\"2026-03-20T10:25:37+00:00\" \/>\n<meta property=\"og:image\" content=\"https:\/\/www.diocese-limoges.fr\/haute-vienne\/wp-content\/uploads\/sites\/4\/2025\/10\/bandeau-eap.png\" \/>\n\t<meta property=\"og:image:width\" content=\"857\" \/>\n\t<meta property=\"og:image:height\" content=\"245\" \/>\n\t<meta property=\"og:image:type\" content=\"image\/png\" \/>\n<meta name=\"twitter:card\" content=\"summary_large_image\" \/>\n<meta name=\"twitter:label1\" content=\"Dur\u00e9e de lecture estim\u00e9e\" \/>\n\t<meta name=\"twitter:data1\" content=\"1 minute\" \/>\n<script type=\"application\/ld+json\" class=\"yoast-schema-graph\">{\"@context\":\"https:\/\/schema.org\",\"@graph\":[{\"@type\":\"WebPage\",\"@id\":\"https:\/\/www.diocese-limoges.fr\/haute-vienne\/paroisses\/paroisse-saint-leonard-en-limousin\/la-paroisse\/equipe-pastorale\/\",\"url\":\"https:\/\/www.diocese-limoges.fr\/haute-vienne\/paroisses\/paroisse-saint-leonard-en-limousin\/la-paroisse\/equipe-pastorale\/\",\"name\":\"L'Equipe Animation Pastorale (EAP) - Doyenn\u00e9s de Haute Vienne\",\"isPartOf\":{\"@id\":\"https:\/\/www.diocese-limoges.fr\/haute-vienne\/#website\"},\"primaryImageOfPage\":{\"@id\":\"https:\/\/www.diocese-limoges.fr\/haute-vienne\/paroisses\/paroisse-saint-leonard-en-limousin\/la-paroisse\/equipe-pastorale\/#primaryimage\"},\"image\":{\"@id\":\"https:\/\/www.diocese-limoges.fr\/haute-vienne\/paroisses\/paroisse-saint-leonard-en-limousin\/la-paroisse\/equipe-pastorale\/#primaryimage\"},\"thumbnailUrl\":\"https:\/\/www.diocese-limoges.fr\/haute-vienne\/wp-content\/uploads\/sites\/4\/2025\/10\/bandeau-eap.png\",\"datePublished\":\"2025-10-31T14:15:22+00:00\",\"dateModified\":\"2026-03-20T10:25:37+00:00\",\"breadcrumb\":{\"@id\":\"https:\/\/www.diocese-limoges.fr\/haute-vienne\/paroisses\/paroisse-saint-leonard-en-limousin\/la-paroisse\/equipe-pastorale\/#breadcrumb\"},\"inLanguage\":\"fr-FR\",\"potentialAction\":[{\"@type\":\"ReadAction\",\"target\":[\"https:\/\/www.diocese-limoges.fr\/haute-vienne\/paroisses\/paroisse-saint-leonard-en-limousin\/la-paroisse\/equipe-pastorale\/\"]}]},{\"@type\":\"ImageObject\",\"inLanguage\":\"fr-FR\",\"@id\":\"https:\/\/www.diocese-limoges.fr\/haute-vienne\/paroisses\/paroisse-saint-leonard-en-limousin\/la-paroisse\/equipe-pastorale\/#primaryimage\",\"url\":\"https:\/\/www.diocese-limoges.fr\/haute-vienne\/wp-content\/uploads\/sites\/4\/2025\/10\/bandeau-eap.png\",\"contentUrl\":\"https:\/\/www.diocese-limoges.fr\/haute-vienne\/wp-content\/uploads\/sites\/4\/2025\/10\/bandeau-eap.png\",\"width\":857,\"height\":245},{\"@type\":\"BreadcrumbList\",\"@id\":\"https:\/\/www.diocese-limoges.fr\/haute-vienne\/paroisses\/paroisse-saint-leonard-en-limousin\/la-paroisse\/equipe-pastorale\/#breadcrumb\",\"itemListElement\":[{\"@type\":\"ListItem\",\"position\":1,\"name\":\"Accueil\",\"item\":\"https:\/\/www.diocese-limoges.fr\/haute-vienne\/\"},{\"@type\":\"ListItem\",\"position\":2,\"name\":\"Paroisse Saint L\u00e9onard en Limousin\",\"item\":\"https:\/\/www.diocese-limoges.fr\/haute-vienne\/paroisses\/paroisse-saint-leonard-en-limousin\/\"},{\"@type\":\"ListItem\",\"position\":3,\"name\":\"Notre Paroisse\",\"item\":\"https:\/\/www.diocese-limoges.fr\/haute-vienne\/paroisses\/paroisse-saint-leonard-en-limousin\/la-paroisse\/\"},{\"@type\":\"ListItem\",\"position\":4,\"name\":\"L&rsquo;Equipe Animation Pastorale (EAP)\"}]},{\"@type\":\"WebSite\",\"@id\":\"https:\/\/www.diocese-limoges.fr\/haute-vienne\/#website\",\"url\":\"https:\/\/www.diocese-limoges.fr\/haute-vienne\/\",\"name\":\"Doyenn\u00e9s de Haute Vienne\",\"description\":\"Dioc\u00e8se de Limoges\",\"potentialAction\":[{\"@type\":\"SearchAction\",\"target\":{\"@type\":\"EntryPoint\",\"urlTemplate\":\"https:\/\/www.diocese-limoges.fr\/haute-vienne\/?s={search_term_string}\"},\"query-input\":{\"@type\":\"PropertyValueSpecification\",\"valueRequired\":true,\"valueName\":\"search_term_string\"}}],\"inLanguage\":\"fr-FR\"}]}<\/script>\n<!-- \/ Yoast SEO plugin. -->","yoast_head_json":{"title":"L'Equipe Animation Pastorale (EAP) - Doyenn\u00e9s de Haute Vienne","robots":{"index":"index","follow":"follow","max-snippet":"max-snippet:-1","max-image-preview":"max-image-preview:large","max-video-preview":"max-video-preview:-1"},"canonical":"https:\/\/www.diocese-limoges.fr\/haute-vienne\/paroisses\/paroisse-saint-leonard-en-limousin\/la-paroisse\/equipe-pastorale\/","og_locale":"fr_FR","og_type":"article","og_title":"L'Equipe Animation Pastorale (EAP) - Doyenn\u00e9s de Haute Vienne","og_description":"Les membres de l\u2019EAP collaborent avec le cur\u00e9 pour l\u2019aider \u00e0 exercer sa charge pastorale de cur\u00e9 et \u00e0 prendre soin de la paroisse. Cette \u00e9quipe, qui puise son souffle dans la pri\u00e8re et la vie fraternelle, re\u00e7oit la mission d\u2019animer dans toute la paroisse ses trois composantes de l\u2019annonce, de la pri\u00e8re et de [&hellip;]","og_url":"https:\/\/www.diocese-limoges.fr\/haute-vienne\/paroisses\/paroisse-saint-leonard-en-limousin\/la-paroisse\/equipe-pastorale\/","og_site_name":"Doyenn\u00e9s de Haute Vienne","article_modified_time":"2026-03-20T10:25:37+00:00","og_image":[{"width":857,"height":245,"url":"https:\/\/www.diocese-limoges.fr\/haute-vienne\/wp-content\/uploads\/sites\/4\/2025\/10\/bandeau-eap.png","type":"image\/png"}],"twitter_card":"summary_large_image","twitter_misc":{"Dur\u00e9e de lecture estim\u00e9e":"1 minute"},"schema":{"@context":"https:\/\/schema.org","@graph":[{"@type":"WebPage","@id":"https:\/\/www.diocese-limoges.fr\/haute-vienne\/paroisses\/paroisse-saint-leonard-en-limousin\/la-paroisse\/equipe-pastorale\/","url":"https:\/\/www.diocese-limoges.fr\/haute-vienne\/paroisses\/paroisse-saint-leonard-en-limousin\/la-paroisse\/equipe-pastorale\/","name":"L'Equipe Animation Pastorale (EAP) - Doyenn\u00e9s de Haute Vienne","isPartOf":{"@id":"https:\/\/www.diocese-limoges.fr\/haute-vienne\/#website"},"primaryImageOfPage":{"@id":"https:\/\/www.diocese-limoges.fr\/haute-vienne\/paroisses\/paroisse-saint-leonard-en-limousin\/la-paroisse\/equipe-pastorale\/#primaryimage"},"image":{"@id":"https:\/\/www.diocese-limoges.fr\/haute-vienne\/paroisses\/paroisse-saint-leonard-en-limousin\/la-paroisse\/equipe-pastorale\/#primaryimage"},"thumbnailUrl":"https:\/\/www.diocese-limoges.fr\/haute-vienne\/wp-content\/uploads\/sites\/4\/2025\/10\/bandeau-eap.png","datePublished":"2025-10-31T14:15:22+00:00","dateModified":"2026-03-20T10:25:37+00:00","breadcrumb":{"@id":"https:\/\/www.diocese-limoges.fr\/haute-vienne\/paroisses\/paroisse-saint-leonard-en-limousin\/la-paroisse\/equipe-pastorale\/#breadcrumb"},"inLanguage":"fr-FR","potentialAction":[{"@type":"ReadAction","target":["https:\/\/www.diocese-limoges.fr\/haute-vienne\/paroisses\/paroisse-saint-leonard-en-limousin\/la-paroisse\/equipe-pastorale\/"]}]},{"@type":"ImageObject","inLanguage":"fr-FR","@id":"https:\/\/www.diocese-limoges.fr\/haute-vienne\/paroisses\/paroisse-saint-leonard-en-limousin\/la-paroisse\/equipe-pastorale\/#primaryimage","url":"https:\/\/www.diocese-limoges.fr\/haute-vienne\/wp-content\/uploads\/sites\/4\/2025\/10\/bandeau-eap.png","contentUrl":"https:\/\/www.diocese-limoges.fr\/haute-vienne\/wp-content\/uploads\/sites\/4\/2025\/10\/bandeau-eap.png","width":857,"height":245},{"@type":"BreadcrumbList","@id":"https:\/\/www.diocese-limoges.fr\/haute-vienne\/paroisses\/paroisse-saint-leonard-en-limousin\/la-paroisse\/equipe-pastorale\/#breadcrumb","itemListElement":[{"@type":"ListItem","position":1,"name":"Accueil","item":"https:\/\/www.diocese-limoges.fr\/haute-vienne\/"},{"@type":"ListItem","position":2,"name":"Paroisse Saint L\u00e9onard en Limousin","item":"https:\/\/www.diocese-limoges.fr\/haute-vienne\/paroisses\/paroisse-saint-leonard-en-limousin\/"},{"@type":"ListItem","position":3,"name":"Notre Paroisse","item":"https:\/\/www.diocese-limoges.fr\/haute-vienne\/paroisses\/paroisse-saint-leonard-en-limousin\/la-paroisse\/"},{"@type":"ListItem","position":4,"name":"L&rsquo;Equipe Animation Pastorale (EAP)"}]},{"@type":"WebSite","@id":"https:\/\/www.diocese-limoges.fr\/haute-vienne\/#website","url":"https:\/\/www.diocese-limoges.fr\/haute-vienne\/","name":"Doyenn\u00e9s de Haute Vienne","description":"Dioc\u00e8se de Limoges","potentialAction":[{"@type":"SearchAction","target":{"@type":"EntryPoint","urlTemplate":"https:\/\/www.diocese-limoges.fr\/haute-vienne\/?s={search_term_string}"},"query-input":{"@type":"PropertyValueSpecification","valueRequired":true,"valueName":"search_term_string"}}],"inLanguage":"fr-FR"}]}},"_links":{"self":[{"href":"https:\/\/www.diocese-limoges.fr\/haute-vienne\/wp-json\/wp\/v2\/paroisse\/5112","targetHints":{"allow":["GET"]}}],"collection":[{"href":"https:\/\/www.diocese-limoges.fr\/haute-vienne\/wp-json\/wp\/v2\/paroisse"}],"about":[{"href":"https:\/\/www.diocese-limoges.fr\/haute-vienne\/wp-json\/wp\/v2\/types\/paroisse"}],"author":[{"embeddable":true,"href":"https:\/\/www.diocese-limoges.fr\/haute-vienne\/wp-json\/wp\/v2\/users\/24"}],"up":[{"embeddable":true,"href":"https:\/\/www.diocese-limoges.fr\/haute-vienne\/wp-json\/wp\/v2\/paroisse\/5089"}],"wp:featuredmedia":[{"embeddable":true,"href":"https:\/\/www.diocese-limoges.fr\/haute-vienne\/wp-json\/wp\/v2\/media\/5587"}],"wp:attachment":[{"href":"https:\/\/www.diocese-limoges.fr\/haute-vienne\/wp-json\/wp\/v2\/media?parent=5112"}],"curies":[{"name":"wp","href":"https:\/\/api.w.org\/{rel}","templated":true}]}}

<p>Les membres de l’EAP collaborent avec le curé pour l’aider à exercer sa charge pastorale de curé et à prendre soin de la paroisse. Cette équipe, qui puise son souffle dans la prière et la vie fraternelle, reçoit la mission d’animer dans toute la paroisse ses trois composantes de l’annonce, de la prière et de la charité. <br>Ils se retrouvent une fois par mois.</p>



<p>Composition actuelle de l&rsquo;Equipe d&rsquo;Animation Pastorale :</p>



<ul class="wp-block-list">
<li>&nbsp;P. HERAUT Bernard&nbsp;(curé modérateur)  &nbsp; &nbsp; &nbsp; &nbsp; &nbsp; &nbsp; &nbsp;</li>



<li>DAVID Jean-Louis </li>



<li>DEFAYE Françoise           </li>



<li>DEROIN Joëlle&nbsp; &nbsp; &nbsp; &nbsp; &nbsp; &nbsp; &nbsp; &nbsp; &nbsp; &nbsp; &nbsp; &nbsp; &nbsp; &nbsp; &nbsp; &nbsp; &nbsp; &nbsp; &nbsp; &nbsp;</li>



<li>MARCHEIX Monique&nbsp; &nbsp; &nbsp; &nbsp; </li>



<li>ROUSSEL Pierre &nbsp;</li>



<li>TARET Françoise </li>
</ul>



<p></p>

<!-- This site is optimized with the Yoast SEO plugin v26.4 - https://yoast.com/wordpress/plugins/seo/ -->
<title>L&#039;Equipe Animation Pastorale (EAP) - Doyennés de Haute Vienne</title>
<meta name="robots" content="index, follow, max-snippet:-1, max-image-preview:large, max-video-preview:-1" />
<link rel="canonical" href="https://www.diocese-limoges.fr/haute-vienne/paroisses/paroisse-saint-leonard-en-limousin/la-paroisse/equipe-pastorale/" />
<meta property="og:locale" content="fr_FR" />
<meta property="og:type" content="article" />
<meta property="og:title" content="L&#039;Equipe Animation Pastorale (EAP) - Doyennés de Haute Vienne" />
<meta property="og:description" content="Les membres de l’EAP collaborent avec le curé pour l’aider à exercer sa charge pastorale de curé et à prendre soin de la paroisse. Cette équipe, qui puise son souffle dans la prière et la vie fraternelle, reçoit la mission d’animer dans toute la paroisse ses trois composantes de l’annonce, de la prière et de [&hellip;]" />
<meta property="og:url" content="https://www.diocese-limoges.fr/haute-vienne/paroisses/paroisse-saint-leonard-en-limousin/la-paroisse/equipe-pastorale/" />
<meta property="og:site_name" content="Doyennés de Haute Vienne" />
<meta property="article:modified_time" content="2026-03-20T10:25:37+00:00" />
<meta property="og:image" content="https://www.diocese-limoges.fr/haute-vienne/wp-content/uploads/sites/4/2025/10/bandeau-eap.png" />
	<meta property="og:image:width" content="857" />
	<meta property="og:image:height" content="245" />
	<meta property="og:image:type" content="image/png" />
<meta name="twitter:card" content="summary_large_image" />
<meta name="twitter:label1" content="Durée de lecture estimée" />
	<meta name="twitter:data1" content="1 minute" />
<script type="application/ld+json" class="yoast-schema-graph">{"@context":"https://schema.org","@graph":[{"@type":"WebPage","@id":"https://www.diocese-limoges.fr/haute-vienne/paroisses/paroisse-saint-leonard-en-limousin/la-paroisse/equipe-pastorale/","url":"https://www.diocese-limoges.fr/haute-vienne/paroisses/paroisse-saint-leonard-en-limousin/la-paroisse/equipe-pastorale/","name":"L'Equipe Animation Pastorale (EAP) - Doyennés de Haute Vienne","isPartOf":{"@id":"https://www.diocese-limoges.fr/haute-vienne/#website"},"primaryImageOfPage":{"@id":"https://www.diocese-limoges.fr/haute-vienne/paroisses/paroisse-saint-leonard-en-limousin/la-paroisse/equipe-pastorale/#primaryimage"},"image":{"@id":"https://www.diocese-limoges.fr/haute-vienne/paroisses/paroisse-saint-leonard-en-limousin/la-paroisse/equipe-pastorale/#primaryimage"},"thumbnailUrl":"https://www.diocese-limoges.fr/haute-vienne/wp-content/uploads/sites/4/2025/10/bandeau-eap.png","datePublished":"2025-10-31T14:15:22+00:00","dateModified":"2026-03-20T10:25:37+00:00","breadcrumb":{"@id":"https://www.diocese-limoges.fr/haute-vienne/paroisses/paroisse-saint-leonard-en-limousin/la-paroisse/equipe-pastorale/#breadcrumb"},"inLanguage":"fr-FR","potentialAction":[{"@type":"ReadAction","target":["https://www.diocese-limoges.fr/haute-vienne/paroisses/paroisse-saint-leonard-en-limousin/la-paroisse/equipe-pastorale/"]}]},{"@type":"ImageObject","inLanguage":"fr-FR","@id":"https://www.diocese-limoges.fr/haute-vienne/paroisses/paroisse-saint-leonard-en-limousin/la-paroisse/equipe-pastorale/#primaryimage","url":"https://www.diocese-limoges.fr/haute-vienne/wp-content/uploads/sites/4/2025/10/bandeau-eap.png","contentUrl":"https://www.diocese-limoges.fr/haute-vienne/wp-content/uploads/sites/4/2025/10/bandeau-eap.png","width":857,"height":245},{"@type":"BreadcrumbList","@id":"https://www.diocese-limoges.fr/haute-vienne/paroisses/paroisse-saint-leonard-en-limousin/la-paroisse/equipe-pastorale/#breadcrumb","itemListElement":[{"@type":"ListItem","position":1,"name":"Accueil","item":"https://www.diocese-limoges.fr/haute-vienne/"},{"@type":"ListItem","position":2,"name":"Paroisse Saint Léonard en Limousin","item":"https://www.diocese-limoges.fr/haute-vienne/paroisses/paroisse-saint-leonard-en-limousin/"},{"@type":"ListItem","position":3,"name":"Notre Paroisse","item":"https://www.diocese-limoges.fr/haute-vienne/paroisses/paroisse-saint-leonard-en-limousin/la-paroisse/"},{"@type":"ListItem","position":4,"name":"L&rsquo;Equipe Animation Pastorale (EAP)"}]},{"@type":"WebSite","@id":"https://www.diocese-limoges.fr/haute-vienne/#website","url":"https://www.diocese-limoges.fr/haute-vienne/","name":"Doyennés de Haute Vienne","description":"Diocèse de Limoges","potentialAction":[{"@type":"SearchAction","target":{"@type":"EntryPoint","urlTemplate":"https://www.diocese-limoges.fr/haute-vienne/?s={search_term_string}"},"query-input":{"@type":"PropertyValueSpecification","valueRequired":true,"valueName":"search_term_string"}}],"inLanguage":"fr-FR"}]}</script>
<!-- / Yoast SEO plugin. -->

L'Equipe Animation Pastorale (EAP) - Doyennés de Haute Vienne

Les membres de l’EAP collaborent avec le curé pour l’aider à exercer sa charge pastorale de curé et à prendre soin de la paroisse. Cette équipe, qui puise son souffle dans la prière et la vie fraternelle, reçoit la mission d’animer dans toute la paroisse ses trois composantes de l’annonce, de la prière et de [&hellip;]

Doyennés de Haute Vienne

Paroisse Saint Léonard en Limousin

Diocèse de Limoges
