{"id":518,"date":"2020-11-19T13:41:29","date_gmt":"2020-11-19T12:41:29","guid":{"rendered":"https:\/\/www.diocese-limoges.fr\/haute-vienne\/?post_type=paroisse&#038;p=518"},"modified":"2022-03-01T19:40:47","modified_gmt":"2022-03-01T18:40:47","slug":"le-coin-du-kt","status":"publish","type":"paroisse","link":"https:\/\/www.diocese-limoges.fr\/haute-vienne\/paroisses\/paroisse-saint-aurelien\/le-coin-du-kt\/","title":{"rendered":"Le coin du KT"},"content":{"rendered":"\n<p class=\"has-white-color has-luminous-vivid-orange-background-color has-text-color has-background\" style=\"font-size:18px\"><strong>Les prochaines rencontres de KT<\/strong><\/p>\n\n\n\n<p class=\"has-luminous-vivid-orange-color has-text-color\"><strong>Pour toutes les \u00e9quipes<\/strong><\/p>\n\n\n\n<ul class=\"wp-block-list\"><li>mercredi 2 mars &#8211; Mercredi des Cendres &#8211; 14 h &#8211; maison paroissiale &#8211; Nexon<\/li><li>mercredi 2 mars &#8211; 15 h &#8211; Messe des Cendres &#8211; \u00e9glise Saint Jean Baptiste &#8211; Nexon<\/li><\/ul>\n\n\n\n<p class=\"has-luminous-vivid-orange-color has-text-color\"><strong>KT 1 &#8211; Nexon<\/strong><\/p>\n\n\n\n<ul class=\"has-black-color has-text-color wp-block-list\"><li>mardi 8 mars &#8211; 16 h 30<\/li><\/ul>\n\n\n\n<p class=\"has-luminous-vivid-orange-color has-text-color\"><strong>KT 2 &amp; 3 &#8211; Nexon<\/strong><\/p>\n\n\n\n<ul class=\"wp-block-list\"><li>mercredi 9 mars- 14 h<\/li><\/ul>\n\n\n\n<p class=\"has-luminous-vivid-orange-color has-text-color\"><strong>KT 2 &amp; 3 &#8211; Saint Yrieix la Perche<\/strong><\/p>\n\n\n\n<ul class=\"wp-block-list\"><li>mercredi 9 mars &#8211; 14 h<\/li><\/ul>\n\n\n\n<p class=\"has-text-align-center has-vivid-red-color has-luminous-vivid-amber-background-color has-text-color has-background\"><\/p>\n\n\n\n<div data-wp-interactive=\"core\/file\" class=\"wp-block-file\"><object data-wp-bind--hidden=\"!state.hasPdfPreview\" hidden class=\"wp-block-file__embed\" data=\"https:\/\/www.diocese-limoges.fr\/haute-vienne\/wp-content\/uploads\/sites\/4\/2022\/03\/calendrier.pdf\" type=\"application\/pdf\" style=\"width:100%;height:600px\" aria-label=\"Contenu embarqu\u00e9 Contenu embarqu\u00e9 T\u00e9l\u00e9charger le document..\"><\/object><a id=\"wp-block-file--media-9c819092-e10b-4db4-9b80-cf72ebc38ddb\" href=\"https:\/\/www.diocese-limoges.fr\/haute-vienne\/wp-content\/uploads\/sites\/4\/2022\/03\/calendrier.pdf\">T\u00e9l\u00e9charger le document<\/a><\/div>\n\n\n\n<p><\/p>\n","protected":false},"author":26,"featured_media":280,"parent":21,"menu_order":77,"template":"","meta":{"_acf_changed":false},"class_list":["post-518","paroisse","type-paroisse","status-publish","has-post-thumbnail","hentry"],"acf":[],"yoast_head":"<!-- This site is optimized with the Yoast SEO plugin v26.4 - https:\/\/yoast.com\/wordpress\/plugins\/seo\/ -->\n<title>Le coin du KT - Doyenn\u00e9s de Haute Vienne<\/title>\n<meta name=\"robots\" content=\"index, follow, max-snippet:-1, max-image-preview:large, max-video-preview:-1\" \/>\n<link rel=\"canonical\" href=\"https:\/\/www.diocese-limoges.fr\/haute-vienne\/paroisses\/paroisse-saint-aurelien\/le-coin-du-kt\/\" \/>\n<meta property=\"og:locale\" content=\"fr_FR\" \/>\n<meta property=\"og:type\" content=\"article\" \/>\n<meta property=\"og:title\" content=\"Le coin du KT - Doyenn\u00e9s de Haute Vienne\" \/>\n<meta property=\"og:description\" content=\"Les prochaines rencontres de KT Pour toutes les \u00e9quipes mercredi 2 mars &#8211; Mercredi des Cendres &#8211; 14 h &#8211; maison paroissiale &#8211; Nexon mercredi 2 mars &#8211; 15 h &#8211; Messe des Cendres &#8211; \u00e9glise Saint Jean Baptiste &#8211; Nexon KT 1 &#8211; Nexon mardi 8 mars &#8211; 16 h 30 KT 2 &amp; [&hellip;]\" \/>\n<meta property=\"og:url\" content=\"https:\/\/www.diocese-limoges.fr\/haute-vienne\/paroisses\/paroisse-saint-aurelien\/le-coin-du-kt\/\" \/>\n<meta property=\"og:site_name\" content=\"Doyenn\u00e9s de Haute Vienne\" \/>\n<meta property=\"article:modified_time\" content=\"2022-03-01T18:40:47+00:00\" \/>\n<meta property=\"og:image\" content=\"https:\/\/www.diocese-limoges.fr\/haute-vienne\/wp-content\/uploads\/sites\/4\/2020\/08\/logo-kt-limoges.jpg\" \/>\n\t<meta property=\"og:image:width\" content=\"157\" \/>\n\t<meta property=\"og:image:height\" content=\"113\" \/>\n\t<meta property=\"og:image:type\" content=\"image\/jpeg\" \/>\n<meta name=\"twitter:card\" content=\"summary_large_image\" \/>\n<meta name=\"twitter:label1\" content=\"Dur\u00e9e de lecture estim\u00e9e\" \/>\n\t<meta name=\"twitter:data1\" content=\"1 minute\" \/>\n<script type=\"application\/ld+json\" class=\"yoast-schema-graph\">{\"@context\":\"https:\/\/schema.org\",\"@graph\":[{\"@type\":\"WebPage\",\"@id\":\"https:\/\/www.diocese-limoges.fr\/haute-vienne\/paroisses\/paroisse-saint-aurelien\/le-coin-du-kt\/\",\"url\":\"https:\/\/www.diocese-limoges.fr\/haute-vienne\/paroisses\/paroisse-saint-aurelien\/le-coin-du-kt\/\",\"name\":\"Le coin du KT - Doyenn\u00e9s de Haute Vienne\",\"isPartOf\":{\"@id\":\"https:\/\/www.diocese-limoges.fr\/haute-vienne\/#website\"},\"primaryImageOfPage\":{\"@id\":\"https:\/\/www.diocese-limoges.fr\/haute-vienne\/paroisses\/paroisse-saint-aurelien\/le-coin-du-kt\/#primaryimage\"},\"image\":{\"@id\":\"https:\/\/www.diocese-limoges.fr\/haute-vienne\/paroisses\/paroisse-saint-aurelien\/le-coin-du-kt\/#primaryimage\"},\"thumbnailUrl\":\"https:\/\/www.diocese-limoges.fr\/haute-vienne\/wp-content\/uploads\/sites\/4\/2020\/08\/logo-kt-limoges.jpg\",\"datePublished\":\"2020-11-19T12:41:29+00:00\",\"dateModified\":\"2022-03-01T18:40:47+00:00\",\"breadcrumb\":{\"@id\":\"https:\/\/www.diocese-limoges.fr\/haute-vienne\/paroisses\/paroisse-saint-aurelien\/le-coin-du-kt\/#breadcrumb\"},\"inLanguage\":\"fr-FR\",\"potentialAction\":[{\"@type\":\"ReadAction\",\"target\":[\"https:\/\/www.diocese-limoges.fr\/haute-vienne\/paroisses\/paroisse-saint-aurelien\/le-coin-du-kt\/\"]}]},{\"@type\":\"ImageObject\",\"inLanguage\":\"fr-FR\",\"@id\":\"https:\/\/www.diocese-limoges.fr\/haute-vienne\/paroisses\/paroisse-saint-aurelien\/le-coin-du-kt\/#primaryimage\",\"url\":\"https:\/\/www.diocese-limoges.fr\/haute-vienne\/wp-content\/uploads\/sites\/4\/2020\/08\/logo-kt-limoges.jpg\",\"contentUrl\":\"https:\/\/www.diocese-limoges.fr\/haute-vienne\/wp-content\/uploads\/sites\/4\/2020\/08\/logo-kt-limoges.jpg\",\"width\":157,\"height\":113},{\"@type\":\"BreadcrumbList\",\"@id\":\"https:\/\/www.diocese-limoges.fr\/haute-vienne\/paroisses\/paroisse-saint-aurelien\/le-coin-du-kt\/#breadcrumb\",\"itemListElement\":[{\"@type\":\"ListItem\",\"position\":1,\"name\":\"Accueil\",\"item\":\"https:\/\/www.diocese-limoges.fr\/haute-vienne\/\"},{\"@type\":\"ListItem\",\"position\":2,\"name\":\"Paroisse Saint Aur\u00e9lien\",\"item\":\"https:\/\/www.diocese-limoges.fr\/haute-vienne\/paroisses\/paroisse-saint-aurelien\/\"},{\"@type\":\"ListItem\",\"position\":3,\"name\":\"Le coin du KT\"}]},{\"@type\":\"WebSite\",\"@id\":\"https:\/\/www.diocese-limoges.fr\/haute-vienne\/#website\",\"url\":\"https:\/\/www.diocese-limoges.fr\/haute-vienne\/\",\"name\":\"Doyenn\u00e9s de Haute Vienne\",\"description\":\"Dioc\u00e8se de Limoges\",\"potentialAction\":[{\"@type\":\"SearchAction\",\"target\":{\"@type\":\"EntryPoint\",\"urlTemplate\":\"https:\/\/www.diocese-limoges.fr\/haute-vienne\/?s={search_term_string}\"},\"query-input\":{\"@type\":\"PropertyValueSpecification\",\"valueRequired\":true,\"valueName\":\"search_term_string\"}}],\"inLanguage\":\"fr-FR\"}]}<\/script>\n<!-- \/ Yoast SEO plugin. -->","yoast_head_json":{"title":"Le coin du KT - Doyenn\u00e9s de Haute Vienne","robots":{"index":"index","follow":"follow","max-snippet":"max-snippet:-1","max-image-preview":"max-image-preview:large","max-video-preview":"max-video-preview:-1"},"canonical":"https:\/\/www.diocese-limoges.fr\/haute-vienne\/paroisses\/paroisse-saint-aurelien\/le-coin-du-kt\/","og_locale":"fr_FR","og_type":"article","og_title":"Le coin du KT - Doyenn\u00e9s de Haute Vienne","og_description":"Les prochaines rencontres de KT Pour toutes les \u00e9quipes mercredi 2 mars &#8211; Mercredi des Cendres &#8211; 14 h &#8211; maison paroissiale &#8211; Nexon mercredi 2 mars &#8211; 15 h &#8211; Messe des Cendres &#8211; \u00e9glise Saint Jean Baptiste &#8211; Nexon KT 1 &#8211; Nexon mardi 8 mars &#8211; 16 h 30 KT 2 &amp; [&hellip;]","og_url":"https:\/\/www.diocese-limoges.fr\/haute-vienne\/paroisses\/paroisse-saint-aurelien\/le-coin-du-kt\/","og_site_name":"Doyenn\u00e9s de Haute Vienne","article_modified_time":"2022-03-01T18:40:47+00:00","og_image":[{"width":157,"height":113,"url":"https:\/\/www.diocese-limoges.fr\/haute-vienne\/wp-content\/uploads\/sites\/4\/2020\/08\/logo-kt-limoges.jpg","type":"image\/jpeg"}],"twitter_card":"summary_large_image","twitter_misc":{"Dur\u00e9e de lecture estim\u00e9e":"1 minute"},"schema":{"@context":"https:\/\/schema.org","@graph":[{"@type":"WebPage","@id":"https:\/\/www.diocese-limoges.fr\/haute-vienne\/paroisses\/paroisse-saint-aurelien\/le-coin-du-kt\/","url":"https:\/\/www.diocese-limoges.fr\/haute-vienne\/paroisses\/paroisse-saint-aurelien\/le-coin-du-kt\/","name":"Le coin du KT - Doyenn\u00e9s de Haute Vienne","isPartOf":{"@id":"https:\/\/www.diocese-limoges.fr\/haute-vienne\/#website"},"primaryImageOfPage":{"@id":"https:\/\/www.diocese-limoges.fr\/haute-vienne\/paroisses\/paroisse-saint-aurelien\/le-coin-du-kt\/#primaryimage"},"image":{"@id":"https:\/\/www.diocese-limoges.fr\/haute-vienne\/paroisses\/paroisse-saint-aurelien\/le-coin-du-kt\/#primaryimage"},"thumbnailUrl":"https:\/\/www.diocese-limoges.fr\/haute-vienne\/wp-content\/uploads\/sites\/4\/2020\/08\/logo-kt-limoges.jpg","datePublished":"2020-11-19T12:41:29+00:00","dateModified":"2022-03-01T18:40:47+00:00","breadcrumb":{"@id":"https:\/\/www.diocese-limoges.fr\/haute-vienne\/paroisses\/paroisse-saint-aurelien\/le-coin-du-kt\/#breadcrumb"},"inLanguage":"fr-FR","potentialAction":[{"@type":"ReadAction","target":["https:\/\/www.diocese-limoges.fr\/haute-vienne\/paroisses\/paroisse-saint-aurelien\/le-coin-du-kt\/"]}]},{"@type":"ImageObject","inLanguage":"fr-FR","@id":"https:\/\/www.diocese-limoges.fr\/haute-vienne\/paroisses\/paroisse-saint-aurelien\/le-coin-du-kt\/#primaryimage","url":"https:\/\/www.diocese-limoges.fr\/haute-vienne\/wp-content\/uploads\/sites\/4\/2020\/08\/logo-kt-limoges.jpg","contentUrl":"https:\/\/www.diocese-limoges.fr\/haute-vienne\/wp-content\/uploads\/sites\/4\/2020\/08\/logo-kt-limoges.jpg","width":157,"height":113},{"@type":"BreadcrumbList","@id":"https:\/\/www.diocese-limoges.fr\/haute-vienne\/paroisses\/paroisse-saint-aurelien\/le-coin-du-kt\/#breadcrumb","itemListElement":[{"@type":"ListItem","position":1,"name":"Accueil","item":"https:\/\/www.diocese-limoges.fr\/haute-vienne\/"},{"@type":"ListItem","position":2,"name":"Paroisse Saint Aur\u00e9lien","item":"https:\/\/www.diocese-limoges.fr\/haute-vienne\/paroisses\/paroisse-saint-aurelien\/"},{"@type":"ListItem","position":3,"name":"Le coin du KT"}]},{"@type":"WebSite","@id":"https:\/\/www.diocese-limoges.fr\/haute-vienne\/#website","url":"https:\/\/www.diocese-limoges.fr\/haute-vienne\/","name":"Doyenn\u00e9s de Haute Vienne","description":"Dioc\u00e8se de Limoges","potentialAction":[{"@type":"SearchAction","target":{"@type":"EntryPoint","urlTemplate":"https:\/\/www.diocese-limoges.fr\/haute-vienne\/?s={search_term_string}"},"query-input":{"@type":"PropertyValueSpecification","valueRequired":true,"valueName":"search_term_string"}}],"inLanguage":"fr-FR"}]}},"_links":{"self":[{"href":"https:\/\/www.diocese-limoges.fr\/haute-vienne\/wp-json\/wp\/v2\/paroisse\/518","targetHints":{"allow":["GET"]}}],"collection":[{"href":"https:\/\/www.diocese-limoges.fr\/haute-vienne\/wp-json\/wp\/v2\/paroisse"}],"about":[{"href":"https:\/\/www.diocese-limoges.fr\/haute-vienne\/wp-json\/wp\/v2\/types\/paroisse"}],"author":[{"embeddable":true,"href":"https:\/\/www.diocese-limoges.fr\/haute-vienne\/wp-json\/wp\/v2\/users\/26"}],"up":[{"embeddable":true,"href":"https:\/\/www.diocese-limoges.fr\/haute-vienne\/wp-json\/wp\/v2\/paroisse\/21"}],"wp:featuredmedia":[{"embeddable":true,"href":"https:\/\/www.diocese-limoges.fr\/haute-vienne\/wp-json\/wp\/v2\/media\/280"}],"wp:attachment":[{"href":"https:\/\/www.diocese-limoges.fr\/haute-vienne\/wp-json\/wp\/v2\/media?parent=518"}],"curies":[{"name":"wp","href":"https:\/\/api.w.org\/{rel}","templated":true}]}}

<p class="has-white-color has-luminous-vivid-orange-background-color has-text-color has-background" style="font-size:18px"><strong>Les prochaines rencontres de KT</strong></p>



<p class="has-luminous-vivid-orange-color has-text-color"><strong>Pour toutes les équipes</strong></p>



<ul class="wp-block-list"><li>mercredi 2 mars &#8211; Mercredi des Cendres &#8211; 14 h &#8211; maison paroissiale &#8211; Nexon</li><li>mercredi 2 mars &#8211; 15 h &#8211; Messe des Cendres &#8211; église Saint Jean Baptiste &#8211; Nexon</li></ul>



<p class="has-luminous-vivid-orange-color has-text-color"><strong>KT 1 &#8211; Nexon</strong></p>



<ul class="has-black-color has-text-color wp-block-list"><li>mardi 8 mars &#8211; 16 h 30</li></ul>



<p class="has-luminous-vivid-orange-color has-text-color"><strong>KT 2 &amp; 3 &#8211; Nexon</strong></p>



<ul class="wp-block-list"><li>mercredi 9 mars- 14 h</li></ul>



<p class="has-luminous-vivid-orange-color has-text-color"><strong>KT 2 &amp; 3 &#8211; Saint Yrieix la Perche</strong></p>



<ul class="wp-block-list"><li>mercredi 9 mars &#8211; 14 h</li></ul>



<p class="has-text-align-center has-vivid-red-color has-luminous-vivid-amber-background-color has-text-color has-background"></p>



<div data-wp-interactive="core/file" class="wp-block-file"><object data-wp-bind--hidden="!state.hasPdfPreview" hidden class="wp-block-file__embed" data="https://www.diocese-limoges.fr/haute-vienne/wp-content/uploads/sites/4/2022/03/calendrier.pdf" type="application/pdf" style="width:100%;height:600px" aria-label="Contenu embarqué Contenu embarqué Télécharger le document.."></object><a id="wp-block-file--media-9c819092-e10b-4db4-9b80-cf72ebc38ddb" href="https://www.diocese-limoges.fr/haute-vienne/wp-content/uploads/sites/4/2022/03/calendrier.pdf">Télécharger le document</a></div>



<p></p>

<!-- This site is optimized with the Yoast SEO plugin v26.4 - https://yoast.com/wordpress/plugins/seo/ -->
<title>Le coin du KT - Doyennés de Haute Vienne</title>
<meta name="robots" content="index, follow, max-snippet:-1, max-image-preview:large, max-video-preview:-1" />
<link rel="canonical" href="https://www.diocese-limoges.fr/haute-vienne/paroisses/paroisse-saint-aurelien/le-coin-du-kt/" />
<meta property="og:locale" content="fr_FR" />
<meta property="og:type" content="article" />
<meta property="og:title" content="Le coin du KT - Doyennés de Haute Vienne" />
<meta property="og:description" content="Les prochaines rencontres de KT Pour toutes les équipes mercredi 2 mars &#8211; Mercredi des Cendres &#8211; 14 h &#8211; maison paroissiale &#8211; Nexon mercredi 2 mars &#8211; 15 h &#8211; Messe des Cendres &#8211; église Saint Jean Baptiste &#8211; Nexon KT 1 &#8211; Nexon mardi 8 mars &#8211; 16 h 30 KT 2 &amp; [&hellip;]" />
<meta property="og:url" content="https://www.diocese-limoges.fr/haute-vienne/paroisses/paroisse-saint-aurelien/le-coin-du-kt/" />
<meta property="og:site_name" content="Doyennés de Haute Vienne" />
<meta property="article:modified_time" content="2022-03-01T18:40:47+00:00" />
<meta property="og:image" content="https://www.diocese-limoges.fr/haute-vienne/wp-content/uploads/sites/4/2020/08/logo-kt-limoges.jpg" />
	<meta property="og:image:width" content="157" />
	<meta property="og:image:height" content="113" />
	<meta property="og:image:type" content="image/jpeg" />
<meta name="twitter:card" content="summary_large_image" />
<meta name="twitter:label1" content="Durée de lecture estimée" />
	<meta name="twitter:data1" content="1 minute" />
<script type="application/ld+json" class="yoast-schema-graph">{"@context":"https://schema.org","@graph":[{"@type":"WebPage","@id":"https://www.diocese-limoges.fr/haute-vienne/paroisses/paroisse-saint-aurelien/le-coin-du-kt/","url":"https://www.diocese-limoges.fr/haute-vienne/paroisses/paroisse-saint-aurelien/le-coin-du-kt/","name":"Le coin du KT - Doyennés de Haute Vienne","isPartOf":{"@id":"https://www.diocese-limoges.fr/haute-vienne/#website"},"primaryImageOfPage":{"@id":"https://www.diocese-limoges.fr/haute-vienne/paroisses/paroisse-saint-aurelien/le-coin-du-kt/#primaryimage"},"image":{"@id":"https://www.diocese-limoges.fr/haute-vienne/paroisses/paroisse-saint-aurelien/le-coin-du-kt/#primaryimage"},"thumbnailUrl":"https://www.diocese-limoges.fr/haute-vienne/wp-content/uploads/sites/4/2020/08/logo-kt-limoges.jpg","datePublished":"2020-11-19T12:41:29+00:00","dateModified":"2022-03-01T18:40:47+00:00","breadcrumb":{"@id":"https://www.diocese-limoges.fr/haute-vienne/paroisses/paroisse-saint-aurelien/le-coin-du-kt/#breadcrumb"},"inLanguage":"fr-FR","potentialAction":[{"@type":"ReadAction","target":["https://www.diocese-limoges.fr/haute-vienne/paroisses/paroisse-saint-aurelien/le-coin-du-kt/"]}]},{"@type":"ImageObject","inLanguage":"fr-FR","@id":"https://www.diocese-limoges.fr/haute-vienne/paroisses/paroisse-saint-aurelien/le-coin-du-kt/#primaryimage","url":"https://www.diocese-limoges.fr/haute-vienne/wp-content/uploads/sites/4/2020/08/logo-kt-limoges.jpg","contentUrl":"https://www.diocese-limoges.fr/haute-vienne/wp-content/uploads/sites/4/2020/08/logo-kt-limoges.jpg","width":157,"height":113},{"@type":"BreadcrumbList","@id":"https://www.diocese-limoges.fr/haute-vienne/paroisses/paroisse-saint-aurelien/le-coin-du-kt/#breadcrumb","itemListElement":[{"@type":"ListItem","position":1,"name":"Accueil","item":"https://www.diocese-limoges.fr/haute-vienne/"},{"@type":"ListItem","position":2,"name":"Paroisse Saint Aurélien","item":"https://www.diocese-limoges.fr/haute-vienne/paroisses/paroisse-saint-aurelien/"},{"@type":"ListItem","position":3,"name":"Le coin du KT"}]},{"@type":"WebSite","@id":"https://www.diocese-limoges.fr/haute-vienne/#website","url":"https://www.diocese-limoges.fr/haute-vienne/","name":"Doyennés de Haute Vienne","description":"Diocèse de Limoges","potentialAction":[{"@type":"SearchAction","target":{"@type":"EntryPoint","urlTemplate":"https://www.diocese-limoges.fr/haute-vienne/?s={search_term_string}"},"query-input":{"@type":"PropertyValueSpecification","valueRequired":true,"valueName":"search_term_string"}}],"inLanguage":"fr-FR"}]}</script>
<!-- / Yoast SEO plugin. -->

Le coin du KT - Doyennés de Haute Vienne

Les prochaines rencontres de KT Pour toutes les équipes mercredi 2 mars &#8211; Mercredi des Cendres &#8211; 14 h &#8211; maison paroissiale &#8211; Nexon mercredi 2 mars &#8211; 15 h &#8211; Messe des Cendres &#8211; église Saint Jean Baptiste &#8211; Nexon KT 1 &#8211; Nexon mardi 8 mars &#8211; 16 h 30 KT 2 &amp; [&hellip;]

Doyennés de Haute Vienne

Paroisse Saint Aurélien

Diocèse de Limoges
