{"id":5251,"date":"2025-11-28T11:38:22","date_gmt":"2025-11-28T10:38:22","guid":{"rendered":"https:\/\/www.diocese-limoges.fr\/haute-vienne\/?post_type=paroisse&#038;p=5251"},"modified":"2026-03-20T11:40:08","modified_gmt":"2026-03-20T10:40:08","slug":"mouvement-chretien-des-retraites-mcr","status":"publish","type":"paroisse","link":"https:\/\/www.diocese-limoges.fr\/haute-vienne\/paroisses\/paroisse-saint-leonard-en-limousin\/grandir-dans-la-foi\/mouvement-chretien-des-retraites-mcr\/","title":{"rendered":"Mouvement Chr\u00e9tien des Retrait\u00e9s (MCR)"},"content":{"rendered":"\n<p><strong>Les rencontres du MCR ont lieu une fois par&nbsp;mois \u00e0 14h30 au Centre Paroissial, 8 rue de Strasbourg, 87400 St L\u00e9onard de Noblat.<\/strong><\/p>\n\n\n\n<p><mark style=\"background-color:#9b51e0\" class=\"has-inline-color\"><strong>Contact <\/strong>: Olivier Tandeau de Marsac 06 03 36 98 97 <\/mark><br><br>Les retrait\u00e9s constituent aujourd\u2019hui une part importante de la population (12 millions) et ce chiffre est en constante augmentation.<br><br>Avec une esp\u00e9rance de vie de plus en plus grande, ce sont quatre, voire cinq g\u00e9n\u00e9rations qui sont amen\u00e9es \u00e0 vivre en m\u00eame temps.<br><br>Pour eux, il n\u2019est pas question d\u2019\u00eatre mis en marge de la soci\u00e9t\u00e9.<br><br>Riches de leur exp\u00e9rience :\u00a0<br><br>&#8211; Ils sont un lien entre les g\u00e9n\u00e9rations.<br>&#8211; Ils participent activement \u00e0 la vie sociale, \u00e9conomique, familiale.<br>&#8211; Ils sont actifs dans divers mouvements, associations, etc.<br><br>Le Mouvement Chr\u00e9tien des Retrait\u00e9s veut apporter un \u00e9clairage chr\u00e9tien aux grands sujets du moment.<br><br>Il offre : <br><br>&#8211; \u00e9coute et dialogue,<br>&#8211; r\u00e9flexion, d\u00e9bat et rencontres,<br>&#8211; engagement solidaire,<br>&#8211; un lien avec la soci\u00e9t\u00e9 et l\u2019\u00c9glise.<\/p>\n","protected":false},"author":24,"featured_media":5252,"parent":5235,"menu_order":6,"template":"","meta":{"_acf_changed":false},"class_list":["post-5251","paroisse","type-paroisse","status-publish","has-post-thumbnail","hentry"],"acf":[],"yoast_head":"<!-- This site is optimized with the Yoast SEO plugin v26.4 - https:\/\/yoast.com\/wordpress\/plugins\/seo\/ -->\n<title>Mouvement Chr\u00e9tien des Retrait\u00e9s (MCR) - Doyenn\u00e9s de Haute Vienne<\/title>\n<meta name=\"robots\" content=\"index, follow, max-snippet:-1, max-image-preview:large, max-video-preview:-1\" \/>\n<link rel=\"canonical\" href=\"https:\/\/www.diocese-limoges.fr\/haute-vienne\/paroisses\/paroisse-saint-leonard-en-limousin\/grandir-dans-la-foi\/mouvement-chretien-des-retraites-mcr\/\" \/>\n<meta property=\"og:locale\" content=\"fr_FR\" \/>\n<meta property=\"og:type\" content=\"article\" \/>\n<meta property=\"og:title\" content=\"Mouvement Chr\u00e9tien des Retrait\u00e9s (MCR) - Doyenn\u00e9s de Haute Vienne\" \/>\n<meta property=\"og:description\" content=\"Les rencontres du MCR ont lieu une fois par&nbsp;mois \u00e0 14h30 au Centre Paroissial, 8 rue de Strasbourg, 87400 St L\u00e9onard de Noblat. Contact : Olivier Tandeau de Marsac 06 03 36 98 97 Les retrait\u00e9s constituent aujourd\u2019hui une part importante de la population (12 millions) et ce chiffre est en constante augmentation. Avec une [&hellip;]\" \/>\n<meta property=\"og:url\" content=\"https:\/\/www.diocese-limoges.fr\/haute-vienne\/paroisses\/paroisse-saint-leonard-en-limousin\/grandir-dans-la-foi\/mouvement-chretien-des-retraites-mcr\/\" \/>\n<meta property=\"og:site_name\" content=\"Doyenn\u00e9s de Haute Vienne\" \/>\n<meta property=\"article:modified_time\" content=\"2026-03-20T10:40:08+00:00\" \/>\n<meta property=\"og:image\" content=\"https:\/\/www.diocese-limoges.fr\/haute-vienne\/wp-content\/uploads\/sites\/4\/2025\/11\/logo-mcr.jpg\" \/>\n\t<meta property=\"og:image:width\" content=\"499\" \/>\n\t<meta property=\"og:image:height\" content=\"140\" \/>\n\t<meta property=\"og:image:type\" content=\"image\/jpeg\" \/>\n<meta name=\"twitter:card\" content=\"summary_large_image\" \/>\n<meta name=\"twitter:label1\" content=\"Dur\u00e9e de lecture estim\u00e9e\" \/>\n\t<meta name=\"twitter:data1\" content=\"1 minute\" \/>\n<script type=\"application\/ld+json\" class=\"yoast-schema-graph\">{\"@context\":\"https:\/\/schema.org\",\"@graph\":[{\"@type\":\"WebPage\",\"@id\":\"https:\/\/www.diocese-limoges.fr\/haute-vienne\/paroisses\/paroisse-saint-leonard-en-limousin\/grandir-dans-la-foi\/mouvement-chretien-des-retraites-mcr\/\",\"url\":\"https:\/\/www.diocese-limoges.fr\/haute-vienne\/paroisses\/paroisse-saint-leonard-en-limousin\/grandir-dans-la-foi\/mouvement-chretien-des-retraites-mcr\/\",\"name\":\"Mouvement Chr\u00e9tien des Retrait\u00e9s (MCR) - Doyenn\u00e9s de Haute Vienne\",\"isPartOf\":{\"@id\":\"https:\/\/www.diocese-limoges.fr\/haute-vienne\/#website\"},\"primaryImageOfPage\":{\"@id\":\"https:\/\/www.diocese-limoges.fr\/haute-vienne\/paroisses\/paroisse-saint-leonard-en-limousin\/grandir-dans-la-foi\/mouvement-chretien-des-retraites-mcr\/#primaryimage\"},\"image\":{\"@id\":\"https:\/\/www.diocese-limoges.fr\/haute-vienne\/paroisses\/paroisse-saint-leonard-en-limousin\/grandir-dans-la-foi\/mouvement-chretien-des-retraites-mcr\/#primaryimage\"},\"thumbnailUrl\":\"https:\/\/www.diocese-limoges.fr\/haute-vienne\/wp-content\/uploads\/sites\/4\/2025\/11\/logo-mcr.jpg\",\"datePublished\":\"2025-11-28T10:38:22+00:00\",\"dateModified\":\"2026-03-20T10:40:08+00:00\",\"breadcrumb\":{\"@id\":\"https:\/\/www.diocese-limoges.fr\/haute-vienne\/paroisses\/paroisse-saint-leonard-en-limousin\/grandir-dans-la-foi\/mouvement-chretien-des-retraites-mcr\/#breadcrumb\"},\"inLanguage\":\"fr-FR\",\"potentialAction\":[{\"@type\":\"ReadAction\",\"target\":[\"https:\/\/www.diocese-limoges.fr\/haute-vienne\/paroisses\/paroisse-saint-leonard-en-limousin\/grandir-dans-la-foi\/mouvement-chretien-des-retraites-mcr\/\"]}]},{\"@type\":\"ImageObject\",\"inLanguage\":\"fr-FR\",\"@id\":\"https:\/\/www.diocese-limoges.fr\/haute-vienne\/paroisses\/paroisse-saint-leonard-en-limousin\/grandir-dans-la-foi\/mouvement-chretien-des-retraites-mcr\/#primaryimage\",\"url\":\"https:\/\/www.diocese-limoges.fr\/haute-vienne\/wp-content\/uploads\/sites\/4\/2025\/11\/logo-mcr.jpg\",\"contentUrl\":\"https:\/\/www.diocese-limoges.fr\/haute-vienne\/wp-content\/uploads\/sites\/4\/2025\/11\/logo-mcr.jpg\",\"width\":499,\"height\":140},{\"@type\":\"BreadcrumbList\",\"@id\":\"https:\/\/www.diocese-limoges.fr\/haute-vienne\/paroisses\/paroisse-saint-leonard-en-limousin\/grandir-dans-la-foi\/mouvement-chretien-des-retraites-mcr\/#breadcrumb\",\"itemListElement\":[{\"@type\":\"ListItem\",\"position\":1,\"name\":\"Accueil\",\"item\":\"https:\/\/www.diocese-limoges.fr\/haute-vienne\/\"},{\"@type\":\"ListItem\",\"position\":2,\"name\":\"Paroisse Saint L\u00e9onard en Limousin\",\"item\":\"https:\/\/www.diocese-limoges.fr\/haute-vienne\/paroisses\/paroisse-saint-leonard-en-limousin\/\"},{\"@type\":\"ListItem\",\"position\":3,\"name\":\"Grandir dans la foi\",\"item\":\"https:\/\/www.diocese-limoges.fr\/haute-vienne\/paroisses\/paroisse-saint-leonard-en-limousin\/grandir-dans-la-foi\/\"},{\"@type\":\"ListItem\",\"position\":4,\"name\":\"Mouvement Chr\u00e9tien des Retrait\u00e9s (MCR)\"}]},{\"@type\":\"WebSite\",\"@id\":\"https:\/\/www.diocese-limoges.fr\/haute-vienne\/#website\",\"url\":\"https:\/\/www.diocese-limoges.fr\/haute-vienne\/\",\"name\":\"Doyenn\u00e9s de Haute Vienne\",\"description\":\"Dioc\u00e8se de Limoges\",\"potentialAction\":[{\"@type\":\"SearchAction\",\"target\":{\"@type\":\"EntryPoint\",\"urlTemplate\":\"https:\/\/www.diocese-limoges.fr\/haute-vienne\/?s={search_term_string}\"},\"query-input\":{\"@type\":\"PropertyValueSpecification\",\"valueRequired\":true,\"valueName\":\"search_term_string\"}}],\"inLanguage\":\"fr-FR\"}]}<\/script>\n<!-- \/ Yoast SEO plugin. -->","yoast_head_json":{"title":"Mouvement Chr\u00e9tien des Retrait\u00e9s (MCR) - Doyenn\u00e9s de Haute Vienne","robots":{"index":"index","follow":"follow","max-snippet":"max-snippet:-1","max-image-preview":"max-image-preview:large","max-video-preview":"max-video-preview:-1"},"canonical":"https:\/\/www.diocese-limoges.fr\/haute-vienne\/paroisses\/paroisse-saint-leonard-en-limousin\/grandir-dans-la-foi\/mouvement-chretien-des-retraites-mcr\/","og_locale":"fr_FR","og_type":"article","og_title":"Mouvement Chr\u00e9tien des Retrait\u00e9s (MCR) - Doyenn\u00e9s de Haute Vienne","og_description":"Les rencontres du MCR ont lieu une fois par&nbsp;mois \u00e0 14h30 au Centre Paroissial, 8 rue de Strasbourg, 87400 St L\u00e9onard de Noblat. Contact : Olivier Tandeau de Marsac 06 03 36 98 97 Les retrait\u00e9s constituent aujourd\u2019hui une part importante de la population (12 millions) et ce chiffre est en constante augmentation. Avec une [&hellip;]","og_url":"https:\/\/www.diocese-limoges.fr\/haute-vienne\/paroisses\/paroisse-saint-leonard-en-limousin\/grandir-dans-la-foi\/mouvement-chretien-des-retraites-mcr\/","og_site_name":"Doyenn\u00e9s de Haute Vienne","article_modified_time":"2026-03-20T10:40:08+00:00","og_image":[{"width":499,"height":140,"url":"https:\/\/www.diocese-limoges.fr\/haute-vienne\/wp-content\/uploads\/sites\/4\/2025\/11\/logo-mcr.jpg","type":"image\/jpeg"}],"twitter_card":"summary_large_image","twitter_misc":{"Dur\u00e9e de lecture estim\u00e9e":"1 minute"},"schema":{"@context":"https:\/\/schema.org","@graph":[{"@type":"WebPage","@id":"https:\/\/www.diocese-limoges.fr\/haute-vienne\/paroisses\/paroisse-saint-leonard-en-limousin\/grandir-dans-la-foi\/mouvement-chretien-des-retraites-mcr\/","url":"https:\/\/www.diocese-limoges.fr\/haute-vienne\/paroisses\/paroisse-saint-leonard-en-limousin\/grandir-dans-la-foi\/mouvement-chretien-des-retraites-mcr\/","name":"Mouvement Chr\u00e9tien des Retrait\u00e9s (MCR) - Doyenn\u00e9s de Haute Vienne","isPartOf":{"@id":"https:\/\/www.diocese-limoges.fr\/haute-vienne\/#website"},"primaryImageOfPage":{"@id":"https:\/\/www.diocese-limoges.fr\/haute-vienne\/paroisses\/paroisse-saint-leonard-en-limousin\/grandir-dans-la-foi\/mouvement-chretien-des-retraites-mcr\/#primaryimage"},"image":{"@id":"https:\/\/www.diocese-limoges.fr\/haute-vienne\/paroisses\/paroisse-saint-leonard-en-limousin\/grandir-dans-la-foi\/mouvement-chretien-des-retraites-mcr\/#primaryimage"},"thumbnailUrl":"https:\/\/www.diocese-limoges.fr\/haute-vienne\/wp-content\/uploads\/sites\/4\/2025\/11\/logo-mcr.jpg","datePublished":"2025-11-28T10:38:22+00:00","dateModified":"2026-03-20T10:40:08+00:00","breadcrumb":{"@id":"https:\/\/www.diocese-limoges.fr\/haute-vienne\/paroisses\/paroisse-saint-leonard-en-limousin\/grandir-dans-la-foi\/mouvement-chretien-des-retraites-mcr\/#breadcrumb"},"inLanguage":"fr-FR","potentialAction":[{"@type":"ReadAction","target":["https:\/\/www.diocese-limoges.fr\/haute-vienne\/paroisses\/paroisse-saint-leonard-en-limousin\/grandir-dans-la-foi\/mouvement-chretien-des-retraites-mcr\/"]}]},{"@type":"ImageObject","inLanguage":"fr-FR","@id":"https:\/\/www.diocese-limoges.fr\/haute-vienne\/paroisses\/paroisse-saint-leonard-en-limousin\/grandir-dans-la-foi\/mouvement-chretien-des-retraites-mcr\/#primaryimage","url":"https:\/\/www.diocese-limoges.fr\/haute-vienne\/wp-content\/uploads\/sites\/4\/2025\/11\/logo-mcr.jpg","contentUrl":"https:\/\/www.diocese-limoges.fr\/haute-vienne\/wp-content\/uploads\/sites\/4\/2025\/11\/logo-mcr.jpg","width":499,"height":140},{"@type":"BreadcrumbList","@id":"https:\/\/www.diocese-limoges.fr\/haute-vienne\/paroisses\/paroisse-saint-leonard-en-limousin\/grandir-dans-la-foi\/mouvement-chretien-des-retraites-mcr\/#breadcrumb","itemListElement":[{"@type":"ListItem","position":1,"name":"Accueil","item":"https:\/\/www.diocese-limoges.fr\/haute-vienne\/"},{"@type":"ListItem","position":2,"name":"Paroisse Saint L\u00e9onard en Limousin","item":"https:\/\/www.diocese-limoges.fr\/haute-vienne\/paroisses\/paroisse-saint-leonard-en-limousin\/"},{"@type":"ListItem","position":3,"name":"Grandir dans la foi","item":"https:\/\/www.diocese-limoges.fr\/haute-vienne\/paroisses\/paroisse-saint-leonard-en-limousin\/grandir-dans-la-foi\/"},{"@type":"ListItem","position":4,"name":"Mouvement Chr\u00e9tien des Retrait\u00e9s (MCR)"}]},{"@type":"WebSite","@id":"https:\/\/www.diocese-limoges.fr\/haute-vienne\/#website","url":"https:\/\/www.diocese-limoges.fr\/haute-vienne\/","name":"Doyenn\u00e9s de Haute Vienne","description":"Dioc\u00e8se de Limoges","potentialAction":[{"@type":"SearchAction","target":{"@type":"EntryPoint","urlTemplate":"https:\/\/www.diocese-limoges.fr\/haute-vienne\/?s={search_term_string}"},"query-input":{"@type":"PropertyValueSpecification","valueRequired":true,"valueName":"search_term_string"}}],"inLanguage":"fr-FR"}]}},"_links":{"self":[{"href":"https:\/\/www.diocese-limoges.fr\/haute-vienne\/wp-json\/wp\/v2\/paroisse\/5251","targetHints":{"allow":["GET"]}}],"collection":[{"href":"https:\/\/www.diocese-limoges.fr\/haute-vienne\/wp-json\/wp\/v2\/paroisse"}],"about":[{"href":"https:\/\/www.diocese-limoges.fr\/haute-vienne\/wp-json\/wp\/v2\/types\/paroisse"}],"author":[{"embeddable":true,"href":"https:\/\/www.diocese-limoges.fr\/haute-vienne\/wp-json\/wp\/v2\/users\/24"}],"up":[{"embeddable":true,"href":"https:\/\/www.diocese-limoges.fr\/haute-vienne\/wp-json\/wp\/v2\/paroisse\/5235"}],"wp:featuredmedia":[{"embeddable":true,"href":"https:\/\/www.diocese-limoges.fr\/haute-vienne\/wp-json\/wp\/v2\/media\/5252"}],"wp:attachment":[{"href":"https:\/\/www.diocese-limoges.fr\/haute-vienne\/wp-json\/wp\/v2\/media?parent=5251"}],"curies":[{"name":"wp","href":"https:\/\/api.w.org\/{rel}","templated":true}]}}

Mouvement Chrétien des Retraités (MCR)

<p><strong>Les rencontres du MCR ont lieu une fois par&nbsp;mois à 14h30 au Centre Paroissial, 8 rue de Strasbourg, 87400 St Léonard de Noblat.</strong></p>



<p><mark style="background-color:#9b51e0" class="has-inline-color"><strong>Contact </strong>: Olivier Tandeau de Marsac 06 03 36 98 97 </mark><br><br>Les retraités constituent aujourd’hui une part importante de la population (12 millions) et ce chiffre est en constante augmentation.<br><br>Avec une espérance de vie de plus en plus grande, ce sont quatre, voire cinq générations qui sont amenées à vivre en même temps.<br><br>Pour eux, il n’est pas question d’être mis en marge de la société.<br><br>Riches de leur expérience : <br><br>&#8211; Ils sont un lien entre les générations.<br>&#8211; Ils participent activement à la vie sociale, économique, familiale.<br>&#8211; Ils sont actifs dans divers mouvements, associations, etc.<br><br>Le Mouvement Chrétien des Retraités veut apporter un éclairage chrétien aux grands sujets du moment.<br><br>Il offre : <br><br>&#8211; écoute et dialogue,<br>&#8211; réflexion, débat et rencontres,<br>&#8211; engagement solidaire,<br>&#8211; un lien avec la société et l’Église.</p>

<!-- This site is optimized with the Yoast SEO plugin v26.4 - https://yoast.com/wordpress/plugins/seo/ -->
<title>Mouvement Chrétien des Retraités (MCR) - Doyennés de Haute Vienne</title>
<meta name="robots" content="index, follow, max-snippet:-1, max-image-preview:large, max-video-preview:-1" />
<link rel="canonical" href="https://www.diocese-limoges.fr/haute-vienne/paroisses/paroisse-saint-leonard-en-limousin/grandir-dans-la-foi/mouvement-chretien-des-retraites-mcr/" />
<meta property="og:locale" content="fr_FR" />
<meta property="og:type" content="article" />
<meta property="og:title" content="Mouvement Chrétien des Retraités (MCR) - Doyennés de Haute Vienne" />
<meta property="og:description" content="Les rencontres du MCR ont lieu une fois par&nbsp;mois à 14h30 au Centre Paroissial, 8 rue de Strasbourg, 87400 St Léonard de Noblat. Contact : Olivier Tandeau de Marsac 06 03 36 98 97 Les retraités constituent aujourd’hui une part importante de la population (12 millions) et ce chiffre est en constante augmentation. Avec une [&hellip;]" />
<meta property="og:url" content="https://www.diocese-limoges.fr/haute-vienne/paroisses/paroisse-saint-leonard-en-limousin/grandir-dans-la-foi/mouvement-chretien-des-retraites-mcr/" />
<meta property="og:site_name" content="Doyennés de Haute Vienne" />
<meta property="article:modified_time" content="2026-03-20T10:40:08+00:00" />
<meta property="og:image" content="https://www.diocese-limoges.fr/haute-vienne/wp-content/uploads/sites/4/2025/11/logo-mcr.jpg" />
	<meta property="og:image:width" content="499" />
	<meta property="og:image:height" content="140" />
	<meta property="og:image:type" content="image/jpeg" />
<meta name="twitter:card" content="summary_large_image" />
<meta name="twitter:label1" content="Durée de lecture estimée" />
	<meta name="twitter:data1" content="1 minute" />
<script type="application/ld+json" class="yoast-schema-graph">{"@context":"https://schema.org","@graph":[{"@type":"WebPage","@id":"https://www.diocese-limoges.fr/haute-vienne/paroisses/paroisse-saint-leonard-en-limousin/grandir-dans-la-foi/mouvement-chretien-des-retraites-mcr/","url":"https://www.diocese-limoges.fr/haute-vienne/paroisses/paroisse-saint-leonard-en-limousin/grandir-dans-la-foi/mouvement-chretien-des-retraites-mcr/","name":"Mouvement Chrétien des Retraités (MCR) - Doyennés de Haute Vienne","isPartOf":{"@id":"https://www.diocese-limoges.fr/haute-vienne/#website"},"primaryImageOfPage":{"@id":"https://www.diocese-limoges.fr/haute-vienne/paroisses/paroisse-saint-leonard-en-limousin/grandir-dans-la-foi/mouvement-chretien-des-retraites-mcr/#primaryimage"},"image":{"@id":"https://www.diocese-limoges.fr/haute-vienne/paroisses/paroisse-saint-leonard-en-limousin/grandir-dans-la-foi/mouvement-chretien-des-retraites-mcr/#primaryimage"},"thumbnailUrl":"https://www.diocese-limoges.fr/haute-vienne/wp-content/uploads/sites/4/2025/11/logo-mcr.jpg","datePublished":"2025-11-28T10:38:22+00:00","dateModified":"2026-03-20T10:40:08+00:00","breadcrumb":{"@id":"https://www.diocese-limoges.fr/haute-vienne/paroisses/paroisse-saint-leonard-en-limousin/grandir-dans-la-foi/mouvement-chretien-des-retraites-mcr/#breadcrumb"},"inLanguage":"fr-FR","potentialAction":[{"@type":"ReadAction","target":["https://www.diocese-limoges.fr/haute-vienne/paroisses/paroisse-saint-leonard-en-limousin/grandir-dans-la-foi/mouvement-chretien-des-retraites-mcr/"]}]},{"@type":"ImageObject","inLanguage":"fr-FR","@id":"https://www.diocese-limoges.fr/haute-vienne/paroisses/paroisse-saint-leonard-en-limousin/grandir-dans-la-foi/mouvement-chretien-des-retraites-mcr/#primaryimage","url":"https://www.diocese-limoges.fr/haute-vienne/wp-content/uploads/sites/4/2025/11/logo-mcr.jpg","contentUrl":"https://www.diocese-limoges.fr/haute-vienne/wp-content/uploads/sites/4/2025/11/logo-mcr.jpg","width":499,"height":140},{"@type":"BreadcrumbList","@id":"https://www.diocese-limoges.fr/haute-vienne/paroisses/paroisse-saint-leonard-en-limousin/grandir-dans-la-foi/mouvement-chretien-des-retraites-mcr/#breadcrumb","itemListElement":[{"@type":"ListItem","position":1,"name":"Accueil","item":"https://www.diocese-limoges.fr/haute-vienne/"},{"@type":"ListItem","position":2,"name":"Paroisse Saint Léonard en Limousin","item":"https://www.diocese-limoges.fr/haute-vienne/paroisses/paroisse-saint-leonard-en-limousin/"},{"@type":"ListItem","position":3,"name":"Grandir dans la foi","item":"https://www.diocese-limoges.fr/haute-vienne/paroisses/paroisse-saint-leonard-en-limousin/grandir-dans-la-foi/"},{"@type":"ListItem","position":4,"name":"Mouvement Chrétien des Retraités (MCR)"}]},{"@type":"WebSite","@id":"https://www.diocese-limoges.fr/haute-vienne/#website","url":"https://www.diocese-limoges.fr/haute-vienne/","name":"Doyennés de Haute Vienne","description":"Diocèse de Limoges","potentialAction":[{"@type":"SearchAction","target":{"@type":"EntryPoint","urlTemplate":"https://www.diocese-limoges.fr/haute-vienne/?s={search_term_string}"},"query-input":{"@type":"PropertyValueSpecification","valueRequired":true,"valueName":"search_term_string"}}],"inLanguage":"fr-FR"}]}</script>
<!-- / Yoast SEO plugin. -->

Mouvement Chrétien des Retraités (MCR) - Doyennés de Haute Vienne

Les rencontres du MCR ont lieu une fois par&nbsp;mois à 14h30 au Centre Paroissial, 8 rue de Strasbourg, 87400 St Léonard de Noblat. Contact : Olivier Tandeau de Marsac 06 03 36 98 97 Les retraités constituent aujourd’hui une part importante de la population (12 millions) et ce chiffre est en constante augmentation. Avec une [&hellip;]

Doyennés de Haute Vienne

Paroisse Saint Léonard en Limousin

Diocèse de Limoges
