{"id":5269,"date":"2025-11-28T15:14:17","date_gmt":"2025-11-28T14:14:17","guid":{"rendered":"https:\/\/www.diocese-limoges.fr\/haute-vienne\/?post_type=paroisse&#038;p=5269"},"modified":"2026-03-20T14:52:36","modified_gmt":"2026-03-20T13:52:36","slug":"equipes-liturgiques","status":"publish","type":"paroisse","link":"https:\/\/www.diocese-limoges.fr\/haute-vienne\/paroisses\/paroisse-saint-leonard-en-limousin\/servir-sengager\/equipes-liturgiques\/","title":{"rendered":"Equipes liturgiques"},"content":{"rendered":"\n<p>Les \u00e9quipes liturgiques ont pour mission la pr\u00e9paration des messes et des f\u00eates liturgiques.<\/p>\n\n\n\n<p>Actuellement 4 \u00e9quipes alternent leur engagement pour les diff\u00e9rentes pr\u00e9parations. A certaines occasions le pr\u00eatre peut apporter son concours et participer \u00e0 la r\u00e9union. En fonction de la&nbsp; c\u00e9l\u00e9bration l\u2019\u00e9quipe du fleurissement participe \u00e9galement \u00e0 la beaut\u00e9 des lieux.<\/p>\n\n\n\n<ul class=\"wp-block-list\">\n<li>&nbsp;Certaines pr\u00e9parations comme l\u2019Avent, No\u00ebl, Car\u00eame et P\u00e2ques ainsi que le planning des messes dans les clochers sont pr\u00e9par\u00e9s en commun. Chaque \u00e9quipe se concerte avec l\u2019animateur chants.<\/li>\n<\/ul>\n\n\n\n<ul class=\"wp-block-list\">\n<li>&nbsp;Chaque r\u00e9union offre l\u2019occasion de se retrouver pour m\u00e9diter ensemble les textes du dimanche, de rendre belles les c\u00e9l\u00e9brations, et de convenir du mot d\u2019accueil, de la Pri\u00e8re Universelle, des chants, des gestes qui pourraient mettre davantage en valeur un moment particulier de la c\u00e9l\u00e9bration. Ces pr\u00e9parations sont soumises \u00e0 l\u2019approbation du pr\u00eatre.<\/li>\n<\/ul>\n\n\n\n<ul class=\"wp-block-list\">\n<li>L\u2019\u00e9quipe liturgique se charge de trouver des personnes pour les diff\u00e9rents textes \u00e0 lire au cours de la c\u00e9l\u00e9bration.<\/li>\n<\/ul>\n\n\n\n<ul class=\"wp-block-list\">\n<li>Selon le souhait du pr\u00eatre c\u00e9l\u00e9brant, l\u2019\u00e9quipe peut aider \u00e0 la pr\u00e9paration de l\u2019autel avant la c\u00e9l\u00e9bration.<\/li>\n<\/ul>\n\n\n\n<ul class=\"wp-block-list\">\n<li>Afin d\u2019encourager la participation de l\u2019assembl\u00e9e, une autre \u00e9quipe r\u00e9alise une feuille appropri\u00e9e, imprim\u00e9e pour chaque c\u00e9l\u00e9bration. On y retrouve les pri\u00e8res, les chants, l\u2019ordinaire de messe, le psaume\u2026.<\/li>\n<\/ul>\n\n\n\n<p><mark class=\"has-inline-color has-vivid-red-color\"><strong>Responsable <\/strong>: Pierre ROUSSEL 07 86 53 12 68 <\/mark><\/p>\n\n\n\n<p><\/p>\n","protected":false},"author":24,"featured_media":5270,"parent":5478,"menu_order":3,"template":"","meta":{"_acf_changed":false},"class_list":["post-5269","paroisse","type-paroisse","status-publish","has-post-thumbnail","hentry"],"acf":[],"yoast_head":"<!-- This site is optimized with the Yoast SEO plugin v26.4 - https:\/\/yoast.com\/wordpress\/plugins\/seo\/ -->\n<title>Equipes liturgiques - Doyenn\u00e9s de Haute Vienne<\/title>\n<meta name=\"robots\" content=\"index, follow, max-snippet:-1, max-image-preview:large, max-video-preview:-1\" \/>\n<link rel=\"canonical\" href=\"https:\/\/www.diocese-limoges.fr\/haute-vienne\/paroisses\/paroisse-saint-leonard-en-limousin\/servir-sengager\/equipes-liturgiques\/\" \/>\n<meta property=\"og:locale\" content=\"fr_FR\" \/>\n<meta property=\"og:type\" content=\"article\" \/>\n<meta property=\"og:title\" content=\"Equipes liturgiques - Doyenn\u00e9s de Haute Vienne\" \/>\n<meta property=\"og:description\" content=\"Les \u00e9quipes liturgiques ont pour mission la pr\u00e9paration des messes et des f\u00eates liturgiques. Actuellement 4 \u00e9quipes alternent leur engagement pour les diff\u00e9rentes pr\u00e9parations. A certaines occasions le pr\u00eatre peut apporter son concours et participer \u00e0 la r\u00e9union. En fonction de la&nbsp; c\u00e9l\u00e9bration l\u2019\u00e9quipe du fleurissement participe \u00e9galement \u00e0 la beaut\u00e9 des lieux. Responsable : [&hellip;]\" \/>\n<meta property=\"og:url\" content=\"https:\/\/www.diocese-limoges.fr\/haute-vienne\/paroisses\/paroisse-saint-leonard-en-limousin\/servir-sengager\/equipes-liturgiques\/\" \/>\n<meta property=\"og:site_name\" content=\"Doyenn\u00e9s de Haute Vienne\" \/>\n<meta property=\"article:modified_time\" content=\"2026-03-20T13:52:36+00:00\" \/>\n<meta property=\"og:image\" content=\"https:\/\/www.diocese-limoges.fr\/haute-vienne\/wp-content\/uploads\/sites\/4\/2025\/11\/img_20251128_151954-scaled.jpg\" \/>\n\t<meta property=\"og:image:width\" content=\"2560\" \/>\n\t<meta property=\"og:image:height\" content=\"1920\" \/>\n\t<meta property=\"og:image:type\" content=\"image\/jpeg\" \/>\n<meta name=\"twitter:card\" content=\"summary_large_image\" \/>\n<meta name=\"twitter:label1\" content=\"Dur\u00e9e de lecture estim\u00e9e\" \/>\n\t<meta name=\"twitter:data1\" content=\"2 minutes\" \/>\n<script type=\"application\/ld+json\" class=\"yoast-schema-graph\">{\"@context\":\"https:\/\/schema.org\",\"@graph\":[{\"@type\":\"WebPage\",\"@id\":\"https:\/\/www.diocese-limoges.fr\/haute-vienne\/paroisses\/paroisse-saint-leonard-en-limousin\/servir-sengager\/equipes-liturgiques\/\",\"url\":\"https:\/\/www.diocese-limoges.fr\/haute-vienne\/paroisses\/paroisse-saint-leonard-en-limousin\/servir-sengager\/equipes-liturgiques\/\",\"name\":\"Equipes liturgiques - Doyenn\u00e9s de Haute Vienne\",\"isPartOf\":{\"@id\":\"https:\/\/www.diocese-limoges.fr\/haute-vienne\/#website\"},\"primaryImageOfPage\":{\"@id\":\"https:\/\/www.diocese-limoges.fr\/haute-vienne\/paroisses\/paroisse-saint-leonard-en-limousin\/servir-sengager\/equipes-liturgiques\/#primaryimage\"},\"image\":{\"@id\":\"https:\/\/www.diocese-limoges.fr\/haute-vienne\/paroisses\/paroisse-saint-leonard-en-limousin\/servir-sengager\/equipes-liturgiques\/#primaryimage\"},\"thumbnailUrl\":\"https:\/\/www.diocese-limoges.fr\/haute-vienne\/wp-content\/uploads\/sites\/4\/2025\/11\/img_20251128_151954-scaled.jpg\",\"datePublished\":\"2025-11-28T14:14:17+00:00\",\"dateModified\":\"2026-03-20T13:52:36+00:00\",\"breadcrumb\":{\"@id\":\"https:\/\/www.diocese-limoges.fr\/haute-vienne\/paroisses\/paroisse-saint-leonard-en-limousin\/servir-sengager\/equipes-liturgiques\/#breadcrumb\"},\"inLanguage\":\"fr-FR\",\"potentialAction\":[{\"@type\":\"ReadAction\",\"target\":[\"https:\/\/www.diocese-limoges.fr\/haute-vienne\/paroisses\/paroisse-saint-leonard-en-limousin\/servir-sengager\/equipes-liturgiques\/\"]}]},{\"@type\":\"ImageObject\",\"inLanguage\":\"fr-FR\",\"@id\":\"https:\/\/www.diocese-limoges.fr\/haute-vienne\/paroisses\/paroisse-saint-leonard-en-limousin\/servir-sengager\/equipes-liturgiques\/#primaryimage\",\"url\":\"https:\/\/www.diocese-limoges.fr\/haute-vienne\/wp-content\/uploads\/sites\/4\/2025\/11\/img_20251128_151954-scaled.jpg\",\"contentUrl\":\"https:\/\/www.diocese-limoges.fr\/haute-vienne\/wp-content\/uploads\/sites\/4\/2025\/11\/img_20251128_151954-scaled.jpg\",\"width\":2560,\"height\":1920},{\"@type\":\"BreadcrumbList\",\"@id\":\"https:\/\/www.diocese-limoges.fr\/haute-vienne\/paroisses\/paroisse-saint-leonard-en-limousin\/servir-sengager\/equipes-liturgiques\/#breadcrumb\",\"itemListElement\":[{\"@type\":\"ListItem\",\"position\":1,\"name\":\"Accueil\",\"item\":\"https:\/\/www.diocese-limoges.fr\/haute-vienne\/\"},{\"@type\":\"ListItem\",\"position\":2,\"name\":\"Paroisse Saint L\u00e9onard en Limousin\",\"item\":\"https:\/\/www.diocese-limoges.fr\/haute-vienne\/paroisses\/paroisse-saint-leonard-en-limousin\/\"},{\"@type\":\"ListItem\",\"position\":3,\"name\":\"Servir\/s&rsquo;engager\",\"item\":\"https:\/\/www.diocese-limoges.fr\/haute-vienne\/paroisses\/paroisse-saint-leonard-en-limousin\/servir-sengager\/\"},{\"@type\":\"ListItem\",\"position\":4,\"name\":\"Equipes liturgiques\"}]},{\"@type\":\"WebSite\",\"@id\":\"https:\/\/www.diocese-limoges.fr\/haute-vienne\/#website\",\"url\":\"https:\/\/www.diocese-limoges.fr\/haute-vienne\/\",\"name\":\"Doyenn\u00e9s de Haute Vienne\",\"description\":\"Dioc\u00e8se de Limoges\",\"potentialAction\":[{\"@type\":\"SearchAction\",\"target\":{\"@type\":\"EntryPoint\",\"urlTemplate\":\"https:\/\/www.diocese-limoges.fr\/haute-vienne\/?s={search_term_string}\"},\"query-input\":{\"@type\":\"PropertyValueSpecification\",\"valueRequired\":true,\"valueName\":\"search_term_string\"}}],\"inLanguage\":\"fr-FR\"}]}<\/script>\n<!-- \/ Yoast SEO plugin. -->","yoast_head_json":{"title":"Equipes liturgiques - Doyenn\u00e9s de Haute Vienne","robots":{"index":"index","follow":"follow","max-snippet":"max-snippet:-1","max-image-preview":"max-image-preview:large","max-video-preview":"max-video-preview:-1"},"canonical":"https:\/\/www.diocese-limoges.fr\/haute-vienne\/paroisses\/paroisse-saint-leonard-en-limousin\/servir-sengager\/equipes-liturgiques\/","og_locale":"fr_FR","og_type":"article","og_title":"Equipes liturgiques - Doyenn\u00e9s de Haute Vienne","og_description":"Les \u00e9quipes liturgiques ont pour mission la pr\u00e9paration des messes et des f\u00eates liturgiques. Actuellement 4 \u00e9quipes alternent leur engagement pour les diff\u00e9rentes pr\u00e9parations. A certaines occasions le pr\u00eatre peut apporter son concours et participer \u00e0 la r\u00e9union. En fonction de la&nbsp; c\u00e9l\u00e9bration l\u2019\u00e9quipe du fleurissement participe \u00e9galement \u00e0 la beaut\u00e9 des lieux. Responsable : [&hellip;]","og_url":"https:\/\/www.diocese-limoges.fr\/haute-vienne\/paroisses\/paroisse-saint-leonard-en-limousin\/servir-sengager\/equipes-liturgiques\/","og_site_name":"Doyenn\u00e9s de Haute Vienne","article_modified_time":"2026-03-20T13:52:36+00:00","og_image":[{"width":2560,"height":1920,"url":"https:\/\/www.diocese-limoges.fr\/haute-vienne\/wp-content\/uploads\/sites\/4\/2025\/11\/img_20251128_151954-scaled.jpg","type":"image\/jpeg"}],"twitter_card":"summary_large_image","twitter_misc":{"Dur\u00e9e de lecture estim\u00e9e":"2 minutes"},"schema":{"@context":"https:\/\/schema.org","@graph":[{"@type":"WebPage","@id":"https:\/\/www.diocese-limoges.fr\/haute-vienne\/paroisses\/paroisse-saint-leonard-en-limousin\/servir-sengager\/equipes-liturgiques\/","url":"https:\/\/www.diocese-limoges.fr\/haute-vienne\/paroisses\/paroisse-saint-leonard-en-limousin\/servir-sengager\/equipes-liturgiques\/","name":"Equipes liturgiques - Doyenn\u00e9s de Haute Vienne","isPartOf":{"@id":"https:\/\/www.diocese-limoges.fr\/haute-vienne\/#website"},"primaryImageOfPage":{"@id":"https:\/\/www.diocese-limoges.fr\/haute-vienne\/paroisses\/paroisse-saint-leonard-en-limousin\/servir-sengager\/equipes-liturgiques\/#primaryimage"},"image":{"@id":"https:\/\/www.diocese-limoges.fr\/haute-vienne\/paroisses\/paroisse-saint-leonard-en-limousin\/servir-sengager\/equipes-liturgiques\/#primaryimage"},"thumbnailUrl":"https:\/\/www.diocese-limoges.fr\/haute-vienne\/wp-content\/uploads\/sites\/4\/2025\/11\/img_20251128_151954-scaled.jpg","datePublished":"2025-11-28T14:14:17+00:00","dateModified":"2026-03-20T13:52:36+00:00","breadcrumb":{"@id":"https:\/\/www.diocese-limoges.fr\/haute-vienne\/paroisses\/paroisse-saint-leonard-en-limousin\/servir-sengager\/equipes-liturgiques\/#breadcrumb"},"inLanguage":"fr-FR","potentialAction":[{"@type":"ReadAction","target":["https:\/\/www.diocese-limoges.fr\/haute-vienne\/paroisses\/paroisse-saint-leonard-en-limousin\/servir-sengager\/equipes-liturgiques\/"]}]},{"@type":"ImageObject","inLanguage":"fr-FR","@id":"https:\/\/www.diocese-limoges.fr\/haute-vienne\/paroisses\/paroisse-saint-leonard-en-limousin\/servir-sengager\/equipes-liturgiques\/#primaryimage","url":"https:\/\/www.diocese-limoges.fr\/haute-vienne\/wp-content\/uploads\/sites\/4\/2025\/11\/img_20251128_151954-scaled.jpg","contentUrl":"https:\/\/www.diocese-limoges.fr\/haute-vienne\/wp-content\/uploads\/sites\/4\/2025\/11\/img_20251128_151954-scaled.jpg","width":2560,"height":1920},{"@type":"BreadcrumbList","@id":"https:\/\/www.diocese-limoges.fr\/haute-vienne\/paroisses\/paroisse-saint-leonard-en-limousin\/servir-sengager\/equipes-liturgiques\/#breadcrumb","itemListElement":[{"@type":"ListItem","position":1,"name":"Accueil","item":"https:\/\/www.diocese-limoges.fr\/haute-vienne\/"},{"@type":"ListItem","position":2,"name":"Paroisse Saint L\u00e9onard en Limousin","item":"https:\/\/www.diocese-limoges.fr\/haute-vienne\/paroisses\/paroisse-saint-leonard-en-limousin\/"},{"@type":"ListItem","position":3,"name":"Servir\/s&rsquo;engager","item":"https:\/\/www.diocese-limoges.fr\/haute-vienne\/paroisses\/paroisse-saint-leonard-en-limousin\/servir-sengager\/"},{"@type":"ListItem","position":4,"name":"Equipes liturgiques"}]},{"@type":"WebSite","@id":"https:\/\/www.diocese-limoges.fr\/haute-vienne\/#website","url":"https:\/\/www.diocese-limoges.fr\/haute-vienne\/","name":"Doyenn\u00e9s de Haute Vienne","description":"Dioc\u00e8se de Limoges","potentialAction":[{"@type":"SearchAction","target":{"@type":"EntryPoint","urlTemplate":"https:\/\/www.diocese-limoges.fr\/haute-vienne\/?s={search_term_string}"},"query-input":{"@type":"PropertyValueSpecification","valueRequired":true,"valueName":"search_term_string"}}],"inLanguage":"fr-FR"}]}},"_links":{"self":[{"href":"https:\/\/www.diocese-limoges.fr\/haute-vienne\/wp-json\/wp\/v2\/paroisse\/5269","targetHints":{"allow":["GET"]}}],"collection":[{"href":"https:\/\/www.diocese-limoges.fr\/haute-vienne\/wp-json\/wp\/v2\/paroisse"}],"about":[{"href":"https:\/\/www.diocese-limoges.fr\/haute-vienne\/wp-json\/wp\/v2\/types\/paroisse"}],"author":[{"embeddable":true,"href":"https:\/\/www.diocese-limoges.fr\/haute-vienne\/wp-json\/wp\/v2\/users\/24"}],"up":[{"embeddable":true,"href":"https:\/\/www.diocese-limoges.fr\/haute-vienne\/wp-json\/wp\/v2\/paroisse\/5478"}],"wp:featuredmedia":[{"embeddable":true,"href":"https:\/\/www.diocese-limoges.fr\/haute-vienne\/wp-json\/wp\/v2\/media\/5270"}],"wp:attachment":[{"href":"https:\/\/www.diocese-limoges.fr\/haute-vienne\/wp-json\/wp\/v2\/media?parent=5269"}],"curies":[{"name":"wp","href":"https:\/\/api.w.org\/{rel}","templated":true}]}}

<p>Les équipes liturgiques ont pour mission la préparation des messes et des fêtes liturgiques.</p>



<p>Actuellement 4 équipes alternent leur engagement pour les différentes préparations. A certaines occasions le prêtre peut apporter son concours et participer à la réunion. En fonction de la&nbsp; célébration l’équipe du fleurissement participe également à la beauté des lieux.</p>



<ul class="wp-block-list">
<li>&nbsp;Certaines préparations comme l’Avent, Noël, Carême et Pâques ainsi que le planning des messes dans les clochers sont préparés en commun. Chaque équipe se concerte avec l’animateur chants.</li>
</ul>



<ul class="wp-block-list">
<li>&nbsp;Chaque réunion offre l’occasion de se retrouver pour méditer ensemble les textes du dimanche, de rendre belles les célébrations, et de convenir du mot d’accueil, de la Prière Universelle, des chants, des gestes qui pourraient mettre davantage en valeur un moment particulier de la célébration. Ces préparations sont soumises à l’approbation du prêtre.</li>
</ul>



<ul class="wp-block-list">
<li>L’équipe liturgique se charge de trouver des personnes pour les différents textes à lire au cours de la célébration.</li>
</ul>



<ul class="wp-block-list">
<li>Selon le souhait du prêtre célébrant, l’équipe peut aider à la préparation de l’autel avant la célébration.</li>
</ul>



<ul class="wp-block-list">
<li>Afin d’encourager la participation de l’assemblée, une autre équipe réalise une feuille appropriée, imprimée pour chaque célébration. On y retrouve les prières, les chants, l’ordinaire de messe, le psaume….</li>
</ul>



<p><mark class="has-inline-color has-vivid-red-color"><strong>Responsable </strong>: Pierre ROUSSEL 07 86 53 12 68 </mark></p>



<p></p>

<!-- This site is optimized with the Yoast SEO plugin v26.4 - https://yoast.com/wordpress/plugins/seo/ -->
<title>Equipes liturgiques - Doyennés de Haute Vienne</title>
<meta name="robots" content="index, follow, max-snippet:-1, max-image-preview:large, max-video-preview:-1" />
<link rel="canonical" href="https://www.diocese-limoges.fr/haute-vienne/paroisses/paroisse-saint-leonard-en-limousin/servir-sengager/equipes-liturgiques/" />
<meta property="og:locale" content="fr_FR" />
<meta property="og:type" content="article" />
<meta property="og:title" content="Equipes liturgiques - Doyennés de Haute Vienne" />
<meta property="og:description" content="Les équipes liturgiques ont pour mission la préparation des messes et des fêtes liturgiques. Actuellement 4 équipes alternent leur engagement pour les différentes préparations. A certaines occasions le prêtre peut apporter son concours et participer à la réunion. En fonction de la&nbsp; célébration l’équipe du fleurissement participe également à la beauté des lieux. Responsable : [&hellip;]" />
<meta property="og:url" content="https://www.diocese-limoges.fr/haute-vienne/paroisses/paroisse-saint-leonard-en-limousin/servir-sengager/equipes-liturgiques/" />
<meta property="og:site_name" content="Doyennés de Haute Vienne" />
<meta property="article:modified_time" content="2026-03-20T13:52:36+00:00" />
<meta property="og:image" content="https://www.diocese-limoges.fr/haute-vienne/wp-content/uploads/sites/4/2025/11/img_20251128_151954-scaled.jpg" />
	<meta property="og:image:width" content="2560" />
	<meta property="og:image:height" content="1920" />
	<meta property="og:image:type" content="image/jpeg" />
<meta name="twitter:card" content="summary_large_image" />
<meta name="twitter:label1" content="Durée de lecture estimée" />
	<meta name="twitter:data1" content="2 minutes" />
<script type="application/ld+json" class="yoast-schema-graph">{"@context":"https://schema.org","@graph":[{"@type":"WebPage","@id":"https://www.diocese-limoges.fr/haute-vienne/paroisses/paroisse-saint-leonard-en-limousin/servir-sengager/equipes-liturgiques/","url":"https://www.diocese-limoges.fr/haute-vienne/paroisses/paroisse-saint-leonard-en-limousin/servir-sengager/equipes-liturgiques/","name":"Equipes liturgiques - Doyennés de Haute Vienne","isPartOf":{"@id":"https://www.diocese-limoges.fr/haute-vienne/#website"},"primaryImageOfPage":{"@id":"https://www.diocese-limoges.fr/haute-vienne/paroisses/paroisse-saint-leonard-en-limousin/servir-sengager/equipes-liturgiques/#primaryimage"},"image":{"@id":"https://www.diocese-limoges.fr/haute-vienne/paroisses/paroisse-saint-leonard-en-limousin/servir-sengager/equipes-liturgiques/#primaryimage"},"thumbnailUrl":"https://www.diocese-limoges.fr/haute-vienne/wp-content/uploads/sites/4/2025/11/img_20251128_151954-scaled.jpg","datePublished":"2025-11-28T14:14:17+00:00","dateModified":"2026-03-20T13:52:36+00:00","breadcrumb":{"@id":"https://www.diocese-limoges.fr/haute-vienne/paroisses/paroisse-saint-leonard-en-limousin/servir-sengager/equipes-liturgiques/#breadcrumb"},"inLanguage":"fr-FR","potentialAction":[{"@type":"ReadAction","target":["https://www.diocese-limoges.fr/haute-vienne/paroisses/paroisse-saint-leonard-en-limousin/servir-sengager/equipes-liturgiques/"]}]},{"@type":"ImageObject","inLanguage":"fr-FR","@id":"https://www.diocese-limoges.fr/haute-vienne/paroisses/paroisse-saint-leonard-en-limousin/servir-sengager/equipes-liturgiques/#primaryimage","url":"https://www.diocese-limoges.fr/haute-vienne/wp-content/uploads/sites/4/2025/11/img_20251128_151954-scaled.jpg","contentUrl":"https://www.diocese-limoges.fr/haute-vienne/wp-content/uploads/sites/4/2025/11/img_20251128_151954-scaled.jpg","width":2560,"height":1920},{"@type":"BreadcrumbList","@id":"https://www.diocese-limoges.fr/haute-vienne/paroisses/paroisse-saint-leonard-en-limousin/servir-sengager/equipes-liturgiques/#breadcrumb","itemListElement":[{"@type":"ListItem","position":1,"name":"Accueil","item":"https://www.diocese-limoges.fr/haute-vienne/"},{"@type":"ListItem","position":2,"name":"Paroisse Saint Léonard en Limousin","item":"https://www.diocese-limoges.fr/haute-vienne/paroisses/paroisse-saint-leonard-en-limousin/"},{"@type":"ListItem","position":3,"name":"Servir/s&rsquo;engager","item":"https://www.diocese-limoges.fr/haute-vienne/paroisses/paroisse-saint-leonard-en-limousin/servir-sengager/"},{"@type":"ListItem","position":4,"name":"Equipes liturgiques"}]},{"@type":"WebSite","@id":"https://www.diocese-limoges.fr/haute-vienne/#website","url":"https://www.diocese-limoges.fr/haute-vienne/","name":"Doyennés de Haute Vienne","description":"Diocèse de Limoges","potentialAction":[{"@type":"SearchAction","target":{"@type":"EntryPoint","urlTemplate":"https://www.diocese-limoges.fr/haute-vienne/?s={search_term_string}"},"query-input":{"@type":"PropertyValueSpecification","valueRequired":true,"valueName":"search_term_string"}}],"inLanguage":"fr-FR"}]}</script>
<!-- / Yoast SEO plugin. -->

Equipes liturgiques - Doyennés de Haute Vienne

Les équipes liturgiques ont pour mission la préparation des messes et des fêtes liturgiques. Actuellement 4 équipes alternent leur engagement pour les différentes préparations. A certaines occasions le prêtre peut apporter son concours et participer à la réunion. En fonction de la&nbsp; célébration l’équipe du fleurissement participe également à la beauté des lieux. Responsable : [&hellip;]

Doyennés de Haute Vienne

Paroisse Saint Léonard en Limousin

Diocèse de Limoges
