{"id":5274,"date":"2025-11-28T15:56:19","date_gmt":"2025-11-28T14:56:19","guid":{"rendered":"https:\/\/www.diocese-limoges.fr\/haute-vienne\/?post_type=paroisse&#038;p=5274"},"modified":"2026-03-20T12:15:55","modified_gmt":"2026-03-20T11:15:55","slug":"le-groupe-de-priere-pour-la-mission","status":"publish","type":"paroisse","link":"https:\/\/www.diocese-limoges.fr\/haute-vienne\/paroisses\/paroisse-saint-leonard-en-limousin\/prier\/le-groupe-de-priere-pour-la-mission\/","title":{"rendered":"Le groupe de Pri\u00e8re pour la Mission"},"content":{"rendered":"\n<p>\u00ab\u00a0Il leur dit\u00a0: \u00ab\u00a0La moisson est abondante, mais les ouvriers sont peu nombreux. Priez donc le ma\u00eetre de la moisson d\u2019envoyer des ouvriers pour sa moisson.\u00bb\u00a0\u00bb Luc 10, 2<\/p>\n\n\n\n<p>J\u00e9sus nous le demande dans les Evangiles, prier pour que Dieu fasse conna\u00eetre \u00e0 chacun sa mission pour l&rsquo;Eglise. <br>Nous ne sommes pas tous appel\u00e9s \u00e0 \u00eatre pr\u00eatre, religieux, missionnaire au bout du monde. Chacun peut porter le lumi\u00e8re du Christ m\u00eame \u00e0 son voisin, son coll\u00e8gue, &#8230;<\/p>\n\n\n\n<p>Une fois par mois, un groupe se retrouve dans une \u00e9glise pour un temps de pri\u00e8re. <\/p>\n\n\n\n<p><mark style=\"background-color:#f78da7\" class=\"has-inline-color\">Contact : Anne-Marie Redon 06 80 84 37 36 <br>               Eric Paturand Mirand 06 84 25 97 62<\/mark><\/p>\n\n\n\n<p><\/p>\n","protected":false},"author":24,"featured_media":5287,"parent":5449,"menu_order":3,"template":"","meta":{"_acf_changed":false},"class_list":["post-5274","paroisse","type-paroisse","status-publish","has-post-thumbnail","hentry"],"acf":[],"yoast_head":"<!-- This site is optimized with the Yoast SEO plugin v26.4 - https:\/\/yoast.com\/wordpress\/plugins\/seo\/ -->\n<title>Le groupe de Pri\u00e8re pour la Mission - Doyenn\u00e9s de Haute Vienne<\/title>\n<meta name=\"robots\" content=\"index, follow, max-snippet:-1, max-image-preview:large, max-video-preview:-1\" \/>\n<link rel=\"canonical\" href=\"https:\/\/www.diocese-limoges.fr\/haute-vienne\/paroisses\/paroisse-saint-leonard-en-limousin\/prier\/le-groupe-de-priere-pour-la-mission\/\" \/>\n<meta property=\"og:locale\" content=\"fr_FR\" \/>\n<meta property=\"og:type\" content=\"article\" \/>\n<meta property=\"og:title\" content=\"Le groupe de Pri\u00e8re pour la Mission - Doyenn\u00e9s de Haute Vienne\" \/>\n<meta property=\"og:description\" content=\"\u00ab\u00a0Il leur dit\u00a0: \u00ab\u00a0La moisson est abondante, mais les ouvriers sont peu nombreux. Priez donc le ma\u00eetre de la moisson d\u2019envoyer des ouvriers pour sa moisson.\u00bb\u00a0\u00bb Luc 10, 2 J\u00e9sus nous le demande dans les Evangiles, prier pour que Dieu fasse conna\u00eetre \u00e0 chacun sa mission pour l&rsquo;Eglise. Nous ne sommes pas tous appel\u00e9s \u00e0 [&hellip;]\" \/>\n<meta property=\"og:url\" content=\"https:\/\/www.diocese-limoges.fr\/haute-vienne\/paroisses\/paroisse-saint-leonard-en-limousin\/prier\/le-groupe-de-priere-pour-la-mission\/\" \/>\n<meta property=\"og:site_name\" content=\"Doyenn\u00e9s de Haute Vienne\" \/>\n<meta property=\"article:modified_time\" content=\"2026-03-20T11:15:55+00:00\" \/>\n<meta property=\"og:image\" content=\"https:\/\/www.diocese-limoges.fr\/haute-vienne\/wp-content\/uploads\/sites\/4\/2025\/11\/une-belle-arrangement-de-petales-de-roses-scaled.jpg\" \/>\n\t<meta property=\"og:image:width\" content=\"2560\" \/>\n\t<meta property=\"og:image:height\" content=\"1707\" \/>\n\t<meta property=\"og:image:type\" content=\"image\/jpeg\" \/>\n<meta name=\"twitter:card\" content=\"summary_large_image\" \/>\n<meta name=\"twitter:label1\" content=\"Dur\u00e9e de lecture estim\u00e9e\" \/>\n\t<meta name=\"twitter:data1\" content=\"1 minute\" \/>\n<script type=\"application\/ld+json\" class=\"yoast-schema-graph\">{\"@context\":\"https:\/\/schema.org\",\"@graph\":[{\"@type\":\"WebPage\",\"@id\":\"https:\/\/www.diocese-limoges.fr\/haute-vienne\/paroisses\/paroisse-saint-leonard-en-limousin\/prier\/le-groupe-de-priere-pour-la-mission\/\",\"url\":\"https:\/\/www.diocese-limoges.fr\/haute-vienne\/paroisses\/paroisse-saint-leonard-en-limousin\/prier\/le-groupe-de-priere-pour-la-mission\/\",\"name\":\"Le groupe de Pri\u00e8re pour la Mission - Doyenn\u00e9s de Haute Vienne\",\"isPartOf\":{\"@id\":\"https:\/\/www.diocese-limoges.fr\/haute-vienne\/#website\"},\"primaryImageOfPage\":{\"@id\":\"https:\/\/www.diocese-limoges.fr\/haute-vienne\/paroisses\/paroisse-saint-leonard-en-limousin\/prier\/le-groupe-de-priere-pour-la-mission\/#primaryimage\"},\"image\":{\"@id\":\"https:\/\/www.diocese-limoges.fr\/haute-vienne\/paroisses\/paroisse-saint-leonard-en-limousin\/prier\/le-groupe-de-priere-pour-la-mission\/#primaryimage\"},\"thumbnailUrl\":\"https:\/\/www.diocese-limoges.fr\/haute-vienne\/wp-content\/uploads\/sites\/4\/2025\/11\/une-belle-arrangement-de-petales-de-roses-scaled.jpg\",\"datePublished\":\"2025-11-28T14:56:19+00:00\",\"dateModified\":\"2026-03-20T11:15:55+00:00\",\"breadcrumb\":{\"@id\":\"https:\/\/www.diocese-limoges.fr\/haute-vienne\/paroisses\/paroisse-saint-leonard-en-limousin\/prier\/le-groupe-de-priere-pour-la-mission\/#breadcrumb\"},\"inLanguage\":\"fr-FR\",\"potentialAction\":[{\"@type\":\"ReadAction\",\"target\":[\"https:\/\/www.diocese-limoges.fr\/haute-vienne\/paroisses\/paroisse-saint-leonard-en-limousin\/prier\/le-groupe-de-priere-pour-la-mission\/\"]}]},{\"@type\":\"ImageObject\",\"inLanguage\":\"fr-FR\",\"@id\":\"https:\/\/www.diocese-limoges.fr\/haute-vienne\/paroisses\/paroisse-saint-leonard-en-limousin\/prier\/le-groupe-de-priere-pour-la-mission\/#primaryimage\",\"url\":\"https:\/\/www.diocese-limoges.fr\/haute-vienne\/wp-content\/uploads\/sites\/4\/2025\/11\/une-belle-arrangement-de-petales-de-roses-scaled.jpg\",\"contentUrl\":\"https:\/\/www.diocese-limoges.fr\/haute-vienne\/wp-content\/uploads\/sites\/4\/2025\/11\/une-belle-arrangement-de-petales-de-roses-scaled.jpg\",\"width\":2560,\"height\":1707},{\"@type\":\"BreadcrumbList\",\"@id\":\"https:\/\/www.diocese-limoges.fr\/haute-vienne\/paroisses\/paroisse-saint-leonard-en-limousin\/prier\/le-groupe-de-priere-pour-la-mission\/#breadcrumb\",\"itemListElement\":[{\"@type\":\"ListItem\",\"position\":1,\"name\":\"Accueil\",\"item\":\"https:\/\/www.diocese-limoges.fr\/haute-vienne\/\"},{\"@type\":\"ListItem\",\"position\":2,\"name\":\"Paroisse Saint L\u00e9onard en Limousin\",\"item\":\"https:\/\/www.diocese-limoges.fr\/haute-vienne\/paroisses\/paroisse-saint-leonard-en-limousin\/\"},{\"@type\":\"ListItem\",\"position\":3,\"name\":\"Prier\",\"item\":\"https:\/\/www.diocese-limoges.fr\/haute-vienne\/paroisses\/paroisse-saint-leonard-en-limousin\/prier\/\"},{\"@type\":\"ListItem\",\"position\":4,\"name\":\"Le groupe de Pri\u00e8re pour la Mission\"}]},{\"@type\":\"WebSite\",\"@id\":\"https:\/\/www.diocese-limoges.fr\/haute-vienne\/#website\",\"url\":\"https:\/\/www.diocese-limoges.fr\/haute-vienne\/\",\"name\":\"Doyenn\u00e9s de Haute Vienne\",\"description\":\"Dioc\u00e8se de Limoges\",\"potentialAction\":[{\"@type\":\"SearchAction\",\"target\":{\"@type\":\"EntryPoint\",\"urlTemplate\":\"https:\/\/www.diocese-limoges.fr\/haute-vienne\/?s={search_term_string}\"},\"query-input\":{\"@type\":\"PropertyValueSpecification\",\"valueRequired\":true,\"valueName\":\"search_term_string\"}}],\"inLanguage\":\"fr-FR\"}]}<\/script>\n<!-- \/ Yoast SEO plugin. -->","yoast_head_json":{"title":"Le groupe de Pri\u00e8re pour la Mission - Doyenn\u00e9s de Haute Vienne","robots":{"index":"index","follow":"follow","max-snippet":"max-snippet:-1","max-image-preview":"max-image-preview:large","max-video-preview":"max-video-preview:-1"},"canonical":"https:\/\/www.diocese-limoges.fr\/haute-vienne\/paroisses\/paroisse-saint-leonard-en-limousin\/prier\/le-groupe-de-priere-pour-la-mission\/","og_locale":"fr_FR","og_type":"article","og_title":"Le groupe de Pri\u00e8re pour la Mission - Doyenn\u00e9s de Haute Vienne","og_description":"\u00ab\u00a0Il leur dit\u00a0: \u00ab\u00a0La moisson est abondante, mais les ouvriers sont peu nombreux. Priez donc le ma\u00eetre de la moisson d\u2019envoyer des ouvriers pour sa moisson.\u00bb\u00a0\u00bb Luc 10, 2 J\u00e9sus nous le demande dans les Evangiles, prier pour que Dieu fasse conna\u00eetre \u00e0 chacun sa mission pour l&rsquo;Eglise. Nous ne sommes pas tous appel\u00e9s \u00e0 [&hellip;]","og_url":"https:\/\/www.diocese-limoges.fr\/haute-vienne\/paroisses\/paroisse-saint-leonard-en-limousin\/prier\/le-groupe-de-priere-pour-la-mission\/","og_site_name":"Doyenn\u00e9s de Haute Vienne","article_modified_time":"2026-03-20T11:15:55+00:00","og_image":[{"width":2560,"height":1707,"url":"https:\/\/www.diocese-limoges.fr\/haute-vienne\/wp-content\/uploads\/sites\/4\/2025\/11\/une-belle-arrangement-de-petales-de-roses-scaled.jpg","type":"image\/jpeg"}],"twitter_card":"summary_large_image","twitter_misc":{"Dur\u00e9e de lecture estim\u00e9e":"1 minute"},"schema":{"@context":"https:\/\/schema.org","@graph":[{"@type":"WebPage","@id":"https:\/\/www.diocese-limoges.fr\/haute-vienne\/paroisses\/paroisse-saint-leonard-en-limousin\/prier\/le-groupe-de-priere-pour-la-mission\/","url":"https:\/\/www.diocese-limoges.fr\/haute-vienne\/paroisses\/paroisse-saint-leonard-en-limousin\/prier\/le-groupe-de-priere-pour-la-mission\/","name":"Le groupe de Pri\u00e8re pour la Mission - Doyenn\u00e9s de Haute Vienne","isPartOf":{"@id":"https:\/\/www.diocese-limoges.fr\/haute-vienne\/#website"},"primaryImageOfPage":{"@id":"https:\/\/www.diocese-limoges.fr\/haute-vienne\/paroisses\/paroisse-saint-leonard-en-limousin\/prier\/le-groupe-de-priere-pour-la-mission\/#primaryimage"},"image":{"@id":"https:\/\/www.diocese-limoges.fr\/haute-vienne\/paroisses\/paroisse-saint-leonard-en-limousin\/prier\/le-groupe-de-priere-pour-la-mission\/#primaryimage"},"thumbnailUrl":"https:\/\/www.diocese-limoges.fr\/haute-vienne\/wp-content\/uploads\/sites\/4\/2025\/11\/une-belle-arrangement-de-petales-de-roses-scaled.jpg","datePublished":"2025-11-28T14:56:19+00:00","dateModified":"2026-03-20T11:15:55+00:00","breadcrumb":{"@id":"https:\/\/www.diocese-limoges.fr\/haute-vienne\/paroisses\/paroisse-saint-leonard-en-limousin\/prier\/le-groupe-de-priere-pour-la-mission\/#breadcrumb"},"inLanguage":"fr-FR","potentialAction":[{"@type":"ReadAction","target":["https:\/\/www.diocese-limoges.fr\/haute-vienne\/paroisses\/paroisse-saint-leonard-en-limousin\/prier\/le-groupe-de-priere-pour-la-mission\/"]}]},{"@type":"ImageObject","inLanguage":"fr-FR","@id":"https:\/\/www.diocese-limoges.fr\/haute-vienne\/paroisses\/paroisse-saint-leonard-en-limousin\/prier\/le-groupe-de-priere-pour-la-mission\/#primaryimage","url":"https:\/\/www.diocese-limoges.fr\/haute-vienne\/wp-content\/uploads\/sites\/4\/2025\/11\/une-belle-arrangement-de-petales-de-roses-scaled.jpg","contentUrl":"https:\/\/www.diocese-limoges.fr\/haute-vienne\/wp-content\/uploads\/sites\/4\/2025\/11\/une-belle-arrangement-de-petales-de-roses-scaled.jpg","width":2560,"height":1707},{"@type":"BreadcrumbList","@id":"https:\/\/www.diocese-limoges.fr\/haute-vienne\/paroisses\/paroisse-saint-leonard-en-limousin\/prier\/le-groupe-de-priere-pour-la-mission\/#breadcrumb","itemListElement":[{"@type":"ListItem","position":1,"name":"Accueil","item":"https:\/\/www.diocese-limoges.fr\/haute-vienne\/"},{"@type":"ListItem","position":2,"name":"Paroisse Saint L\u00e9onard en Limousin","item":"https:\/\/www.diocese-limoges.fr\/haute-vienne\/paroisses\/paroisse-saint-leonard-en-limousin\/"},{"@type":"ListItem","position":3,"name":"Prier","item":"https:\/\/www.diocese-limoges.fr\/haute-vienne\/paroisses\/paroisse-saint-leonard-en-limousin\/prier\/"},{"@type":"ListItem","position":4,"name":"Le groupe de Pri\u00e8re pour la Mission"}]},{"@type":"WebSite","@id":"https:\/\/www.diocese-limoges.fr\/haute-vienne\/#website","url":"https:\/\/www.diocese-limoges.fr\/haute-vienne\/","name":"Doyenn\u00e9s de Haute Vienne","description":"Dioc\u00e8se de Limoges","potentialAction":[{"@type":"SearchAction","target":{"@type":"EntryPoint","urlTemplate":"https:\/\/www.diocese-limoges.fr\/haute-vienne\/?s={search_term_string}"},"query-input":{"@type":"PropertyValueSpecification","valueRequired":true,"valueName":"search_term_string"}}],"inLanguage":"fr-FR"}]}},"_links":{"self":[{"href":"https:\/\/www.diocese-limoges.fr\/haute-vienne\/wp-json\/wp\/v2\/paroisse\/5274","targetHints":{"allow":["GET"]}}],"collection":[{"href":"https:\/\/www.diocese-limoges.fr\/haute-vienne\/wp-json\/wp\/v2\/paroisse"}],"about":[{"href":"https:\/\/www.diocese-limoges.fr\/haute-vienne\/wp-json\/wp\/v2\/types\/paroisse"}],"author":[{"embeddable":true,"href":"https:\/\/www.diocese-limoges.fr\/haute-vienne\/wp-json\/wp\/v2\/users\/24"}],"up":[{"embeddable":true,"href":"https:\/\/www.diocese-limoges.fr\/haute-vienne\/wp-json\/wp\/v2\/paroisse\/5449"}],"wp:featuredmedia":[{"embeddable":true,"href":"https:\/\/www.diocese-limoges.fr\/haute-vienne\/wp-json\/wp\/v2\/media\/5287"}],"wp:attachment":[{"href":"https:\/\/www.diocese-limoges.fr\/haute-vienne\/wp-json\/wp\/v2\/media?parent=5274"}],"curies":[{"name":"wp","href":"https:\/\/api.w.org\/{rel}","templated":true}]}}

Le groupe de Prière pour la Mission

<p>« Il leur dit : « La moisson est abondante, mais les ouvriers sont peu nombreux. Priez donc le maître de la moisson d’envoyer des ouvriers pour sa moisson.» » Luc 10, 2</p>



<p>Jésus nous le demande dans les Evangiles, prier pour que Dieu fasse connaître à chacun sa mission pour l&rsquo;Eglise. <br>Nous ne sommes pas tous appelés à être prêtre, religieux, missionnaire au bout du monde. Chacun peut porter le lumière du Christ même à son voisin, son collègue, &#8230;</p>



<p>Une fois par mois, un groupe se retrouve dans une église pour un temps de prière. </p>



<p><mark style="background-color:#f78da7" class="has-inline-color">Contact : Anne-Marie Redon 06 80 84 37 36 <br>               Eric Paturand Mirand 06 84 25 97 62</mark></p>



<p></p>

<!-- This site is optimized with the Yoast SEO plugin v26.4 - https://yoast.com/wordpress/plugins/seo/ -->
<title>Le groupe de Prière pour la Mission - Doyennés de Haute Vienne</title>
<meta name="robots" content="index, follow, max-snippet:-1, max-image-preview:large, max-video-preview:-1" />
<link rel="canonical" href="https://www.diocese-limoges.fr/haute-vienne/paroisses/paroisse-saint-leonard-en-limousin/prier/le-groupe-de-priere-pour-la-mission/" />
<meta property="og:locale" content="fr_FR" />
<meta property="og:type" content="article" />
<meta property="og:title" content="Le groupe de Prière pour la Mission - Doyennés de Haute Vienne" />
<meta property="og:description" content="« Il leur dit : « La moisson est abondante, mais les ouvriers sont peu nombreux. Priez donc le maître de la moisson d’envoyer des ouvriers pour sa moisson.» » Luc 10, 2 Jésus nous le demande dans les Evangiles, prier pour que Dieu fasse connaître à chacun sa mission pour l&rsquo;Eglise. Nous ne sommes pas tous appelés à [&hellip;]" />
<meta property="og:url" content="https://www.diocese-limoges.fr/haute-vienne/paroisses/paroisse-saint-leonard-en-limousin/prier/le-groupe-de-priere-pour-la-mission/" />
<meta property="og:site_name" content="Doyennés de Haute Vienne" />
<meta property="article:modified_time" content="2026-03-20T11:15:55+00:00" />
<meta property="og:image" content="https://www.diocese-limoges.fr/haute-vienne/wp-content/uploads/sites/4/2025/11/une-belle-arrangement-de-petales-de-roses-scaled.jpg" />
	<meta property="og:image:width" content="2560" />
	<meta property="og:image:height" content="1707" />
	<meta property="og:image:type" content="image/jpeg" />
<meta name="twitter:card" content="summary_large_image" />
<meta name="twitter:label1" content="Durée de lecture estimée" />
	<meta name="twitter:data1" content="1 minute" />
<script type="application/ld+json" class="yoast-schema-graph">{"@context":"https://schema.org","@graph":[{"@type":"WebPage","@id":"https://www.diocese-limoges.fr/haute-vienne/paroisses/paroisse-saint-leonard-en-limousin/prier/le-groupe-de-priere-pour-la-mission/","url":"https://www.diocese-limoges.fr/haute-vienne/paroisses/paroisse-saint-leonard-en-limousin/prier/le-groupe-de-priere-pour-la-mission/","name":"Le groupe de Prière pour la Mission - Doyennés de Haute Vienne","isPartOf":{"@id":"https://www.diocese-limoges.fr/haute-vienne/#website"},"primaryImageOfPage":{"@id":"https://www.diocese-limoges.fr/haute-vienne/paroisses/paroisse-saint-leonard-en-limousin/prier/le-groupe-de-priere-pour-la-mission/#primaryimage"},"image":{"@id":"https://www.diocese-limoges.fr/haute-vienne/paroisses/paroisse-saint-leonard-en-limousin/prier/le-groupe-de-priere-pour-la-mission/#primaryimage"},"thumbnailUrl":"https://www.diocese-limoges.fr/haute-vienne/wp-content/uploads/sites/4/2025/11/une-belle-arrangement-de-petales-de-roses-scaled.jpg","datePublished":"2025-11-28T14:56:19+00:00","dateModified":"2026-03-20T11:15:55+00:00","breadcrumb":{"@id":"https://www.diocese-limoges.fr/haute-vienne/paroisses/paroisse-saint-leonard-en-limousin/prier/le-groupe-de-priere-pour-la-mission/#breadcrumb"},"inLanguage":"fr-FR","potentialAction":[{"@type":"ReadAction","target":["https://www.diocese-limoges.fr/haute-vienne/paroisses/paroisse-saint-leonard-en-limousin/prier/le-groupe-de-priere-pour-la-mission/"]}]},{"@type":"ImageObject","inLanguage":"fr-FR","@id":"https://www.diocese-limoges.fr/haute-vienne/paroisses/paroisse-saint-leonard-en-limousin/prier/le-groupe-de-priere-pour-la-mission/#primaryimage","url":"https://www.diocese-limoges.fr/haute-vienne/wp-content/uploads/sites/4/2025/11/une-belle-arrangement-de-petales-de-roses-scaled.jpg","contentUrl":"https://www.diocese-limoges.fr/haute-vienne/wp-content/uploads/sites/4/2025/11/une-belle-arrangement-de-petales-de-roses-scaled.jpg","width":2560,"height":1707},{"@type":"BreadcrumbList","@id":"https://www.diocese-limoges.fr/haute-vienne/paroisses/paroisse-saint-leonard-en-limousin/prier/le-groupe-de-priere-pour-la-mission/#breadcrumb","itemListElement":[{"@type":"ListItem","position":1,"name":"Accueil","item":"https://www.diocese-limoges.fr/haute-vienne/"},{"@type":"ListItem","position":2,"name":"Paroisse Saint Léonard en Limousin","item":"https://www.diocese-limoges.fr/haute-vienne/paroisses/paroisse-saint-leonard-en-limousin/"},{"@type":"ListItem","position":3,"name":"Prier","item":"https://www.diocese-limoges.fr/haute-vienne/paroisses/paroisse-saint-leonard-en-limousin/prier/"},{"@type":"ListItem","position":4,"name":"Le groupe de Prière pour la Mission"}]},{"@type":"WebSite","@id":"https://www.diocese-limoges.fr/haute-vienne/#website","url":"https://www.diocese-limoges.fr/haute-vienne/","name":"Doyennés de Haute Vienne","description":"Diocèse de Limoges","potentialAction":[{"@type":"SearchAction","target":{"@type":"EntryPoint","urlTemplate":"https://www.diocese-limoges.fr/haute-vienne/?s={search_term_string}"},"query-input":{"@type":"PropertyValueSpecification","valueRequired":true,"valueName":"search_term_string"}}],"inLanguage":"fr-FR"}]}</script>
<!-- / Yoast SEO plugin. -->

Le groupe de Prière pour la Mission - Doyennés de Haute Vienne

« Il leur dit : « La moisson est abondante, mais les ouvriers sont peu nombreux. Priez donc le maître de la moisson d’envoyer des ouvriers pour sa moisson.» » Luc 10, 2 Jésus nous le demande dans les Evangiles, prier pour que Dieu fasse connaître à chacun sa mission pour l&rsquo;Eglise. Nous ne sommes pas tous appelés à [&hellip;]

Doyennés de Haute Vienne

Paroisse Saint Léonard en Limousin

Diocèse de Limoges
