{"id":5459,"date":"2026-01-30T16:02:28","date_gmt":"2026-01-30T15:02:28","guid":{"rendered":"https:\/\/www.diocese-limoges.fr\/haute-vienne\/?post_type=paroisse&#038;p=5459"},"modified":"2026-03-20T12:30:13","modified_gmt":"2026-03-20T11:30:13","slug":"le-sillon-journal-diocesain","status":"publish","type":"paroisse","link":"https:\/\/www.diocese-limoges.fr\/haute-vienne\/paroisses\/paroisse-saint-leonard-en-limousin\/informations-paroissiales\/le-sillon-journal-diocesain\/","title":{"rendered":"Le Sillon (journal dioc\u00e9sain)"},"content":{"rendered":"\n<p>Tous les mois, recevez par la courrier et\/ou en d\u00e9mat\u00e9rialis\u00e9 ce journal dioc\u00e9sain. <br>Vous retrouverez la vie de l&rsquo;Eglise, de la jeunesse, de la solidarit\u00e9, un dossier, et bien s\u00fbr les pages des 30 paroisses de notre dioc\u00e8se (celles de Saint-L\u00e9onard-en-Limousin sont pages 70-71 \ud83d\ude09 )<\/p>\n\n\n\n<p><a href=\"https:\/\/journallesillon.info\">https:\/\/journallesillon.info<\/a><\/p>\n","protected":false},"author":24,"featured_media":5460,"parent":5196,"menu_order":5,"template":"","meta":{"_acf_changed":false},"class_list":["post-5459","paroisse","type-paroisse","status-publish","has-post-thumbnail","hentry"],"acf":[],"yoast_head":"<!-- This site is optimized with the Yoast SEO plugin v26.4 - https:\/\/yoast.com\/wordpress\/plugins\/seo\/ -->\n<title>Le Sillon (journal dioc\u00e9sain) - Doyenn\u00e9s de Haute Vienne<\/title>\n<meta name=\"robots\" content=\"index, follow, max-snippet:-1, max-image-preview:large, max-video-preview:-1\" \/>\n<link rel=\"canonical\" href=\"https:\/\/www.diocese-limoges.fr\/haute-vienne\/paroisses\/paroisse-saint-leonard-en-limousin\/informations-paroissiales\/le-sillon-journal-diocesain\/\" \/>\n<meta property=\"og:locale\" content=\"fr_FR\" \/>\n<meta property=\"og:type\" content=\"article\" \/>\n<meta property=\"og:title\" content=\"Le Sillon (journal dioc\u00e9sain) - Doyenn\u00e9s de Haute Vienne\" \/>\n<meta property=\"og:description\" content=\"Tous les mois, recevez par la courrier et\/ou en d\u00e9mat\u00e9rialis\u00e9 ce journal dioc\u00e9sain. Vous retrouverez la vie de l&rsquo;Eglise, de la jeunesse, de la solidarit\u00e9, un dossier, et bien s\u00fbr les pages des 30 paroisses de notre dioc\u00e8se (celles de Saint-L\u00e9onard-en-Limousin sont pages 70-71 \ud83d\ude09 ) https:\/\/journallesillon.info\" \/>\n<meta property=\"og:url\" content=\"https:\/\/www.diocese-limoges.fr\/haute-vienne\/paroisses\/paroisse-saint-leonard-en-limousin\/informations-paroissiales\/le-sillon-journal-diocesain\/\" \/>\n<meta property=\"og:site_name\" content=\"Doyenn\u00e9s de Haute Vienne\" \/>\n<meta property=\"article:modified_time\" content=\"2026-03-20T11:30:13+00:00\" \/>\n<meta property=\"og:image\" content=\"https:\/\/www.diocese-limoges.fr\/haute-vienne\/wp-content\/uploads\/sites\/4\/2026\/01\/jean_le_sillon.jpg\" \/>\n\t<meta property=\"og:image:width\" content=\"1400\" \/>\n\t<meta property=\"og:image:height\" content=\"600\" \/>\n\t<meta property=\"og:image:type\" content=\"image\/jpeg\" \/>\n<meta name=\"twitter:card\" content=\"summary_large_image\" \/>\n<meta name=\"twitter:label1\" content=\"Dur\u00e9e de lecture estim\u00e9e\" \/>\n\t<meta name=\"twitter:data1\" content=\"1 minute\" \/>\n<script type=\"application\/ld+json\" class=\"yoast-schema-graph\">{\"@context\":\"https:\/\/schema.org\",\"@graph\":[{\"@type\":\"WebPage\",\"@id\":\"https:\/\/www.diocese-limoges.fr\/haute-vienne\/paroisses\/paroisse-saint-leonard-en-limousin\/informations-paroissiales\/le-sillon-journal-diocesain\/\",\"url\":\"https:\/\/www.diocese-limoges.fr\/haute-vienne\/paroisses\/paroisse-saint-leonard-en-limousin\/informations-paroissiales\/le-sillon-journal-diocesain\/\",\"name\":\"Le Sillon (journal dioc\u00e9sain) - Doyenn\u00e9s de Haute Vienne\",\"isPartOf\":{\"@id\":\"https:\/\/www.diocese-limoges.fr\/haute-vienne\/#website\"},\"primaryImageOfPage\":{\"@id\":\"https:\/\/www.diocese-limoges.fr\/haute-vienne\/paroisses\/paroisse-saint-leonard-en-limousin\/informations-paroissiales\/le-sillon-journal-diocesain\/#primaryimage\"},\"image\":{\"@id\":\"https:\/\/www.diocese-limoges.fr\/haute-vienne\/paroisses\/paroisse-saint-leonard-en-limousin\/informations-paroissiales\/le-sillon-journal-diocesain\/#primaryimage\"},\"thumbnailUrl\":\"https:\/\/www.diocese-limoges.fr\/haute-vienne\/wp-content\/uploads\/sites\/4\/2026\/01\/jean_le_sillon.jpg\",\"datePublished\":\"2026-01-30T15:02:28+00:00\",\"dateModified\":\"2026-03-20T11:30:13+00:00\",\"breadcrumb\":{\"@id\":\"https:\/\/www.diocese-limoges.fr\/haute-vienne\/paroisses\/paroisse-saint-leonard-en-limousin\/informations-paroissiales\/le-sillon-journal-diocesain\/#breadcrumb\"},\"inLanguage\":\"fr-FR\",\"potentialAction\":[{\"@type\":\"ReadAction\",\"target\":[\"https:\/\/www.diocese-limoges.fr\/haute-vienne\/paroisses\/paroisse-saint-leonard-en-limousin\/informations-paroissiales\/le-sillon-journal-diocesain\/\"]}]},{\"@type\":\"ImageObject\",\"inLanguage\":\"fr-FR\",\"@id\":\"https:\/\/www.diocese-limoges.fr\/haute-vienne\/paroisses\/paroisse-saint-leonard-en-limousin\/informations-paroissiales\/le-sillon-journal-diocesain\/#primaryimage\",\"url\":\"https:\/\/www.diocese-limoges.fr\/haute-vienne\/wp-content\/uploads\/sites\/4\/2026\/01\/jean_le_sillon.jpg\",\"contentUrl\":\"https:\/\/www.diocese-limoges.fr\/haute-vienne\/wp-content\/uploads\/sites\/4\/2026\/01\/jean_le_sillon.jpg\",\"width\":1400,\"height\":600},{\"@type\":\"BreadcrumbList\",\"@id\":\"https:\/\/www.diocese-limoges.fr\/haute-vienne\/paroisses\/paroisse-saint-leonard-en-limousin\/informations-paroissiales\/le-sillon-journal-diocesain\/#breadcrumb\",\"itemListElement\":[{\"@type\":\"ListItem\",\"position\":1,\"name\":\"Accueil\",\"item\":\"https:\/\/www.diocese-limoges.fr\/haute-vienne\/\"},{\"@type\":\"ListItem\",\"position\":2,\"name\":\"Paroisse Saint L\u00e9onard en Limousin\",\"item\":\"https:\/\/www.diocese-limoges.fr\/haute-vienne\/paroisses\/paroisse-saint-leonard-en-limousin\/\"},{\"@type\":\"ListItem\",\"position\":3,\"name\":\"Actualit\u00e9s\",\"item\":\"https:\/\/www.diocese-limoges.fr\/haute-vienne\/paroisses\/paroisse-saint-leonard-en-limousin\/informations-paroissiales\/\"},{\"@type\":\"ListItem\",\"position\":4,\"name\":\"Le Sillon (journal dioc\u00e9sain)\"}]},{\"@type\":\"WebSite\",\"@id\":\"https:\/\/www.diocese-limoges.fr\/haute-vienne\/#website\",\"url\":\"https:\/\/www.diocese-limoges.fr\/haute-vienne\/\",\"name\":\"Doyenn\u00e9s de Haute Vienne\",\"description\":\"Dioc\u00e8se de Limoges\",\"potentialAction\":[{\"@type\":\"SearchAction\",\"target\":{\"@type\":\"EntryPoint\",\"urlTemplate\":\"https:\/\/www.diocese-limoges.fr\/haute-vienne\/?s={search_term_string}\"},\"query-input\":{\"@type\":\"PropertyValueSpecification\",\"valueRequired\":true,\"valueName\":\"search_term_string\"}}],\"inLanguage\":\"fr-FR\"}]}<\/script>\n<!-- \/ Yoast SEO plugin. -->","yoast_head_json":{"title":"Le Sillon (journal dioc\u00e9sain) - Doyenn\u00e9s de Haute Vienne","robots":{"index":"index","follow":"follow","max-snippet":"max-snippet:-1","max-image-preview":"max-image-preview:large","max-video-preview":"max-video-preview:-1"},"canonical":"https:\/\/www.diocese-limoges.fr\/haute-vienne\/paroisses\/paroisse-saint-leonard-en-limousin\/informations-paroissiales\/le-sillon-journal-diocesain\/","og_locale":"fr_FR","og_type":"article","og_title":"Le Sillon (journal dioc\u00e9sain) - Doyenn\u00e9s de Haute Vienne","og_description":"Tous les mois, recevez par la courrier et\/ou en d\u00e9mat\u00e9rialis\u00e9 ce journal dioc\u00e9sain. Vous retrouverez la vie de l&rsquo;Eglise, de la jeunesse, de la solidarit\u00e9, un dossier, et bien s\u00fbr les pages des 30 paroisses de notre dioc\u00e8se (celles de Saint-L\u00e9onard-en-Limousin sont pages 70-71 \ud83d\ude09 ) https:\/\/journallesillon.info","og_url":"https:\/\/www.diocese-limoges.fr\/haute-vienne\/paroisses\/paroisse-saint-leonard-en-limousin\/informations-paroissiales\/le-sillon-journal-diocesain\/","og_site_name":"Doyenn\u00e9s de Haute Vienne","article_modified_time":"2026-03-20T11:30:13+00:00","og_image":[{"width":1400,"height":600,"url":"https:\/\/www.diocese-limoges.fr\/haute-vienne\/wp-content\/uploads\/sites\/4\/2026\/01\/jean_le_sillon.jpg","type":"image\/jpeg"}],"twitter_card":"summary_large_image","twitter_misc":{"Dur\u00e9e de lecture estim\u00e9e":"1 minute"},"schema":{"@context":"https:\/\/schema.org","@graph":[{"@type":"WebPage","@id":"https:\/\/www.diocese-limoges.fr\/haute-vienne\/paroisses\/paroisse-saint-leonard-en-limousin\/informations-paroissiales\/le-sillon-journal-diocesain\/","url":"https:\/\/www.diocese-limoges.fr\/haute-vienne\/paroisses\/paroisse-saint-leonard-en-limousin\/informations-paroissiales\/le-sillon-journal-diocesain\/","name":"Le Sillon (journal dioc\u00e9sain) - Doyenn\u00e9s de Haute Vienne","isPartOf":{"@id":"https:\/\/www.diocese-limoges.fr\/haute-vienne\/#website"},"primaryImageOfPage":{"@id":"https:\/\/www.diocese-limoges.fr\/haute-vienne\/paroisses\/paroisse-saint-leonard-en-limousin\/informations-paroissiales\/le-sillon-journal-diocesain\/#primaryimage"},"image":{"@id":"https:\/\/www.diocese-limoges.fr\/haute-vienne\/paroisses\/paroisse-saint-leonard-en-limousin\/informations-paroissiales\/le-sillon-journal-diocesain\/#primaryimage"},"thumbnailUrl":"https:\/\/www.diocese-limoges.fr\/haute-vienne\/wp-content\/uploads\/sites\/4\/2026\/01\/jean_le_sillon.jpg","datePublished":"2026-01-30T15:02:28+00:00","dateModified":"2026-03-20T11:30:13+00:00","breadcrumb":{"@id":"https:\/\/www.diocese-limoges.fr\/haute-vienne\/paroisses\/paroisse-saint-leonard-en-limousin\/informations-paroissiales\/le-sillon-journal-diocesain\/#breadcrumb"},"inLanguage":"fr-FR","potentialAction":[{"@type":"ReadAction","target":["https:\/\/www.diocese-limoges.fr\/haute-vienne\/paroisses\/paroisse-saint-leonard-en-limousin\/informations-paroissiales\/le-sillon-journal-diocesain\/"]}]},{"@type":"ImageObject","inLanguage":"fr-FR","@id":"https:\/\/www.diocese-limoges.fr\/haute-vienne\/paroisses\/paroisse-saint-leonard-en-limousin\/informations-paroissiales\/le-sillon-journal-diocesain\/#primaryimage","url":"https:\/\/www.diocese-limoges.fr\/haute-vienne\/wp-content\/uploads\/sites\/4\/2026\/01\/jean_le_sillon.jpg","contentUrl":"https:\/\/www.diocese-limoges.fr\/haute-vienne\/wp-content\/uploads\/sites\/4\/2026\/01\/jean_le_sillon.jpg","width":1400,"height":600},{"@type":"BreadcrumbList","@id":"https:\/\/www.diocese-limoges.fr\/haute-vienne\/paroisses\/paroisse-saint-leonard-en-limousin\/informations-paroissiales\/le-sillon-journal-diocesain\/#breadcrumb","itemListElement":[{"@type":"ListItem","position":1,"name":"Accueil","item":"https:\/\/www.diocese-limoges.fr\/haute-vienne\/"},{"@type":"ListItem","position":2,"name":"Paroisse Saint L\u00e9onard en Limousin","item":"https:\/\/www.diocese-limoges.fr\/haute-vienne\/paroisses\/paroisse-saint-leonard-en-limousin\/"},{"@type":"ListItem","position":3,"name":"Actualit\u00e9s","item":"https:\/\/www.diocese-limoges.fr\/haute-vienne\/paroisses\/paroisse-saint-leonard-en-limousin\/informations-paroissiales\/"},{"@type":"ListItem","position":4,"name":"Le Sillon (journal dioc\u00e9sain)"}]},{"@type":"WebSite","@id":"https:\/\/www.diocese-limoges.fr\/haute-vienne\/#website","url":"https:\/\/www.diocese-limoges.fr\/haute-vienne\/","name":"Doyenn\u00e9s de Haute Vienne","description":"Dioc\u00e8se de Limoges","potentialAction":[{"@type":"SearchAction","target":{"@type":"EntryPoint","urlTemplate":"https:\/\/www.diocese-limoges.fr\/haute-vienne\/?s={search_term_string}"},"query-input":{"@type":"PropertyValueSpecification","valueRequired":true,"valueName":"search_term_string"}}],"inLanguage":"fr-FR"}]}},"_links":{"self":[{"href":"https:\/\/www.diocese-limoges.fr\/haute-vienne\/wp-json\/wp\/v2\/paroisse\/5459","targetHints":{"allow":["GET"]}}],"collection":[{"href":"https:\/\/www.diocese-limoges.fr\/haute-vienne\/wp-json\/wp\/v2\/paroisse"}],"about":[{"href":"https:\/\/www.diocese-limoges.fr\/haute-vienne\/wp-json\/wp\/v2\/types\/paroisse"}],"author":[{"embeddable":true,"href":"https:\/\/www.diocese-limoges.fr\/haute-vienne\/wp-json\/wp\/v2\/users\/24"}],"up":[{"embeddable":true,"href":"https:\/\/www.diocese-limoges.fr\/haute-vienne\/wp-json\/wp\/v2\/paroisse\/5196"}],"wp:featuredmedia":[{"embeddable":true,"href":"https:\/\/www.diocese-limoges.fr\/haute-vienne\/wp-json\/wp\/v2\/media\/5460"}],"wp:attachment":[{"href":"https:\/\/www.diocese-limoges.fr\/haute-vienne\/wp-json\/wp\/v2\/media?parent=5459"}],"curies":[{"name":"wp","href":"https:\/\/api.w.org\/{rel}","templated":true}]}}

Le Sillon (journal diocésain)

<p>Tous les mois, recevez par la courrier et/ou en dématérialisé ce journal diocésain. <br>Vous retrouverez la vie de l&rsquo;Eglise, de la jeunesse, de la solidarité, un dossier, et bien sûr les pages des 30 paroisses de notre diocèse (celles de Saint-Léonard-en-Limousin sont pages 70-71 😉 )</p>



<p><a href="https://journallesillon.info">https://journallesillon.info</a></p>

<!-- This site is optimized with the Yoast SEO plugin v26.4 - https://yoast.com/wordpress/plugins/seo/ -->
<title>Le Sillon (journal diocésain) - Doyennés de Haute Vienne</title>
<meta name="robots" content="index, follow, max-snippet:-1, max-image-preview:large, max-video-preview:-1" />
<link rel="canonical" href="https://www.diocese-limoges.fr/haute-vienne/paroisses/paroisse-saint-leonard-en-limousin/informations-paroissiales/le-sillon-journal-diocesain/" />
<meta property="og:locale" content="fr_FR" />
<meta property="og:type" content="article" />
<meta property="og:title" content="Le Sillon (journal diocésain) - Doyennés de Haute Vienne" />
<meta property="og:description" content="Tous les mois, recevez par la courrier et/ou en dématérialisé ce journal diocésain. Vous retrouverez la vie de l&rsquo;Eglise, de la jeunesse, de la solidarité, un dossier, et bien sûr les pages des 30 paroisses de notre diocèse (celles de Saint-Léonard-en-Limousin sont pages 70-71 😉 ) https://journallesillon.info" />
<meta property="og:url" content="https://www.diocese-limoges.fr/haute-vienne/paroisses/paroisse-saint-leonard-en-limousin/informations-paroissiales/le-sillon-journal-diocesain/" />
<meta property="og:site_name" content="Doyennés de Haute Vienne" />
<meta property="article:modified_time" content="2026-03-20T11:30:13+00:00" />
<meta property="og:image" content="https://www.diocese-limoges.fr/haute-vienne/wp-content/uploads/sites/4/2026/01/jean_le_sillon.jpg" />
	<meta property="og:image:width" content="1400" />
	<meta property="og:image:height" content="600" />
	<meta property="og:image:type" content="image/jpeg" />
<meta name="twitter:card" content="summary_large_image" />
<meta name="twitter:label1" content="Durée de lecture estimée" />
	<meta name="twitter:data1" content="1 minute" />
<script type="application/ld+json" class="yoast-schema-graph">{"@context":"https://schema.org","@graph":[{"@type":"WebPage","@id":"https://www.diocese-limoges.fr/haute-vienne/paroisses/paroisse-saint-leonard-en-limousin/informations-paroissiales/le-sillon-journal-diocesain/","url":"https://www.diocese-limoges.fr/haute-vienne/paroisses/paroisse-saint-leonard-en-limousin/informations-paroissiales/le-sillon-journal-diocesain/","name":"Le Sillon (journal diocésain) - Doyennés de Haute Vienne","isPartOf":{"@id":"https://www.diocese-limoges.fr/haute-vienne/#website"},"primaryImageOfPage":{"@id":"https://www.diocese-limoges.fr/haute-vienne/paroisses/paroisse-saint-leonard-en-limousin/informations-paroissiales/le-sillon-journal-diocesain/#primaryimage"},"image":{"@id":"https://www.diocese-limoges.fr/haute-vienne/paroisses/paroisse-saint-leonard-en-limousin/informations-paroissiales/le-sillon-journal-diocesain/#primaryimage"},"thumbnailUrl":"https://www.diocese-limoges.fr/haute-vienne/wp-content/uploads/sites/4/2026/01/jean_le_sillon.jpg","datePublished":"2026-01-30T15:02:28+00:00","dateModified":"2026-03-20T11:30:13+00:00","breadcrumb":{"@id":"https://www.diocese-limoges.fr/haute-vienne/paroisses/paroisse-saint-leonard-en-limousin/informations-paroissiales/le-sillon-journal-diocesain/#breadcrumb"},"inLanguage":"fr-FR","potentialAction":[{"@type":"ReadAction","target":["https://www.diocese-limoges.fr/haute-vienne/paroisses/paroisse-saint-leonard-en-limousin/informations-paroissiales/le-sillon-journal-diocesain/"]}]},{"@type":"ImageObject","inLanguage":"fr-FR","@id":"https://www.diocese-limoges.fr/haute-vienne/paroisses/paroisse-saint-leonard-en-limousin/informations-paroissiales/le-sillon-journal-diocesain/#primaryimage","url":"https://www.diocese-limoges.fr/haute-vienne/wp-content/uploads/sites/4/2026/01/jean_le_sillon.jpg","contentUrl":"https://www.diocese-limoges.fr/haute-vienne/wp-content/uploads/sites/4/2026/01/jean_le_sillon.jpg","width":1400,"height":600},{"@type":"BreadcrumbList","@id":"https://www.diocese-limoges.fr/haute-vienne/paroisses/paroisse-saint-leonard-en-limousin/informations-paroissiales/le-sillon-journal-diocesain/#breadcrumb","itemListElement":[{"@type":"ListItem","position":1,"name":"Accueil","item":"https://www.diocese-limoges.fr/haute-vienne/"},{"@type":"ListItem","position":2,"name":"Paroisse Saint Léonard en Limousin","item":"https://www.diocese-limoges.fr/haute-vienne/paroisses/paroisse-saint-leonard-en-limousin/"},{"@type":"ListItem","position":3,"name":"Actualités","item":"https://www.diocese-limoges.fr/haute-vienne/paroisses/paroisse-saint-leonard-en-limousin/informations-paroissiales/"},{"@type":"ListItem","position":4,"name":"Le Sillon (journal diocésain)"}]},{"@type":"WebSite","@id":"https://www.diocese-limoges.fr/haute-vienne/#website","url":"https://www.diocese-limoges.fr/haute-vienne/","name":"Doyennés de Haute Vienne","description":"Diocèse de Limoges","potentialAction":[{"@type":"SearchAction","target":{"@type":"EntryPoint","urlTemplate":"https://www.diocese-limoges.fr/haute-vienne/?s={search_term_string}"},"query-input":{"@type":"PropertyValueSpecification","valueRequired":true,"valueName":"search_term_string"}}],"inLanguage":"fr-FR"}]}</script>
<!-- / Yoast SEO plugin. -->

Le Sillon (journal diocésain) - Doyennés de Haute Vienne

Tous les mois, recevez par la courrier et/ou en dématérialisé ce journal diocésain. Vous retrouverez la vie de l&rsquo;Eglise, de la jeunesse, de la solidarité, un dossier, et bien sûr les pages des 30 paroisses de notre diocèse (celles de Saint-Léonard-en-Limousin sont pages 70-71 😉 ) https://journallesillon.info

Doyennés de Haute Vienne

Paroisse Saint Léonard en Limousin

Actualités

Diocèse de Limoges
