{"id":5483,"date":"2026-02-13T12:22:44","date_gmt":"2026-02-13T11:22:44","guid":{"rendered":"https:\/\/www.diocese-limoges.fr\/haute-vienne\/?post_type=paroisse&#038;p=5483"},"modified":"2026-03-20T11:48:52","modified_gmt":"2026-03-20T10:48:52","slug":"au-service-de-mon-clocher","status":"publish","type":"paroisse","link":"https:\/\/www.diocese-limoges.fr\/haute-vienne\/paroisses\/paroisse-saint-leonard-en-limousin\/servir-sengager\/au-service-de-mon-clocher\/","title":{"rendered":"Au service de mon clocher"},"content":{"rendered":"\n<p>Il est agr\u00e9able de rentrer dans une \u00e9glise pour prier, assister \u00e0 une c\u00e9l\u00e9bration ou juste passer la porte pour dire \u00ab\u00a0bonjour\u00a0\u00bb au Seigneur. <br>Mais pour cela l&rsquo;\u00e9glise a besoin d&rsquo;\u00eatre ouverte, propre, accueillante.<\/p>\n","protected":false},"author":24,"featured_media":5481,"parent":5478,"menu_order":2,"template":"","meta":{"_acf_changed":false},"class_list":["post-5483","paroisse","type-paroisse","status-publish","has-post-thumbnail","hentry"],"acf":[],"yoast_head":"<!-- This site is optimized with the Yoast SEO plugin v26.4 - https:\/\/yoast.com\/wordpress\/plugins\/seo\/ -->\n<title>Au service de mon clocher - Doyenn\u00e9s de Haute Vienne<\/title>\n<meta name=\"robots\" content=\"index, follow, max-snippet:-1, max-image-preview:large, max-video-preview:-1\" \/>\n<link rel=\"canonical\" href=\"https:\/\/www.diocese-limoges.fr\/haute-vienne\/paroisses\/paroisse-saint-leonard-en-limousin\/servir-sengager\/au-service-de-mon-clocher\/\" \/>\n<meta property=\"og:locale\" content=\"fr_FR\" \/>\n<meta property=\"og:type\" content=\"article\" \/>\n<meta property=\"og:title\" content=\"Au service de mon clocher - Doyenn\u00e9s de Haute Vienne\" \/>\n<meta property=\"og:description\" content=\"Il est agr\u00e9able de rentrer dans une \u00e9glise pour prier, assister \u00e0 une c\u00e9l\u00e9bration ou juste passer la porte pour dire \u00ab\u00a0bonjour\u00a0\u00bb au Seigneur. Mais pour cela l&rsquo;\u00e9glise a besoin d&rsquo;\u00eatre ouverte, propre, accueillante.\" \/>\n<meta property=\"og:url\" content=\"https:\/\/www.diocese-limoges.fr\/haute-vienne\/paroisses\/paroisse-saint-leonard-en-limousin\/servir-sengager\/au-service-de-mon-clocher\/\" \/>\n<meta property=\"og:site_name\" content=\"Doyenn\u00e9s de Haute Vienne\" \/>\n<meta property=\"article:modified_time\" content=\"2026-03-20T10:48:52+00:00\" \/>\n<meta property=\"og:image\" content=\"https:\/\/www.diocese-limoges.fr\/haute-vienne\/wp-content\/uploads\/sites\/4\/2026\/02\/bandeau-servir.png\" \/>\n\t<meta property=\"og:image:width\" content=\"441\" \/>\n\t<meta property=\"og:image:height\" content=\"197\" \/>\n\t<meta property=\"og:image:type\" content=\"image\/png\" \/>\n<meta name=\"twitter:card\" content=\"summary_large_image\" \/>\n<meta name=\"twitter:label1\" content=\"Dur\u00e9e de lecture estim\u00e9e\" \/>\n\t<meta name=\"twitter:data1\" content=\"1 minute\" \/>\n<script type=\"application\/ld+json\" class=\"yoast-schema-graph\">{\"@context\":\"https:\/\/schema.org\",\"@graph\":[{\"@type\":\"WebPage\",\"@id\":\"https:\/\/www.diocese-limoges.fr\/haute-vienne\/paroisses\/paroisse-saint-leonard-en-limousin\/servir-sengager\/au-service-de-mon-clocher\/\",\"url\":\"https:\/\/www.diocese-limoges.fr\/haute-vienne\/paroisses\/paroisse-saint-leonard-en-limousin\/servir-sengager\/au-service-de-mon-clocher\/\",\"name\":\"Au service de mon clocher - Doyenn\u00e9s de Haute Vienne\",\"isPartOf\":{\"@id\":\"https:\/\/www.diocese-limoges.fr\/haute-vienne\/#website\"},\"primaryImageOfPage\":{\"@id\":\"https:\/\/www.diocese-limoges.fr\/haute-vienne\/paroisses\/paroisse-saint-leonard-en-limousin\/servir-sengager\/au-service-de-mon-clocher\/#primaryimage\"},\"image\":{\"@id\":\"https:\/\/www.diocese-limoges.fr\/haute-vienne\/paroisses\/paroisse-saint-leonard-en-limousin\/servir-sengager\/au-service-de-mon-clocher\/#primaryimage\"},\"thumbnailUrl\":\"https:\/\/www.diocese-limoges.fr\/haute-vienne\/wp-content\/uploads\/sites\/4\/2026\/02\/bandeau-servir.png\",\"datePublished\":\"2026-02-13T11:22:44+00:00\",\"dateModified\":\"2026-03-20T10:48:52+00:00\",\"breadcrumb\":{\"@id\":\"https:\/\/www.diocese-limoges.fr\/haute-vienne\/paroisses\/paroisse-saint-leonard-en-limousin\/servir-sengager\/au-service-de-mon-clocher\/#breadcrumb\"},\"inLanguage\":\"fr-FR\",\"potentialAction\":[{\"@type\":\"ReadAction\",\"target\":[\"https:\/\/www.diocese-limoges.fr\/haute-vienne\/paroisses\/paroisse-saint-leonard-en-limousin\/servir-sengager\/au-service-de-mon-clocher\/\"]}]},{\"@type\":\"ImageObject\",\"inLanguage\":\"fr-FR\",\"@id\":\"https:\/\/www.diocese-limoges.fr\/haute-vienne\/paroisses\/paroisse-saint-leonard-en-limousin\/servir-sengager\/au-service-de-mon-clocher\/#primaryimage\",\"url\":\"https:\/\/www.diocese-limoges.fr\/haute-vienne\/wp-content\/uploads\/sites\/4\/2026\/02\/bandeau-servir.png\",\"contentUrl\":\"https:\/\/www.diocese-limoges.fr\/haute-vienne\/wp-content\/uploads\/sites\/4\/2026\/02\/bandeau-servir.png\",\"width\":441,\"height\":197},{\"@type\":\"BreadcrumbList\",\"@id\":\"https:\/\/www.diocese-limoges.fr\/haute-vienne\/paroisses\/paroisse-saint-leonard-en-limousin\/servir-sengager\/au-service-de-mon-clocher\/#breadcrumb\",\"itemListElement\":[{\"@type\":\"ListItem\",\"position\":1,\"name\":\"Accueil\",\"item\":\"https:\/\/www.diocese-limoges.fr\/haute-vienne\/\"},{\"@type\":\"ListItem\",\"position\":2,\"name\":\"Paroisse Saint L\u00e9onard en Limousin\",\"item\":\"https:\/\/www.diocese-limoges.fr\/haute-vienne\/paroisses\/paroisse-saint-leonard-en-limousin\/\"},{\"@type\":\"ListItem\",\"position\":3,\"name\":\"Servir\/s&rsquo;engager\",\"item\":\"https:\/\/www.diocese-limoges.fr\/haute-vienne\/paroisses\/paroisse-saint-leonard-en-limousin\/servir-sengager\/\"},{\"@type\":\"ListItem\",\"position\":4,\"name\":\"Au service de mon clocher\"}]},{\"@type\":\"WebSite\",\"@id\":\"https:\/\/www.diocese-limoges.fr\/haute-vienne\/#website\",\"url\":\"https:\/\/www.diocese-limoges.fr\/haute-vienne\/\",\"name\":\"Doyenn\u00e9s de Haute Vienne\",\"description\":\"Dioc\u00e8se de Limoges\",\"potentialAction\":[{\"@type\":\"SearchAction\",\"target\":{\"@type\":\"EntryPoint\",\"urlTemplate\":\"https:\/\/www.diocese-limoges.fr\/haute-vienne\/?s={search_term_string}\"},\"query-input\":{\"@type\":\"PropertyValueSpecification\",\"valueRequired\":true,\"valueName\":\"search_term_string\"}}],\"inLanguage\":\"fr-FR\"}]}<\/script>\n<!-- \/ Yoast SEO plugin. -->","yoast_head_json":{"title":"Au service de mon clocher - Doyenn\u00e9s de Haute Vienne","robots":{"index":"index","follow":"follow","max-snippet":"max-snippet:-1","max-image-preview":"max-image-preview:large","max-video-preview":"max-video-preview:-1"},"canonical":"https:\/\/www.diocese-limoges.fr\/haute-vienne\/paroisses\/paroisse-saint-leonard-en-limousin\/servir-sengager\/au-service-de-mon-clocher\/","og_locale":"fr_FR","og_type":"article","og_title":"Au service de mon clocher - Doyenn\u00e9s de Haute Vienne","og_description":"Il est agr\u00e9able de rentrer dans une \u00e9glise pour prier, assister \u00e0 une c\u00e9l\u00e9bration ou juste passer la porte pour dire \u00ab\u00a0bonjour\u00a0\u00bb au Seigneur. Mais pour cela l&rsquo;\u00e9glise a besoin d&rsquo;\u00eatre ouverte, propre, accueillante.","og_url":"https:\/\/www.diocese-limoges.fr\/haute-vienne\/paroisses\/paroisse-saint-leonard-en-limousin\/servir-sengager\/au-service-de-mon-clocher\/","og_site_name":"Doyenn\u00e9s de Haute Vienne","article_modified_time":"2026-03-20T10:48:52+00:00","og_image":[{"width":441,"height":197,"url":"https:\/\/www.diocese-limoges.fr\/haute-vienne\/wp-content\/uploads\/sites\/4\/2026\/02\/bandeau-servir.png","type":"image\/png"}],"twitter_card":"summary_large_image","twitter_misc":{"Dur\u00e9e de lecture estim\u00e9e":"1 minute"},"schema":{"@context":"https:\/\/schema.org","@graph":[{"@type":"WebPage","@id":"https:\/\/www.diocese-limoges.fr\/haute-vienne\/paroisses\/paroisse-saint-leonard-en-limousin\/servir-sengager\/au-service-de-mon-clocher\/","url":"https:\/\/www.diocese-limoges.fr\/haute-vienne\/paroisses\/paroisse-saint-leonard-en-limousin\/servir-sengager\/au-service-de-mon-clocher\/","name":"Au service de mon clocher - Doyenn\u00e9s de Haute Vienne","isPartOf":{"@id":"https:\/\/www.diocese-limoges.fr\/haute-vienne\/#website"},"primaryImageOfPage":{"@id":"https:\/\/www.diocese-limoges.fr\/haute-vienne\/paroisses\/paroisse-saint-leonard-en-limousin\/servir-sengager\/au-service-de-mon-clocher\/#primaryimage"},"image":{"@id":"https:\/\/www.diocese-limoges.fr\/haute-vienne\/paroisses\/paroisse-saint-leonard-en-limousin\/servir-sengager\/au-service-de-mon-clocher\/#primaryimage"},"thumbnailUrl":"https:\/\/www.diocese-limoges.fr\/haute-vienne\/wp-content\/uploads\/sites\/4\/2026\/02\/bandeau-servir.png","datePublished":"2026-02-13T11:22:44+00:00","dateModified":"2026-03-20T10:48:52+00:00","breadcrumb":{"@id":"https:\/\/www.diocese-limoges.fr\/haute-vienne\/paroisses\/paroisse-saint-leonard-en-limousin\/servir-sengager\/au-service-de-mon-clocher\/#breadcrumb"},"inLanguage":"fr-FR","potentialAction":[{"@type":"ReadAction","target":["https:\/\/www.diocese-limoges.fr\/haute-vienne\/paroisses\/paroisse-saint-leonard-en-limousin\/servir-sengager\/au-service-de-mon-clocher\/"]}]},{"@type":"ImageObject","inLanguage":"fr-FR","@id":"https:\/\/www.diocese-limoges.fr\/haute-vienne\/paroisses\/paroisse-saint-leonard-en-limousin\/servir-sengager\/au-service-de-mon-clocher\/#primaryimage","url":"https:\/\/www.diocese-limoges.fr\/haute-vienne\/wp-content\/uploads\/sites\/4\/2026\/02\/bandeau-servir.png","contentUrl":"https:\/\/www.diocese-limoges.fr\/haute-vienne\/wp-content\/uploads\/sites\/4\/2026\/02\/bandeau-servir.png","width":441,"height":197},{"@type":"BreadcrumbList","@id":"https:\/\/www.diocese-limoges.fr\/haute-vienne\/paroisses\/paroisse-saint-leonard-en-limousin\/servir-sengager\/au-service-de-mon-clocher\/#breadcrumb","itemListElement":[{"@type":"ListItem","position":1,"name":"Accueil","item":"https:\/\/www.diocese-limoges.fr\/haute-vienne\/"},{"@type":"ListItem","position":2,"name":"Paroisse Saint L\u00e9onard en Limousin","item":"https:\/\/www.diocese-limoges.fr\/haute-vienne\/paroisses\/paroisse-saint-leonard-en-limousin\/"},{"@type":"ListItem","position":3,"name":"Servir\/s&rsquo;engager","item":"https:\/\/www.diocese-limoges.fr\/haute-vienne\/paroisses\/paroisse-saint-leonard-en-limousin\/servir-sengager\/"},{"@type":"ListItem","position":4,"name":"Au service de mon clocher"}]},{"@type":"WebSite","@id":"https:\/\/www.diocese-limoges.fr\/haute-vienne\/#website","url":"https:\/\/www.diocese-limoges.fr\/haute-vienne\/","name":"Doyenn\u00e9s de Haute Vienne","description":"Dioc\u00e8se de Limoges","potentialAction":[{"@type":"SearchAction","target":{"@type":"EntryPoint","urlTemplate":"https:\/\/www.diocese-limoges.fr\/haute-vienne\/?s={search_term_string}"},"query-input":{"@type":"PropertyValueSpecification","valueRequired":true,"valueName":"search_term_string"}}],"inLanguage":"fr-FR"}]}},"_links":{"self":[{"href":"https:\/\/www.diocese-limoges.fr\/haute-vienne\/wp-json\/wp\/v2\/paroisse\/5483","targetHints":{"allow":["GET"]}}],"collection":[{"href":"https:\/\/www.diocese-limoges.fr\/haute-vienne\/wp-json\/wp\/v2\/paroisse"}],"about":[{"href":"https:\/\/www.diocese-limoges.fr\/haute-vienne\/wp-json\/wp\/v2\/types\/paroisse"}],"author":[{"embeddable":true,"href":"https:\/\/www.diocese-limoges.fr\/haute-vienne\/wp-json\/wp\/v2\/users\/24"}],"up":[{"embeddable":true,"href":"https:\/\/www.diocese-limoges.fr\/haute-vienne\/wp-json\/wp\/v2\/paroisse\/5478"}],"wp:featuredmedia":[{"embeddable":true,"href":"https:\/\/www.diocese-limoges.fr\/haute-vienne\/wp-json\/wp\/v2\/media\/5481"}],"wp:attachment":[{"href":"https:\/\/www.diocese-limoges.fr\/haute-vienne\/wp-json\/wp\/v2\/media?parent=5483"}],"curies":[{"name":"wp","href":"https:\/\/api.w.org\/{rel}","templated":true}]}}

<p>Il est agréable de rentrer dans une église pour prier, assister à une célébration ou juste passer la porte pour dire « bonjour » au Seigneur. <br>Mais pour cela l&rsquo;église a besoin d&rsquo;être ouverte, propre, accueillante.</p>

<!-- This site is optimized with the Yoast SEO plugin v26.4 - https://yoast.com/wordpress/plugins/seo/ -->
<title>Au service de mon clocher - Doyennés de Haute Vienne</title>
<meta name="robots" content="index, follow, max-snippet:-1, max-image-preview:large, max-video-preview:-1" />
<link rel="canonical" href="https://www.diocese-limoges.fr/haute-vienne/paroisses/paroisse-saint-leonard-en-limousin/servir-sengager/au-service-de-mon-clocher/" />
<meta property="og:locale" content="fr_FR" />
<meta property="og:type" content="article" />
<meta property="og:title" content="Au service de mon clocher - Doyennés de Haute Vienne" />
<meta property="og:description" content="Il est agréable de rentrer dans une église pour prier, assister à une célébration ou juste passer la porte pour dire « bonjour » au Seigneur. Mais pour cela l&rsquo;église a besoin d&rsquo;être ouverte, propre, accueillante." />
<meta property="og:url" content="https://www.diocese-limoges.fr/haute-vienne/paroisses/paroisse-saint-leonard-en-limousin/servir-sengager/au-service-de-mon-clocher/" />
<meta property="og:site_name" content="Doyennés de Haute Vienne" />
<meta property="article:modified_time" content="2026-03-20T10:48:52+00:00" />
<meta property="og:image" content="https://www.diocese-limoges.fr/haute-vienne/wp-content/uploads/sites/4/2026/02/bandeau-servir.png" />
	<meta property="og:image:width" content="441" />
	<meta property="og:image:height" content="197" />
	<meta property="og:image:type" content="image/png" />
<meta name="twitter:card" content="summary_large_image" />
<meta name="twitter:label1" content="Durée de lecture estimée" />
	<meta name="twitter:data1" content="1 minute" />
<script type="application/ld+json" class="yoast-schema-graph">{"@context":"https://schema.org","@graph":[{"@type":"WebPage","@id":"https://www.diocese-limoges.fr/haute-vienne/paroisses/paroisse-saint-leonard-en-limousin/servir-sengager/au-service-de-mon-clocher/","url":"https://www.diocese-limoges.fr/haute-vienne/paroisses/paroisse-saint-leonard-en-limousin/servir-sengager/au-service-de-mon-clocher/","name":"Au service de mon clocher - Doyennés de Haute Vienne","isPartOf":{"@id":"https://www.diocese-limoges.fr/haute-vienne/#website"},"primaryImageOfPage":{"@id":"https://www.diocese-limoges.fr/haute-vienne/paroisses/paroisse-saint-leonard-en-limousin/servir-sengager/au-service-de-mon-clocher/#primaryimage"},"image":{"@id":"https://www.diocese-limoges.fr/haute-vienne/paroisses/paroisse-saint-leonard-en-limousin/servir-sengager/au-service-de-mon-clocher/#primaryimage"},"thumbnailUrl":"https://www.diocese-limoges.fr/haute-vienne/wp-content/uploads/sites/4/2026/02/bandeau-servir.png","datePublished":"2026-02-13T11:22:44+00:00","dateModified":"2026-03-20T10:48:52+00:00","breadcrumb":{"@id":"https://www.diocese-limoges.fr/haute-vienne/paroisses/paroisse-saint-leonard-en-limousin/servir-sengager/au-service-de-mon-clocher/#breadcrumb"},"inLanguage":"fr-FR","potentialAction":[{"@type":"ReadAction","target":["https://www.diocese-limoges.fr/haute-vienne/paroisses/paroisse-saint-leonard-en-limousin/servir-sengager/au-service-de-mon-clocher/"]}]},{"@type":"ImageObject","inLanguage":"fr-FR","@id":"https://www.diocese-limoges.fr/haute-vienne/paroisses/paroisse-saint-leonard-en-limousin/servir-sengager/au-service-de-mon-clocher/#primaryimage","url":"https://www.diocese-limoges.fr/haute-vienne/wp-content/uploads/sites/4/2026/02/bandeau-servir.png","contentUrl":"https://www.diocese-limoges.fr/haute-vienne/wp-content/uploads/sites/4/2026/02/bandeau-servir.png","width":441,"height":197},{"@type":"BreadcrumbList","@id":"https://www.diocese-limoges.fr/haute-vienne/paroisses/paroisse-saint-leonard-en-limousin/servir-sengager/au-service-de-mon-clocher/#breadcrumb","itemListElement":[{"@type":"ListItem","position":1,"name":"Accueil","item":"https://www.diocese-limoges.fr/haute-vienne/"},{"@type":"ListItem","position":2,"name":"Paroisse Saint Léonard en Limousin","item":"https://www.diocese-limoges.fr/haute-vienne/paroisses/paroisse-saint-leonard-en-limousin/"},{"@type":"ListItem","position":3,"name":"Servir/s&rsquo;engager","item":"https://www.diocese-limoges.fr/haute-vienne/paroisses/paroisse-saint-leonard-en-limousin/servir-sengager/"},{"@type":"ListItem","position":4,"name":"Au service de mon clocher"}]},{"@type":"WebSite","@id":"https://www.diocese-limoges.fr/haute-vienne/#website","url":"https://www.diocese-limoges.fr/haute-vienne/","name":"Doyennés de Haute Vienne","description":"Diocèse de Limoges","potentialAction":[{"@type":"SearchAction","target":{"@type":"EntryPoint","urlTemplate":"https://www.diocese-limoges.fr/haute-vienne/?s={search_term_string}"},"query-input":{"@type":"PropertyValueSpecification","valueRequired":true,"valueName":"search_term_string"}}],"inLanguage":"fr-FR"}]}</script>
<!-- / Yoast SEO plugin. -->

Au service de mon clocher - Doyennés de Haute Vienne

Il est agréable de rentrer dans une église pour prier, assister à une célébration ou juste passer la porte pour dire « bonjour » au Seigneur. Mais pour cela l&rsquo;église a besoin d&rsquo;être ouverte, propre, accueillante.

Doyennés de Haute Vienne

Paroisse Saint Léonard en Limousin

Diocèse de Limoges
