{"id":5485,"date":"2026-02-13T14:45:50","date_gmt":"2026-02-13T13:45:50","guid":{"rendered":"https:\/\/www.diocese-limoges.fr\/haute-vienne\/?post_type=paroisse&#038;p=5485"},"modified":"2026-03-20T11:54:36","modified_gmt":"2026-03-20T10:54:36","slug":"ouvrir-et-fermer-leglise","status":"publish","type":"paroisse","link":"https:\/\/www.diocese-limoges.fr\/haute-vienne\/paroisses\/paroisse-saint-leonard-en-limousin\/servir-sengager\/au-service-de-mon-clocher\/ouvrir-et-fermer-leglise\/","title":{"rendered":"Ouvrir et fermer l&rsquo;\u00e9glise"},"content":{"rendered":"\n<p>Afin de permettre aux paroissiens et aux gens de passage de venir prier et d\u00e9couvrir nos belles \u00e9glises paroissiales, nous avons besoin de b\u00e9n\u00e9voles pour les ouvrir et les fermer tous les jours.<\/p>\n\n\n\n<p>Si vous habitez dans les bourgs de notre paroisse et que vous avez la disponibilit\u00e9 pour le faire, n&rsquo;h\u00e9sitez pas \u00e0 vous faire conna\u00eetre aupr\u00e8s du secr\u00e9tariat paroissial.<\/p>\n\n\n\n<p><mark class=\"has-inline-color has-luminous-vivid-orange-color\">Les vendredis de 10h \u00e0 12h30 et de 13h30 \u00e016h au 05 55 56 31 37 ou paroisse.stleonard.noblat@diocese-limoges.fr <\/mark><\/p>\n\n\n\n<p><\/p>\n","protected":false},"author":24,"featured_media":5511,"parent":5483,"menu_order":2,"template":"","meta":{"_acf_changed":false},"class_list":["post-5485","paroisse","type-paroisse","status-publish","has-post-thumbnail","hentry"],"acf":[],"yoast_head":"<!-- This site is optimized with the Yoast SEO plugin v26.4 - https:\/\/yoast.com\/wordpress\/plugins\/seo\/ -->\n<title>Ouvrir et fermer l&#039;\u00e9glise - Doyenn\u00e9s de Haute Vienne<\/title>\n<meta name=\"robots\" content=\"index, follow, max-snippet:-1, max-image-preview:large, max-video-preview:-1\" \/>\n<link rel=\"canonical\" href=\"https:\/\/www.diocese-limoges.fr\/haute-vienne\/paroisses\/paroisse-saint-leonard-en-limousin\/servir-sengager\/au-service-de-mon-clocher\/ouvrir-et-fermer-leglise\/\" \/>\n<meta property=\"og:locale\" content=\"fr_FR\" \/>\n<meta property=\"og:type\" content=\"article\" \/>\n<meta property=\"og:title\" content=\"Ouvrir et fermer l&#039;\u00e9glise - Doyenn\u00e9s de Haute Vienne\" \/>\n<meta property=\"og:description\" content=\"Afin de permettre aux paroissiens et aux gens de passage de venir prier et d\u00e9couvrir nos belles \u00e9glises paroissiales, nous avons besoin de b\u00e9n\u00e9voles pour les ouvrir et les fermer tous les jours. Si vous habitez dans les bourgs de notre paroisse et que vous avez la disponibilit\u00e9 pour le faire, n&rsquo;h\u00e9sitez pas \u00e0 vous [&hellip;]\" \/>\n<meta property=\"og:url\" content=\"https:\/\/www.diocese-limoges.fr\/haute-vienne\/paroisses\/paroisse-saint-leonard-en-limousin\/servir-sengager\/au-service-de-mon-clocher\/ouvrir-et-fermer-leglise\/\" \/>\n<meta property=\"og:site_name\" content=\"Doyenn\u00e9s de Haute Vienne\" \/>\n<meta property=\"article:modified_time\" content=\"2026-03-20T10:54:36+00:00\" \/>\n<meta property=\"og:image\" content=\"https:\/\/www.diocese-limoges.fr\/haute-vienne\/wp-content\/uploads\/sites\/4\/2026\/02\/bandeau-ouverture-eglises.png\" \/>\n\t<meta property=\"og:image:width\" content=\"682\" \/>\n\t<meta property=\"og:image:height\" content=\"195\" \/>\n\t<meta property=\"og:image:type\" content=\"image\/png\" \/>\n<meta name=\"twitter:card\" content=\"summary_large_image\" \/>\n<meta name=\"twitter:label1\" content=\"Dur\u00e9e de lecture estim\u00e9e\" \/>\n\t<meta name=\"twitter:data1\" content=\"1 minute\" \/>\n<script type=\"application\/ld+json\" class=\"yoast-schema-graph\">{\"@context\":\"https:\/\/schema.org\",\"@graph\":[{\"@type\":\"WebPage\",\"@id\":\"https:\/\/www.diocese-limoges.fr\/haute-vienne\/paroisses\/paroisse-saint-leonard-en-limousin\/servir-sengager\/au-service-de-mon-clocher\/ouvrir-et-fermer-leglise\/\",\"url\":\"https:\/\/www.diocese-limoges.fr\/haute-vienne\/paroisses\/paroisse-saint-leonard-en-limousin\/servir-sengager\/au-service-de-mon-clocher\/ouvrir-et-fermer-leglise\/\",\"name\":\"Ouvrir et fermer l'\u00e9glise - Doyenn\u00e9s de Haute Vienne\",\"isPartOf\":{\"@id\":\"https:\/\/www.diocese-limoges.fr\/haute-vienne\/#website\"},\"primaryImageOfPage\":{\"@id\":\"https:\/\/www.diocese-limoges.fr\/haute-vienne\/paroisses\/paroisse-saint-leonard-en-limousin\/servir-sengager\/au-service-de-mon-clocher\/ouvrir-et-fermer-leglise\/#primaryimage\"},\"image\":{\"@id\":\"https:\/\/www.diocese-limoges.fr\/haute-vienne\/paroisses\/paroisse-saint-leonard-en-limousin\/servir-sengager\/au-service-de-mon-clocher\/ouvrir-et-fermer-leglise\/#primaryimage\"},\"thumbnailUrl\":\"https:\/\/www.diocese-limoges.fr\/haute-vienne\/wp-content\/uploads\/sites\/4\/2026\/02\/bandeau-ouverture-eglises.png\",\"datePublished\":\"2026-02-13T13:45:50+00:00\",\"dateModified\":\"2026-03-20T10:54:36+00:00\",\"breadcrumb\":{\"@id\":\"https:\/\/www.diocese-limoges.fr\/haute-vienne\/paroisses\/paroisse-saint-leonard-en-limousin\/servir-sengager\/au-service-de-mon-clocher\/ouvrir-et-fermer-leglise\/#breadcrumb\"},\"inLanguage\":\"fr-FR\",\"potentialAction\":[{\"@type\":\"ReadAction\",\"target\":[\"https:\/\/www.diocese-limoges.fr\/haute-vienne\/paroisses\/paroisse-saint-leonard-en-limousin\/servir-sengager\/au-service-de-mon-clocher\/ouvrir-et-fermer-leglise\/\"]}]},{\"@type\":\"ImageObject\",\"inLanguage\":\"fr-FR\",\"@id\":\"https:\/\/www.diocese-limoges.fr\/haute-vienne\/paroisses\/paroisse-saint-leonard-en-limousin\/servir-sengager\/au-service-de-mon-clocher\/ouvrir-et-fermer-leglise\/#primaryimage\",\"url\":\"https:\/\/www.diocese-limoges.fr\/haute-vienne\/wp-content\/uploads\/sites\/4\/2026\/02\/bandeau-ouverture-eglises.png\",\"contentUrl\":\"https:\/\/www.diocese-limoges.fr\/haute-vienne\/wp-content\/uploads\/sites\/4\/2026\/02\/bandeau-ouverture-eglises.png\",\"width\":682,\"height\":195},{\"@type\":\"BreadcrumbList\",\"@id\":\"https:\/\/www.diocese-limoges.fr\/haute-vienne\/paroisses\/paroisse-saint-leonard-en-limousin\/servir-sengager\/au-service-de-mon-clocher\/ouvrir-et-fermer-leglise\/#breadcrumb\",\"itemListElement\":[{\"@type\":\"ListItem\",\"position\":1,\"name\":\"Accueil\",\"item\":\"https:\/\/www.diocese-limoges.fr\/haute-vienne\/\"},{\"@type\":\"ListItem\",\"position\":2,\"name\":\"Paroisse Saint L\u00e9onard en Limousin\",\"item\":\"https:\/\/www.diocese-limoges.fr\/haute-vienne\/paroisses\/paroisse-saint-leonard-en-limousin\/\"},{\"@type\":\"ListItem\",\"position\":3,\"name\":\"Servir\/s&rsquo;engager\",\"item\":\"https:\/\/www.diocese-limoges.fr\/haute-vienne\/paroisses\/paroisse-saint-leonard-en-limousin\/servir-sengager\/\"},{\"@type\":\"ListItem\",\"position\":4,\"name\":\"Au service de mon clocher\",\"item\":\"https:\/\/www.diocese-limoges.fr\/haute-vienne\/paroisses\/paroisse-saint-leonard-en-limousin\/servir-sengager\/au-service-de-mon-clocher\/\"},{\"@type\":\"ListItem\",\"position\":5,\"name\":\"Ouvrir et fermer l&rsquo;\u00e9glise\"}]},{\"@type\":\"WebSite\",\"@id\":\"https:\/\/www.diocese-limoges.fr\/haute-vienne\/#website\",\"url\":\"https:\/\/www.diocese-limoges.fr\/haute-vienne\/\",\"name\":\"Doyenn\u00e9s de Haute Vienne\",\"description\":\"Dioc\u00e8se de Limoges\",\"potentialAction\":[{\"@type\":\"SearchAction\",\"target\":{\"@type\":\"EntryPoint\",\"urlTemplate\":\"https:\/\/www.diocese-limoges.fr\/haute-vienne\/?s={search_term_string}\"},\"query-input\":{\"@type\":\"PropertyValueSpecification\",\"valueRequired\":true,\"valueName\":\"search_term_string\"}}],\"inLanguage\":\"fr-FR\"}]}<\/script>\n<!-- \/ Yoast SEO plugin. -->","yoast_head_json":{"title":"Ouvrir et fermer l'\u00e9glise - Doyenn\u00e9s de Haute Vienne","robots":{"index":"index","follow":"follow","max-snippet":"max-snippet:-1","max-image-preview":"max-image-preview:large","max-video-preview":"max-video-preview:-1"},"canonical":"https:\/\/www.diocese-limoges.fr\/haute-vienne\/paroisses\/paroisse-saint-leonard-en-limousin\/servir-sengager\/au-service-de-mon-clocher\/ouvrir-et-fermer-leglise\/","og_locale":"fr_FR","og_type":"article","og_title":"Ouvrir et fermer l'\u00e9glise - Doyenn\u00e9s de Haute Vienne","og_description":"Afin de permettre aux paroissiens et aux gens de passage de venir prier et d\u00e9couvrir nos belles \u00e9glises paroissiales, nous avons besoin de b\u00e9n\u00e9voles pour les ouvrir et les fermer tous les jours. Si vous habitez dans les bourgs de notre paroisse et que vous avez la disponibilit\u00e9 pour le faire, n&rsquo;h\u00e9sitez pas \u00e0 vous [&hellip;]","og_url":"https:\/\/www.diocese-limoges.fr\/haute-vienne\/paroisses\/paroisse-saint-leonard-en-limousin\/servir-sengager\/au-service-de-mon-clocher\/ouvrir-et-fermer-leglise\/","og_site_name":"Doyenn\u00e9s de Haute Vienne","article_modified_time":"2026-03-20T10:54:36+00:00","og_image":[{"width":682,"height":195,"url":"https:\/\/www.diocese-limoges.fr\/haute-vienne\/wp-content\/uploads\/sites\/4\/2026\/02\/bandeau-ouverture-eglises.png","type":"image\/png"}],"twitter_card":"summary_large_image","twitter_misc":{"Dur\u00e9e de lecture estim\u00e9e":"1 minute"},"schema":{"@context":"https:\/\/schema.org","@graph":[{"@type":"WebPage","@id":"https:\/\/www.diocese-limoges.fr\/haute-vienne\/paroisses\/paroisse-saint-leonard-en-limousin\/servir-sengager\/au-service-de-mon-clocher\/ouvrir-et-fermer-leglise\/","url":"https:\/\/www.diocese-limoges.fr\/haute-vienne\/paroisses\/paroisse-saint-leonard-en-limousin\/servir-sengager\/au-service-de-mon-clocher\/ouvrir-et-fermer-leglise\/","name":"Ouvrir et fermer l'\u00e9glise - Doyenn\u00e9s de Haute Vienne","isPartOf":{"@id":"https:\/\/www.diocese-limoges.fr\/haute-vienne\/#website"},"primaryImageOfPage":{"@id":"https:\/\/www.diocese-limoges.fr\/haute-vienne\/paroisses\/paroisse-saint-leonard-en-limousin\/servir-sengager\/au-service-de-mon-clocher\/ouvrir-et-fermer-leglise\/#primaryimage"},"image":{"@id":"https:\/\/www.diocese-limoges.fr\/haute-vienne\/paroisses\/paroisse-saint-leonard-en-limousin\/servir-sengager\/au-service-de-mon-clocher\/ouvrir-et-fermer-leglise\/#primaryimage"},"thumbnailUrl":"https:\/\/www.diocese-limoges.fr\/haute-vienne\/wp-content\/uploads\/sites\/4\/2026\/02\/bandeau-ouverture-eglises.png","datePublished":"2026-02-13T13:45:50+00:00","dateModified":"2026-03-20T10:54:36+00:00","breadcrumb":{"@id":"https:\/\/www.diocese-limoges.fr\/haute-vienne\/paroisses\/paroisse-saint-leonard-en-limousin\/servir-sengager\/au-service-de-mon-clocher\/ouvrir-et-fermer-leglise\/#breadcrumb"},"inLanguage":"fr-FR","potentialAction":[{"@type":"ReadAction","target":["https:\/\/www.diocese-limoges.fr\/haute-vienne\/paroisses\/paroisse-saint-leonard-en-limousin\/servir-sengager\/au-service-de-mon-clocher\/ouvrir-et-fermer-leglise\/"]}]},{"@type":"ImageObject","inLanguage":"fr-FR","@id":"https:\/\/www.diocese-limoges.fr\/haute-vienne\/paroisses\/paroisse-saint-leonard-en-limousin\/servir-sengager\/au-service-de-mon-clocher\/ouvrir-et-fermer-leglise\/#primaryimage","url":"https:\/\/www.diocese-limoges.fr\/haute-vienne\/wp-content\/uploads\/sites\/4\/2026\/02\/bandeau-ouverture-eglises.png","contentUrl":"https:\/\/www.diocese-limoges.fr\/haute-vienne\/wp-content\/uploads\/sites\/4\/2026\/02\/bandeau-ouverture-eglises.png","width":682,"height":195},{"@type":"BreadcrumbList","@id":"https:\/\/www.diocese-limoges.fr\/haute-vienne\/paroisses\/paroisse-saint-leonard-en-limousin\/servir-sengager\/au-service-de-mon-clocher\/ouvrir-et-fermer-leglise\/#breadcrumb","itemListElement":[{"@type":"ListItem","position":1,"name":"Accueil","item":"https:\/\/www.diocese-limoges.fr\/haute-vienne\/"},{"@type":"ListItem","position":2,"name":"Paroisse Saint L\u00e9onard en Limousin","item":"https:\/\/www.diocese-limoges.fr\/haute-vienne\/paroisses\/paroisse-saint-leonard-en-limousin\/"},{"@type":"ListItem","position":3,"name":"Servir\/s&rsquo;engager","item":"https:\/\/www.diocese-limoges.fr\/haute-vienne\/paroisses\/paroisse-saint-leonard-en-limousin\/servir-sengager\/"},{"@type":"ListItem","position":4,"name":"Au service de mon clocher","item":"https:\/\/www.diocese-limoges.fr\/haute-vienne\/paroisses\/paroisse-saint-leonard-en-limousin\/servir-sengager\/au-service-de-mon-clocher\/"},{"@type":"ListItem","position":5,"name":"Ouvrir et fermer l&rsquo;\u00e9glise"}]},{"@type":"WebSite","@id":"https:\/\/www.diocese-limoges.fr\/haute-vienne\/#website","url":"https:\/\/www.diocese-limoges.fr\/haute-vienne\/","name":"Doyenn\u00e9s de Haute Vienne","description":"Dioc\u00e8se de Limoges","potentialAction":[{"@type":"SearchAction","target":{"@type":"EntryPoint","urlTemplate":"https:\/\/www.diocese-limoges.fr\/haute-vienne\/?s={search_term_string}"},"query-input":{"@type":"PropertyValueSpecification","valueRequired":true,"valueName":"search_term_string"}}],"inLanguage":"fr-FR"}]}},"_links":{"self":[{"href":"https:\/\/www.diocese-limoges.fr\/haute-vienne\/wp-json\/wp\/v2\/paroisse\/5485","targetHints":{"allow":["GET"]}}],"collection":[{"href":"https:\/\/www.diocese-limoges.fr\/haute-vienne\/wp-json\/wp\/v2\/paroisse"}],"about":[{"href":"https:\/\/www.diocese-limoges.fr\/haute-vienne\/wp-json\/wp\/v2\/types\/paroisse"}],"author":[{"embeddable":true,"href":"https:\/\/www.diocese-limoges.fr\/haute-vienne\/wp-json\/wp\/v2\/users\/24"}],"up":[{"embeddable":true,"href":"https:\/\/www.diocese-limoges.fr\/haute-vienne\/wp-json\/wp\/v2\/paroisse\/5483"}],"wp:featuredmedia":[{"embeddable":true,"href":"https:\/\/www.diocese-limoges.fr\/haute-vienne\/wp-json\/wp\/v2\/media\/5511"}],"wp:attachment":[{"href":"https:\/\/www.diocese-limoges.fr\/haute-vienne\/wp-json\/wp\/v2\/media?parent=5485"}],"curies":[{"name":"wp","href":"https:\/\/api.w.org\/{rel}","templated":true}]}}

Ouvrir et fermer l&rsquo;église

<p>Afin de permettre aux paroissiens et aux gens de passage de venir prier et découvrir nos belles églises paroissiales, nous avons besoin de bénévoles pour les ouvrir et les fermer tous les jours.</p>



<p>Si vous habitez dans les bourgs de notre paroisse et que vous avez la disponibilité pour le faire, n&rsquo;hésitez pas à vous faire connaître auprès du secrétariat paroissial.</p>



<p><mark class="has-inline-color has-luminous-vivid-orange-color">Les vendredis de 10h à 12h30 et de 13h30 à16h au 05 55 56 31 37 ou paroisse.stleonard.noblat@diocese-limoges.fr </mark></p>



<p></p>

<!-- This site is optimized with the Yoast SEO plugin v26.4 - https://yoast.com/wordpress/plugins/seo/ -->
<title>Ouvrir et fermer l&#039;église - Doyennés de Haute Vienne</title>
<meta name="robots" content="index, follow, max-snippet:-1, max-image-preview:large, max-video-preview:-1" />
<link rel="canonical" href="https://www.diocese-limoges.fr/haute-vienne/paroisses/paroisse-saint-leonard-en-limousin/servir-sengager/au-service-de-mon-clocher/ouvrir-et-fermer-leglise/" />
<meta property="og:locale" content="fr_FR" />
<meta property="og:type" content="article" />
<meta property="og:title" content="Ouvrir et fermer l&#039;église - Doyennés de Haute Vienne" />
<meta property="og:description" content="Afin de permettre aux paroissiens et aux gens de passage de venir prier et découvrir nos belles églises paroissiales, nous avons besoin de bénévoles pour les ouvrir et les fermer tous les jours. Si vous habitez dans les bourgs de notre paroisse et que vous avez la disponibilité pour le faire, n&rsquo;hésitez pas à vous [&hellip;]" />
<meta property="og:url" content="https://www.diocese-limoges.fr/haute-vienne/paroisses/paroisse-saint-leonard-en-limousin/servir-sengager/au-service-de-mon-clocher/ouvrir-et-fermer-leglise/" />
<meta property="og:site_name" content="Doyennés de Haute Vienne" />
<meta property="article:modified_time" content="2026-03-20T10:54:36+00:00" />
<meta property="og:image" content="https://www.diocese-limoges.fr/haute-vienne/wp-content/uploads/sites/4/2026/02/bandeau-ouverture-eglises.png" />
	<meta property="og:image:width" content="682" />
	<meta property="og:image:height" content="195" />
	<meta property="og:image:type" content="image/png" />
<meta name="twitter:card" content="summary_large_image" />
<meta name="twitter:label1" content="Durée de lecture estimée" />
	<meta name="twitter:data1" content="1 minute" />
<script type="application/ld+json" class="yoast-schema-graph">{"@context":"https://schema.org","@graph":[{"@type":"WebPage","@id":"https://www.diocese-limoges.fr/haute-vienne/paroisses/paroisse-saint-leonard-en-limousin/servir-sengager/au-service-de-mon-clocher/ouvrir-et-fermer-leglise/","url":"https://www.diocese-limoges.fr/haute-vienne/paroisses/paroisse-saint-leonard-en-limousin/servir-sengager/au-service-de-mon-clocher/ouvrir-et-fermer-leglise/","name":"Ouvrir et fermer l'église - Doyennés de Haute Vienne","isPartOf":{"@id":"https://www.diocese-limoges.fr/haute-vienne/#website"},"primaryImageOfPage":{"@id":"https://www.diocese-limoges.fr/haute-vienne/paroisses/paroisse-saint-leonard-en-limousin/servir-sengager/au-service-de-mon-clocher/ouvrir-et-fermer-leglise/#primaryimage"},"image":{"@id":"https://www.diocese-limoges.fr/haute-vienne/paroisses/paroisse-saint-leonard-en-limousin/servir-sengager/au-service-de-mon-clocher/ouvrir-et-fermer-leglise/#primaryimage"},"thumbnailUrl":"https://www.diocese-limoges.fr/haute-vienne/wp-content/uploads/sites/4/2026/02/bandeau-ouverture-eglises.png","datePublished":"2026-02-13T13:45:50+00:00","dateModified":"2026-03-20T10:54:36+00:00","breadcrumb":{"@id":"https://www.diocese-limoges.fr/haute-vienne/paroisses/paroisse-saint-leonard-en-limousin/servir-sengager/au-service-de-mon-clocher/ouvrir-et-fermer-leglise/#breadcrumb"},"inLanguage":"fr-FR","potentialAction":[{"@type":"ReadAction","target":["https://www.diocese-limoges.fr/haute-vienne/paroisses/paroisse-saint-leonard-en-limousin/servir-sengager/au-service-de-mon-clocher/ouvrir-et-fermer-leglise/"]}]},{"@type":"ImageObject","inLanguage":"fr-FR","@id":"https://www.diocese-limoges.fr/haute-vienne/paroisses/paroisse-saint-leonard-en-limousin/servir-sengager/au-service-de-mon-clocher/ouvrir-et-fermer-leglise/#primaryimage","url":"https://www.diocese-limoges.fr/haute-vienne/wp-content/uploads/sites/4/2026/02/bandeau-ouverture-eglises.png","contentUrl":"https://www.diocese-limoges.fr/haute-vienne/wp-content/uploads/sites/4/2026/02/bandeau-ouverture-eglises.png","width":682,"height":195},{"@type":"BreadcrumbList","@id":"https://www.diocese-limoges.fr/haute-vienne/paroisses/paroisse-saint-leonard-en-limousin/servir-sengager/au-service-de-mon-clocher/ouvrir-et-fermer-leglise/#breadcrumb","itemListElement":[{"@type":"ListItem","position":1,"name":"Accueil","item":"https://www.diocese-limoges.fr/haute-vienne/"},{"@type":"ListItem","position":2,"name":"Paroisse Saint Léonard en Limousin","item":"https://www.diocese-limoges.fr/haute-vienne/paroisses/paroisse-saint-leonard-en-limousin/"},{"@type":"ListItem","position":3,"name":"Servir/s&rsquo;engager","item":"https://www.diocese-limoges.fr/haute-vienne/paroisses/paroisse-saint-leonard-en-limousin/servir-sengager/"},{"@type":"ListItem","position":4,"name":"Au service de mon clocher","item":"https://www.diocese-limoges.fr/haute-vienne/paroisses/paroisse-saint-leonard-en-limousin/servir-sengager/au-service-de-mon-clocher/"},{"@type":"ListItem","position":5,"name":"Ouvrir et fermer l&rsquo;église"}]},{"@type":"WebSite","@id":"https://www.diocese-limoges.fr/haute-vienne/#website","url":"https://www.diocese-limoges.fr/haute-vienne/","name":"Doyennés de Haute Vienne","description":"Diocèse de Limoges","potentialAction":[{"@type":"SearchAction","target":{"@type":"EntryPoint","urlTemplate":"https://www.diocese-limoges.fr/haute-vienne/?s={search_term_string}"},"query-input":{"@type":"PropertyValueSpecification","valueRequired":true,"valueName":"search_term_string"}}],"inLanguage":"fr-FR"}]}</script>
<!-- / Yoast SEO plugin. -->

Ouvrir et fermer l'église - Doyennés de Haute Vienne

Afin de permettre aux paroissiens et aux gens de passage de venir prier et découvrir nos belles églises paroissiales, nous avons besoin de bénévoles pour les ouvrir et les fermer tous les jours. Si vous habitez dans les bourgs de notre paroisse et que vous avez la disponibilité pour le faire, n&rsquo;hésitez pas à vous [&hellip;]

Doyennés de Haute Vienne

Paroisse Saint Léonard en Limousin

Diocèse de Limoges
